{"id":2956,"date":"2020-02-25T14:22:17","date_gmt":"2020-02-25T12:22:17","guid":{"rendered":"https:\/\/lafloracio.cat\/seros\/"},"modified":"2026-02-17T10:22:34","modified_gmt":"2026-02-17T09:22:34","slug":"seros","status":"publish","type":"page","link":"https:\/\/lafloracio.cat\/fr\/seros\/","title":{"rendered":"Ser\u00f2s"},"content":{"rendered":"<section class=\"wpb-content-wrapper\"><p>[vc_row css_animation=\u00a0\u00bb\u00a0\u00bb row_type=\u00a0\u00bbrow\u00a0\u00bb use_row_as_full_screen_section=\u00a0\u00bbno\u00a0\u00bb type=\u00a0\u00bbfull_width\u00a0\u00bb angled_section=\u00a0\u00bbno\u00a0\u00bb text_align=\u00a0\u00bbleft\u00a0\u00bb background_image_as_pattern=\u00a0\u00bbwithout_pattern\u00a0\u00bb][vc_column width=\u00a0\u00bb1\/6&Prime;][\/vc_column][vc_column width=\u00a0\u00bb2\/3&Prime;][vc_column_text]<\/p>\n<h1 style=\"text-align: center;\">FlorSer\u00f2s Experience.<\/h1>\n<h3 style=\"text-align: center;\">Est\u00edmuls de colors als camps florits de Ser\u00f2s.<\/h3>\n<p>[\/vc_column_text][vc_empty_space height=\u00a0\u00bb46px\u00a0\u00bb][vc_column_text]<strong>On som?<\/strong><\/p>\n<p>Ser\u00f2s\u00a0<span class=\"hiddenGreenError\" style=\"padding-bottom: 2px; background-image: url('..\/..\/..\/..\/..\/images\/squiggle_green.png'); background-repeat: repeat-x; background-position: left bottom; cursor: default; color: #000000; font-family: 'Open Sans', Helvetica, Arial, sans-serif; font-size: 16px; font-style: normal; font-variant-ligatures: normal; font-variant-caps: normal; font-weight: 300; letter-spacing: normal; orphans: 2; text-align: start; text-indent: 0px; text-transform: none; white-space: normal; widows: 2; word-spacing: 0px; -webkit-text-stroke-width: 0px; text-decoration-thickness: initial; text-decoration-style: initial; text-decoration-color: initial;\">es<\/span>\u00a0situa a la subcomarca del Baix Segre. Al terme municipal, amb els seus\u00a0<span class=\"hiddenGrammarError\">98km2<\/span>, trobem una \u00e0mplia zona de regadiu i una important zona de secans. Destaquem l&rsquo;Espai Natural de l&rsquo;Aiguabarreig Segre-Cinca, on trobem una altra concentraci\u00f3 d&rsquo;aus migrat\u00f2ries i les zones\u00a0<span class=\"hiddenSpellError\">PEIN<\/span>\u00a0(Paisatge d&rsquo;Especial Inter\u00e8s Natural) i ZEPA (Zona d&rsquo;Especial Protecci\u00f3 de les Aus) dels Tossals de Ser\u00f2s &#8211;\u00a0<span class=\"hiddenGrammarError\" style=\"padding-bottom: 2px; background-image: url('..\/..\/..\/..\/..\/images\/squiggle.png'); background-repeat: repeat-x; background-position: left bottom; cursor: default; color: #000000; font-family: 'Open Sans', Helvetica, Arial, sans-serif; font-size: 16px; font-style: normal; font-variant-ligatures: normal; font-variant-caps: normal; font-weight: 300; letter-spacing: normal; orphans: 2; text-align: start; text-indent: 0px; text-transform: none; white-space: normal; widows: 2; word-spacing: 0px; -webkit-text-stroke-width: 0px; text-decoration-thickness: initial; text-decoration-style: initial; text-decoration-color: initial;\">Montmaneu.<\/span><\/p>\n<p>&nbsp;<\/p>\n<p><strong>Qu\u00e8 hi veurem?<\/strong><\/p>\n<p>Durant la visita ens traslladarem a 3 zones diferenciades del terme. En primer lloc ens despla\u00e7arem cap a la zona de sec\u00e0, on podrem veure els contrastos entre les zones on no arriba cap regadiu de les zones amb extenses plantacions d\u2019arbres fruiters regades pel Segri\u00e0 Sud. All\u00ed gaudirem de les vistes de les plantacions florides a l\u2019espera dels insectes que pol\u00b7linitzaran les flors que en uns 2 o 3 mesos donaran lloc als fruits dol\u00e7os i carnosos que trobarem als supermercats de proximitat i d\u2019altres pa\u00efsos.<\/p>\n<p>&nbsp;<\/p>\n<p><strong>Qu\u00e8 es pot aprendre?<\/strong><\/p>\n<p>Els nostres guies locals ens explicaran la import\u00e0ncia de la fructicultura en l\u2019economia local i ens demostraran que la fruita no nom\u00e9s es cull a l\u2019estiu, sin\u00f3 que s\u2019ha de podar, aclarir, regar, adobar, controlar les plagues per finalment recollir el fruit.<\/p>\n<p>Tamb\u00e9 aprendrem les tipologies d\u2019arbres fruiters, la importancia que t\u00e9 el moment de la floraci\u00f3 i la pol\u00b7linitzaci\u00f3 per asegurar una bona collita.<\/p>\n<p>&nbsp;<\/p>\n<p><strong>Elements singulars del nostre patrimoni<\/strong><\/p>\n<p>Monestir trinitari d\u2019Avinganya<\/p>\n<p>Restes visig\u00f2tiques del Bovalar (catalogat com a b\u00e9 cultural d\u2019inter\u00e8s nacional, BCIN)<\/p>\n<p>Montmaneu, el cim m\u00e9s emblem\u00e0tic del Segri\u00e0<\/p>\n<p>Palau dels Moncada, actualment en mal estat de conservaci\u00f3 (catalogat com a BCIN)<\/p>\n<p>Esgl\u00e9sia de la Nativitat de Nostra Senyora de Ser\u00f2s<\/p>\n<p>Les Roques de Sant Formatge, poblat ib\u00e8ric i necr\u00f2poli<\/p>\n<p>&nbsp;<\/p>\n<p><strong>Parades imprescindibles<\/strong><\/p>\n<p>Camps florits al peu de Montmaneu<\/p>\n<p>Poblat Visig\u00f2tic del Bovalar<\/p>\n<p>Monestir d\u2019Avinganya<\/p>\n<p>&nbsp;<\/p>\n<p><strong>Dist\u00e0ncia: <\/strong>Aquesta ruta es realitza amb minib\u00fas. Hi ha rutes per fer a peu per lliure.<\/p>\n<p><strong>Durada de la ruta:<\/strong> 2h<\/p>\n<p><strong>Tamany del grup per ruta:<\/strong> m\u00e0xim 30 persones.<\/p>\n<p><strong>D\u00edes disponibles: <\/strong>Dissabtes i diumenges del 19 de febrer al 13 de mar\u00e7.<\/p>\n<p><strong>Horaris:<\/strong> 10:00h, 12:15h i 16:00h<\/p>\n<p><strong>Preus<\/strong><\/p>\n<p>De 0 a 3 anys \u2013 gratu\u00eft<\/p>\n<p>De 4 a 17 anys \u2013 6\u20ac<\/p>\n<p>De 18 a 64 anys \u2013 12\u20ac<\/p>\n<p>A partir de 65 anys \u2013 6\u20ac<\/p>\n<p>(tots els preus inclouen l\u2019IVA)[\/vc_column_text][vc_empty_space height=\u00a0\u00bb46px\u00a0\u00bb][vc_separator type=\u00a0\u00bbnormal\u00a0\u00bb color=\u00a0\u00bb#000000&Prime;][vc_empty_space height=\u00a0\u00bb46px\u00a0\u00bb][vc_column_text]<\/p>\n<h3 style=\"text-align: center;\">Fes la teva reserva<\/h3>\n<p>[\/vc_column_text][\/vc_column][vc_column width=\u00a0\u00bb1\/6&Prime;][vc_empty_space height=\u00a0\u00bb120px\u00a0\u00bb][vc_column_text]<\/p>\n<h6 style=\"text-align: right;\">AJUNTAMENT<\/h6>\n<h6 style=\"text-align: right;\">DE SER\u00d2S<\/h6>\n<p style=\"text-align: right;\">Pla\u00e7a de les Escoles, 1<\/p>\n<p style=\"text-align: right;\">25183 Ser\u00f2s<\/p>\n<p style=\"text-align: right;\">Lleida<\/p>\n<p>[\/vc_column_text][vc_empty_space height=\u00a0\u00bb46px\u00a0\u00bb]<a  itemprop=\"url\" href=\"https:\/\/www.seros.cat\/\" target=\"_blank\"  class=\"qbutton  center enlarge\" style=\"\">WEB MUNICIPAL<\/a>[vc_empty_space height=\u00a0\u00bb46px\u00a0\u00bb][vc_separator type=\u00a0\u00bbnormal\u00a0\u00bb color=\u00a0\u00bb#000000&Prime;][vc_column_text]<\/p>\n<h5 style=\"text-align: right;\">Tel. 973 780 009<\/h5>\n<p>[\/vc_column_text][vc_empty_space height=\u00a0\u00bb46px\u00a0\u00bb][\/vc_column][\/vc_row][vc_row css_animation=\u00a0\u00bb\u00a0\u00bb row_type=\u00a0\u00bbrow\u00a0\u00bb use_row_as_full_screen_section=\u00a0\u00bbno\u00a0\u00bb type=\u00a0\u00bbfull_width\u00a0\u00bb angled_section=\u00a0\u00bbno\u00a0\u00bb text_align=\u00a0\u00bbcenter\u00a0\u00bb background_image_as_pattern=\u00a0\u00bbwithout_pattern\u00a0\u00bb z_index=\u00a0\u00bb\u00a0\u00bb][vc_column width=\u00a0\u00bb1\/6&Prime;][\/vc_column][vc_column width=\u00a0\u00bb2\/3&Prime;][vc_empty_space height=\u00a0\u00bb46px\u00a0\u00bb]<a  itemprop=\"url\" href=\"https:\/\/www.inscripcions.cat\/floracioseros2022\" target=\"_blank\"  class=\"qbutton  center enlarge\" style=\"\">RESERVA<\/a>[vc_empty_space height=\u00a0\u00bb46px\u00a0\u00bb][vc_separator type=\u00a0\u00bbnormal\u00a0\u00bb color=\u00a0\u00bb#000000&Prime;][vc_empty_space height=\u00a0\u00bb46px\u00a0\u00bb][vc_column_text]<\/p>\n<h3 style=\"text-align: center;\">Si tens qualsevol consulta contacta amb nosaltres.<\/h3>\n<p>[\/vc_column_text][vc_empty_space height=\u00a0\u00bb46px\u00a0\u00bb]<a  itemprop=\"url\" href=\"https:\/\/lafloracio.cat\/contacta-seros\/\" target=\"_self\"  class=\"qbutton  center enlarge\" style=\"\">CONTACTA<\/a>[vc_empty_space height=\u00a0\u00bb46px\u00a0\u00bb][vc_separator type=\u00a0\u00bbnormal\u00a0\u00bb color=\u00a0\u00bb#000000&Prime;][vc_empty_space height=\u00a0\u00bb46px\u00a0\u00bb][vc_gallery type=\u00a0\u00bbimage_grid\u00a0\u00bb images=\u00a0\u00bb938,940,2957,549,542,313,314,315,316&Prime; img_size=\u00a0\u00bb200&#215;200&Prime; css_animation=\u00a0\u00bbfadeIn\u00a0\u00bb column_number=\u00a0\u00bb3&Prime; grayscale=\u00a0\u00bbno\u00a0\u00bb images_space=\u00a0\u00bbgallery_without_space\u00a0\u00bb][vc_empty_space height=\u00a0\u00bb60px\u00a0\u00bb][\/vc_column][vc_column width=\u00a0\u00bb1\/6&Prime;][\/vc_column][\/vc_row]<\/p>\n<\/section>","protected":false},"excerpt":{"rendered":"<p>[vc_row css_animation=\u00a0\u00bb\u00a0\u00bb row_type=\u00a0\u00bbrow\u00a0\u00bb use_row_as_full_screen_section=\u00a0\u00bbno\u00a0\u00bb type=\u00a0\u00bbfull_width\u00a0\u00bb angled_section=\u00a0\u00bbno\u00a0\u00bb text_align=\u00a0\u00bbleft\u00a0\u00bb background_image_as_pattern=\u00a0\u00bbwithout_pattern\u00a0\u00bb][vc_column width=\u00a0\u00bb1\/6&Prime;][\/vc_column][vc_column width=\u00a0\u00bb2\/3&Prime;][vc_column_text] FlorSer\u00f2s Experience. Est\u00edmuls de colors als camps florits de Ser\u00f2s. [\/vc_column_text][vc_empty_space height=\u00a0\u00bb46px\u00a0\u00bb][vc_column_text]On som? Ser\u00f2s\u00a0es\u00a0situa a la subcomarca del Baix Segre. Al terme municipal, amb els seus\u00a098km2, trobem una \u00e0mplia zona de regadiu i una important&#8230;<\/p>\n","protected":false},"author":1,"featured_media":0,"parent":0,"menu_order":0,"comment_status":"closed","ping_status":"closed","template":"","meta":{"_monsterinsights_skip_tracking":false,"_monsterinsights_sitenote_active":false,"_monsterinsights_sitenote_note":"","_monsterinsights_sitenote_category":0,"footnotes":""},"class_list":["post-2956","page","type-page","status-publish","hentry"],"_links":{"self":[{"href":"https:\/\/lafloracio.cat\/fr\/wp-json\/wp\/v2\/pages\/2956","targetHints":{"allow":["GET"]}}],"collection":[{"href":"https:\/\/lafloracio.cat\/fr\/wp-json\/wp\/v2\/pages"}],"about":[{"href":"https:\/\/lafloracio.cat\/fr\/wp-json\/wp\/v2\/types\/page"}],"author":[{"embeddable":true,"href":"https:\/\/lafloracio.cat\/fr\/wp-json\/wp\/v2\/users\/1"}],"replies":[{"embeddable":true,"href":"https:\/\/lafloracio.cat\/fr\/wp-json\/wp\/v2\/comments?post=2956"}],"version-history":[{"count":1,"href":"https:\/\/lafloracio.cat\/fr\/wp-json\/wp\/v2\/pages\/2956\/revisions"}],"predecessor-version":[{"id":2985,"href":"https:\/\/lafloracio.cat\/fr\/wp-json\/wp\/v2\/pages\/2956\/revisions\/2985"}],"wp:attachment":[{"href":"https:\/\/lafloracio.cat\/fr\/wp-json\/wp\/v2\/media?parent=2956"}],"curies":[{"name":"wp","href":"https:\/\/api.w.org\/{rel}","templated":true}]}}

Seròs

<section class="wpb-content-wrapper"><p>[vc_row css_animation= » » row_type= »row » use_row_as_full_screen_section= »no » type= »full_width » angled_section= »no » text_align= »left » background_image_as_pattern= »without_pattern »][vc_column width= »1/6&Prime;][/vc_column][vc_column width= »2/3&Prime;][vc_column_text]</p>
<h1 style="text-align: center;">FlorSeròs Experience.</h1>
<h3 style="text-align: center;">Estímuls de colors als camps florits de Seròs.</h3>
<p>[/vc_column_text][vc_empty_space height= »46px »][vc_column_text]<strong>On som?</strong></p>
<p>Seròs <span class="hiddenGreenError" style="padding-bottom: 2px; background-image: url('../../../../../images/squiggle_green.png'); background-repeat: repeat-x; background-position: left bottom; cursor: default; color: #000000; font-family: 'Open Sans', Helvetica, Arial, sans-serif; font-size: 16px; font-style: normal; font-variant-ligatures: normal; font-variant-caps: normal; font-weight: 300; letter-spacing: normal; orphans: 2; text-align: start; text-indent: 0px; text-transform: none; white-space: normal; widows: 2; word-spacing: 0px; -webkit-text-stroke-width: 0px; text-decoration-thickness: initial; text-decoration-style: initial; text-decoration-color: initial;">es</span> situa a la subcomarca del Baix Segre. Al terme municipal, amb els seus <span class="hiddenGrammarError">98km2</span>, trobem una àmplia zona de regadiu i una important zona de secans. Destaquem l&rsquo;Espai Natural de l&rsquo;Aiguabarreig Segre-Cinca, on trobem una altra concentració d&rsquo;aus migratòries i les zones <span class="hiddenSpellError">PEIN</span> (Paisatge d&rsquo;Especial Interès Natural) i ZEPA (Zona d&rsquo;Especial Protecció de les Aus) dels Tossals de Seròs &#8211; <span class="hiddenGrammarError" style="padding-bottom: 2px; background-image: url('../../../../../images/squiggle.png'); background-repeat: repeat-x; background-position: left bottom; cursor: default; color: #000000; font-family: 'Open Sans', Helvetica, Arial, sans-serif; font-size: 16px; font-style: normal; font-variant-ligatures: normal; font-variant-caps: normal; font-weight: 300; letter-spacing: normal; orphans: 2; text-align: start; text-indent: 0px; text-transform: none; white-space: normal; widows: 2; word-spacing: 0px; -webkit-text-stroke-width: 0px; text-decoration-thickness: initial; text-decoration-style: initial; text-decoration-color: initial;">Montmaneu.</span></p>
<p>&nbsp;</p>
<p><strong>Què hi veurem?</strong></p>
<p>Durant la visita ens traslladarem a 3 zones diferenciades del terme. En primer lloc ens desplaçarem cap a la zona de secà, on podrem veure els contrastos entre les zones on no arriba cap regadiu de les zones amb extenses plantacions d’arbres fruiters regades pel Segrià Sud. Allí gaudirem de les vistes de les plantacions florides a l’espera dels insectes que pol·linitzaran les flors que en uns 2 o 3 mesos donaran lloc als fruits dolços i carnosos que trobarem als supermercats de proximitat i d’altres països.</p>
<p>&nbsp;</p>
<p><strong>Què es pot aprendre?</strong></p>
<p>Els nostres guies locals ens explicaran la importància de la fructicultura en l’economia local i ens demostraran que la fruita no només es cull a l’estiu, sinó que s’ha de podar, aclarir, regar, adobar, controlar les plagues per finalment recollir el fruit.</p>
<p>També aprendrem les tipologies d’arbres fruiters, la importancia que té el moment de la floració i la pol·linització per asegurar una bona collita.</p>
<p>&nbsp;</p>
<p><strong>Elements singulars del nostre patrimoni</strong></p>
<p>Monestir trinitari d’Avinganya</p>
<p>Restes visigòtiques del Bovalar (catalogat com a bé cultural d’interès nacional, BCIN)</p>
<p>Montmaneu, el cim més emblemàtic del Segrià</p>
<p>Palau dels Moncada, actualment en mal estat de conservació (catalogat com a BCIN)</p>
<p>Església de la Nativitat de Nostra Senyora de Seròs</p>
<p>Les Roques de Sant Formatge, poblat ibèric i necròpoli</p>
<p>&nbsp;</p>
<p><strong>Parades imprescindibles</strong></p>
<p>Camps florits al peu de Montmaneu</p>
<p>Poblat Visigòtic del Bovalar</p>
<p>Monestir d’Avinganya</p>
<p>&nbsp;</p>
<p><strong>Distància: </strong>Aquesta ruta es realitza amb minibús. Hi ha rutes per fer a peu per lliure.</p>
<p><strong>Durada de la ruta:</strong> 2h</p>
<p><strong>Tamany del grup per ruta:</strong> màxim 30 persones.</p>
<p><strong>Díes disponibles: </strong>Dissabtes i diumenges del 19 de febrer al 13 de març.</p>
<p><strong>Horaris:</strong> 10:00h, 12:15h i 16:00h</p>
<p><strong>Preus</strong></p>
<p>De 0 a 3 anys – gratuït</p>
<p>De 4 a 17 anys – 6€</p>
<p>De 18 a 64 anys – 12€</p>
<p>A partir de 65 anys – 6€</p>
<p>(tots els preus inclouen l’IVA)[/vc_column_text][vc_empty_space height= »46px »][vc_separator type= »normal » color= »#000000&Prime;][vc_empty_space height= »46px »][vc_column_text]</p>
<h3 style="text-align: center;">Fes la teva reserva</h3>
<p>[/vc_column_text][/vc_column][vc_column width= »1/6&Prime;][vc_empty_space height= »120px »][vc_column_text]</p>
<h6 style="text-align: right;">AJUNTAMENT</h6>
<h6 style="text-align: right;">DE SERÒS</h6>
<p style="text-align: right;">Plaça de les Escoles, 1</p>
<p style="text-align: right;">25183 Seròs</p>
<p style="text-align: right;">Lleida</p>
<p>[/vc_column_text][vc_empty_space height= »46px »]<a  itemprop="url" href="https://www.seros.cat/" target="_blank"  class="qbutton  center enlarge" style="">WEB MUNICIPAL</a>[vc_empty_space height= »46px »][vc_separator type= »normal » color= »#000000&Prime;][vc_column_text]</p>
<h5 style="text-align: right;">Tel. 973 780 009</h5>
<p>[/vc_column_text][vc_empty_space height= »46px »][/vc_column][/vc_row][vc_row css_animation= » » row_type= »row » use_row_as_full_screen_section= »no » type= »full_width » angled_section= »no » text_align= »center » background_image_as_pattern= »without_pattern » z_index= » »][vc_column width= »1/6&Prime;][/vc_column][vc_column width= »2/3&Prime;][vc_empty_space height= »46px »]<a  itemprop="url" href="https://www.inscripcions.cat/floracioseros2022" target="_blank"  class="qbutton  center enlarge" style="">RESERVA</a>[vc_empty_space height= »46px »][vc_separator type= »normal » color= »#000000&Prime;][vc_empty_space height= »46px »][vc_column_text]</p>
<h3 style="text-align: center;">Si tens qualsevol consulta contacta amb nosaltres.</h3>
<p>[/vc_column_text][vc_empty_space height= »46px »]<a  itemprop="url" href="https://lafloracio.cat/contacta-seros/" target="_self"  class="qbutton  center enlarge" style="">CONTACTA</a>[vc_empty_space height= »46px »][vc_separator type= »normal » color= »#000000&Prime;][vc_empty_space height= »46px »][vc_gallery type= »image_grid » images= »938,940,2957,549,542,313,314,315,316&Prime; img_size= »200&#215;200&Prime; css_animation= »fadeIn » column_number= »3&Prime; grayscale= »no » images_space= »gallery_without_space »][vc_empty_space height= »60px »][/vc_column][vc_column width= »1/6&Prime;][/vc_column][/vc_row]</p>
</section>

<p>[vc_row css_animation= » » row_type= »row » use_row_as_full_screen_section= »no » type= »full_width » angled_section= »no » text_align= »left » background_image_as_pattern= »without_pattern »][vc_column width= »1/6&Prime;][/vc_column][vc_column width= »2/3&Prime;][vc_column_text] FlorSeròs Experience. Estímuls de colors als camps florits de Seròs. [/vc_column_text][vc_empty_space height= »46px »][vc_column_text]On som? Seròs es situa a la subcomarca del Baix Segre. Al terme municipal, amb els seus 98km2, trobem una àmplia zona de regadiu i una important&#8230;</p>
