{"id":2816,"date":"2022-02-28T13:31:10","date_gmt":"2022-02-28T12:31:10","guid":{"rendered":"https:\/\/lafloracio.cat\/alcarras\/"},"modified":"2026-02-17T10:22:25","modified_gmt":"2026-02-17T09:22:25","slug":"alcarras","status":"publish","type":"page","link":"https:\/\/lafloracio.cat\/fr\/alcarras\/","title":{"rendered":"Alcarr\u00e0s"},"content":{"rendered":"<section class=\"wpb-content-wrapper\"><p>[vc_row css_animation=\u00a0\u00bb\u00a0\u00bb row_type=\u00a0\u00bbrow\u00a0\u00bb use_row_as_full_screen_section=\u00a0\u00bbno\u00a0\u00bb type=\u00a0\u00bbfull_width\u00a0\u00bb angled_section=\u00a0\u00bbno\u00a0\u00bb text_align=\u00a0\u00bbleft\u00a0\u00bb background_image_as_pattern=\u00a0\u00bbwithout_pattern\u00a0\u00bb][vc_column width=\u00a0\u00bb1\/6&Prime;][\/vc_column][vc_column width=\u00a0\u00bb2\/3&Prime;][vc_column_text]<\/p>\n<h1 style=\"text-align: center;\"><strong>10\u00aa Ruta \u00ab\u00a0Alcarr\u00e0s Florit\u00a0\u00bb<\/strong>.<\/h1>\n<h3 style=\"text-align: center;\"><em>Un paisatge <\/em><em>encisador <\/em><em>d&rsquo;arbres en flor.<\/em><\/h3>\n<p>[\/vc_column_text][vc_empty_space height=\u00a0\u00bb46px\u00a0\u00bb][vc_column_text]<strong>Descripci\u00f3 de la ruta<\/strong><\/p>\n<p>Aquest any 2023 tindr\u00e0 lloc la desena edici\u00f3 de les rutes \u00ab\u00a0Alcarr\u00e0s Florit\u00a0\u00bb, una nova oportunitat per con\u00e8ixer de primera m\u00e0 la bellesa del paisatge alcarrass\u00ed on es pot contemplar de prop un dels principals atractius tur\u00edstics del Baix Segri\u00e0: els arbres (ametllers, presseguers i les varietats nectarines i platarines) en ple proc\u00e9s de floraci\u00f3 i observar el mantell de colors que s&rsquo;est\u00e9n als nostres ulls.<\/p>\n<p>L&rsquo;oferta tur\u00edstica que proposa Alcarr\u00e0s per gaudir del paisatge encisador dels arbres en flor t\u00e9 molts atractius. Les rutes es faran amb autob\u00fas per tal de donar una bona qualitat a la visita, fent-la m\u00e9s sostenible ambientalment i veure els paisatges que han inspirat la cineasta Carla Simon a realitzar la seva premiada pel\u00b7l\u00edcula \u00ab\u00a0ALCARR\u00c0S\u00a0\u00bb.<\/p>\n<p>&nbsp;<\/p>\n<p><strong>9.30h. Sortida<\/strong><\/p>\n<p>Lloc de trobada: Pla\u00e7a del Mercat (costat del Camp de Futbol).<\/p>\n<p>Sortida amb autob\u00fas fins el Pla de l&rsquo;Alzina, on trobem un element patrimonial de gran import\u00e0ncia per la vila: l&rsquo;Alzina centen\u00e0ria.<\/p>\n<p>&nbsp;<\/p>\n<p><strong>10.00h. Esmorzar t\u00edpic alcarrass\u00ed<\/strong>, amb pa amb tom\u00e0quet i el tradicional Mandongo (botifarra blanca i negra) i pa amb oli i sucre, amb la col\u00b7laboraci\u00f3 de l&rsquo;Associaci\u00f3 Cultural Remember Company.<\/p>\n<p>A continuaci\u00f3 hi haur\u00e0 una explicaci\u00f3 de l&rsquo;evoluci\u00f3 vegetativa de l&rsquo;estat de floraci\u00f3 dels arbres a c\u00e0rrec dels t\u00e8cnics del Departament Agron\u00f2mic de Fruits de Ponent.<\/p>\n<p>&nbsp;<\/p>\n<p><strong>11.00h.<\/strong> despr\u00e9s agafarem els busos per fer un recorregut per diferents camps fruiters i poder veure diferents colors de la floraci\u00f3 i temps per fer fotografies. Per acabar la ruta visitarem el Pant\u00e0 de l&rsquo;Arr\u00f2s, aquesta zona humida \u00e9s un espai catalogat PEIN (Pla d&rsquo;Espais d&rsquo;Inter\u00e8s Natural) i est\u00e0 inclosa dins l&rsquo;espai de la Xarxa Natura 2000.<\/p>\n<p>&nbsp;<\/p>\n<p><strong>12.30h. Visita a l&rsquo;Agrobotiga de Fruits de Ponent<\/strong>, amb tast de productes locals.<\/p>\n<p>Qui es vulgui quedar a dinar es facilitar\u00e0 un llistat dels restaurants de la vila.<\/p>\n<p>&nbsp;<\/p>\n<p><strong>CONCURS D&rsquo;INSTAGRAM<\/strong><br \/>\nPels amants de la fotografia s&rsquo;ha convocat la 10a edici\u00f3 del concurs Instagram. Les fotografies nom\u00e9s es podran fer amb m\u00f2bil i s&rsquo;hauran de penjar a Instagram amb el hashtag #AlcarrasFlorit23.<\/p>\n<p>Nom\u00e9s podran participar en el concurs els\/les assistents a la ruta. S&rsquo;estableixen 2<\/p>\n<p>Premis:<br \/>\n&#8211; 1r premi: 150\u20ac<br \/>\n&#8211; 2n premi: 80\u20ac<br \/>\n&#8211; Un detall per a tots els participants.<\/p>\n<p>&nbsp;<\/p>\n<p><strong>Parades imprescindibles<\/strong><\/p>\n<ul>\n<li>Pla de l&rsquo;Alzina.<\/li>\n<li>Diferents camps florits.<\/li>\n<li>Pant\u00e0 de l&rsquo;Arr\u00f2s.<\/li>\n<li>Agrobotiga de Fruits de Ponent.<\/li>\n<\/ul>\n<p>&nbsp;<\/p>\n<p><strong>Dist\u00e0ncia:\u00a0<\/strong>30 Km.<\/p>\n<p><strong>Durada de la ruta:<\/strong> 3.30h.<\/p>\n<p><strong>Tamany del grup per ruta:<\/strong> m\u00e0xim 150 persones.<\/p>\n<p><strong>D\u00edes disponibles: <\/strong>4 de mar\u00e7.<\/p>\n<p><strong>Horaris:<\/strong> de 9.30h a 13.00h.<\/p>\n<p><strong>Preus<\/strong><\/p>\n<p><strong>15\u20ac\u00a0<\/strong> (exempt d&rsquo;IVA).[\/vc_column_text][vc_empty_space height=\u00a0\u00bb23px\u00a0\u00bb][\/vc_column][vc_column width=\u00a0\u00bb1\/6&Prime;][vc_empty_space height=\u00a0\u00bb120px\u00a0\u00bb][vc_column_text]<\/p>\n<h6 style=\"text-align: right;\">AJUNTAMENT<\/h6>\n<h6 style=\"text-align: right;\">ALCARR\u00c0S<\/h6>\n<p style=\"text-align: right;\">Pla\u00e7a de l&rsquo;Esgl\u00e9sia, 1<\/p>\n<p style=\"text-align: right;\">Alcarr\u00e0s \u2013 25180<\/p>\n<p style=\"text-align: right;\">Lleida<\/p>\n<p>[\/vc_column_text][vc_empty_space height=\u00a0\u00bb23px\u00a0\u00bb]<a  itemprop=\"url\" href=\"https:\/\/www.alcarras.cat\" target=\"_blank\"  class=\"qbutton  right default\" style=\"\">WEB MUNICIPAL<\/a>[vc_empty_space height=\u00a0\u00bb23px\u00a0\u00bb][vc_separator type=\u00a0\u00bbnormal\u00a0\u00bb color=\u00a0\u00bb#000000&Prime;][vc_column_text]<\/p>\n<h5 style=\"text-align: right;\">Tel. 973 795 700<\/h5>\n<p>[\/vc_column_text][vc_empty_space height=\u00a0\u00bb46px\u00a0\u00bb][\/vc_column][\/vc_row][vc_row css_animation=\u00a0\u00bb\u00a0\u00bb row_type=\u00a0\u00bbrow\u00a0\u00bb use_row_as_full_screen_section=\u00a0\u00bbno\u00a0\u00bb type=\u00a0\u00bbfull_width\u00a0\u00bb angled_section=\u00a0\u00bbno\u00a0\u00bb text_align=\u00a0\u00bbcenter\u00a0\u00bb background_image_as_pattern=\u00a0\u00bbwithout_pattern\u00a0\u00bb z_index=\u00a0\u00bb\u00a0\u00bb][vc_column width=\u00a0\u00bb1\/6&Prime;][\/vc_column][vc_column width=\u00a0\u00bb2\/3&Prime;][vc_separator type=\u00a0\u00bbnormal\u00a0\u00bb color=\u00a0\u00bb#000000&Prime;][vc_empty_space height=\u00a0\u00bb46px\u00a0\u00bb][vc_column_text]<\/p>\n<h3 style=\"text-align: center;\">Fes la teva reserva<\/h3>\n<p>[\/vc_column_text][vc_empty_space height=\u00a0\u00bb46px\u00a0\u00bb]<a  itemprop=\"url\" href=\"www.alcarras.cat\/entrades\" target=\"_blank\"  class=\"qbutton  center enlarge\" style=\"\">RESERVA<\/a>[vc_empty_space height=\u00a0\u00bb46px\u00a0\u00bb][vc_separator type=\u00a0\u00bbnormal\u00a0\u00bb color=\u00a0\u00bb#000000&Prime;][vc_empty_space height=\u00a0\u00bb46px\u00a0\u00bb][vc_column_text]<\/p>\n<h3 style=\"text-align: center;\">Si tens qualsevol consulta contacta amb nosaltres.<\/h3>\n<p>[\/vc_column_text][vc_empty_space height=\u00a0\u00bb46px\u00a0\u00bb]<a  itemprop=\"url\" href=\"https:\/\/lafloracio.cat\/contacta-alcarras\/\" target=\"_self\"  class=\"qbutton  center enlarge\" style=\"\">CONTACTA<\/a>[vc_empty_space height=\u00a0\u00bb46px\u00a0\u00bb][vc_separator type=\u00a0\u00bbnormal\u00a0\u00bb color=\u00a0\u00bb#000000&Prime;][vc_empty_space height=\u00a0\u00bb46px\u00a0\u00bb][vc_gallery type=\u00a0\u00bbimage_grid\u00a0\u00bb images=\u00a0\u00bb1416,1420,1414,1418,1412&Prime; img_size=\u00a0\u00bb200&#215;200&Prime; css_animation=\u00a0\u00bbfadeIn\u00a0\u00bb column_number=\u00a0\u00bb3&Prime; grayscale=\u00a0\u00bbno\u00a0\u00bb images_space=\u00a0\u00bbgallery_without_space\u00a0\u00bb][vc_empty_space height=\u00a0\u00bb60px\u00a0\u00bb][\/vc_column][vc_column width=\u00a0\u00bb1\/6&Prime;][\/vc_column][\/vc_row]<\/p>\n<\/section>","protected":false},"excerpt":{"rendered":"<p>[vc_row css_animation=\u00a0\u00bb\u00a0\u00bb row_type=\u00a0\u00bbrow\u00a0\u00bb use_row_as_full_screen_section=\u00a0\u00bbno\u00a0\u00bb type=\u00a0\u00bbfull_width\u00a0\u00bb angled_section=\u00a0\u00bbno\u00a0\u00bb text_align=\u00a0\u00bbleft\u00a0\u00bb background_image_as_pattern=\u00a0\u00bbwithout_pattern\u00a0\u00bb][vc_column width=\u00a0\u00bb1\/6&Prime;][\/vc_column][vc_column width=\u00a0\u00bb2\/3&Prime;][vc_column_text] 10\u00aa Ruta \u00ab\u00a0Alcarr\u00e0s Florit\u00a0\u00bb. Un paisatge encisador d&rsquo;arbres en flor. [\/vc_column_text][vc_empty_space height=\u00a0\u00bb46px\u00a0\u00bb][vc_column_text]Descripci\u00f3 de la ruta Aquest any 2023 tindr\u00e0 lloc la desena edici\u00f3 de les rutes \u00ab\u00a0Alcarr\u00e0s Florit\u00a0\u00bb, una nova oportunitat per con\u00e8ixer de primera&#8230;<\/p>\n","protected":false},"author":1,"featured_media":2817,"parent":0,"menu_order":0,"comment_status":"closed","ping_status":"closed","template":"","meta":{"_monsterinsights_skip_tracking":false,"_monsterinsights_sitenote_active":false,"_monsterinsights_sitenote_note":"","_monsterinsights_sitenote_category":0,"footnotes":""},"class_list":["post-2816","page","type-page","status-publish","has-post-thumbnail","hentry"],"_links":{"self":[{"href":"https:\/\/lafloracio.cat\/fr\/wp-json\/wp\/v2\/pages\/2816","targetHints":{"allow":["GET"]}}],"collection":[{"href":"https:\/\/lafloracio.cat\/fr\/wp-json\/wp\/v2\/pages"}],"about":[{"href":"https:\/\/lafloracio.cat\/fr\/wp-json\/wp\/v2\/types\/page"}],"author":[{"embeddable":true,"href":"https:\/\/lafloracio.cat\/fr\/wp-json\/wp\/v2\/users\/1"}],"replies":[{"embeddable":true,"href":"https:\/\/lafloracio.cat\/fr\/wp-json\/wp\/v2\/comments?post=2816"}],"version-history":[{"count":1,"href":"https:\/\/lafloracio.cat\/fr\/wp-json\/wp\/v2\/pages\/2816\/revisions"}],"predecessor-version":[{"id":2829,"href":"https:\/\/lafloracio.cat\/fr\/wp-json\/wp\/v2\/pages\/2816\/revisions\/2829"}],"wp:featuredmedia":[{"embeddable":true,"href":"https:\/\/lafloracio.cat\/fr\/wp-json\/wp\/v2\/media\/2817"}],"wp:attachment":[{"href":"https:\/\/lafloracio.cat\/fr\/wp-json\/wp\/v2\/media?parent=2816"}],"curies":[{"name":"wp","href":"https:\/\/api.w.org\/{rel}","templated":true}]}}

Alcarràs

<section class="wpb-content-wrapper"><p>[vc_row css_animation= » » row_type= »row » use_row_as_full_screen_section= »no » type= »full_width » angled_section= »no » text_align= »left » background_image_as_pattern= »without_pattern »][vc_column width= »1/6&Prime;][/vc_column][vc_column width= »2/3&Prime;][vc_column_text]</p>
<h1 style="text-align: center;"><strong>10ª Ruta « Alcarràs Florit »</strong>.</h1>
<h3 style="text-align: center;"><em>Un paisatge </em><em>encisador </em><em>d&rsquo;arbres en flor.</em></h3>
<p>[/vc_column_text][vc_empty_space height= »46px »][vc_column_text]<strong>Descripció de la ruta</strong></p>
<p>Aquest any 2023 tindrà lloc la desena edició de les rutes « Alcarràs Florit », una nova oportunitat per conèixer de primera mà la bellesa del paisatge alcarrassí on es pot contemplar de prop un dels principals atractius turístics del Baix Segrià: els arbres (ametllers, presseguers i les varietats nectarines i platarines) en ple procés de floració i observar el mantell de colors que s&rsquo;estén als nostres ulls.</p>
<p>L&rsquo;oferta turística que proposa Alcarràs per gaudir del paisatge encisador dels arbres en flor té molts atractius. Les rutes es faran amb autobús per tal de donar una bona qualitat a la visita, fent-la més sostenible ambientalment i veure els paisatges que han inspirat la cineasta Carla Simon a realitzar la seva premiada pel·lícula « ALCARRÀS ».</p>
<p>&nbsp;</p>
<p><strong>9.30h. Sortida</strong></p>
<p>Lloc de trobada: Plaça del Mercat (costat del Camp de Futbol).</p>
<p>Sortida amb autobús fins el Pla de l&rsquo;Alzina, on trobem un element patrimonial de gran importància per la vila: l&rsquo;Alzina centenària.</p>
<p>&nbsp;</p>
<p><strong>10.00h. Esmorzar típic alcarrassí</strong>, amb pa amb tomàquet i el tradicional Mandongo (botifarra blanca i negra) i pa amb oli i sucre, amb la col·laboració de l&rsquo;Associació Cultural Remember Company.</p>
<p>A continuació hi haurà una explicació de l&rsquo;evolució vegetativa de l&rsquo;estat de floració dels arbres a càrrec dels tècnics del Departament Agronòmic de Fruits de Ponent.</p>
<p>&nbsp;</p>
<p><strong>11.00h.</strong> després agafarem els busos per fer un recorregut per diferents camps fruiters i poder veure diferents colors de la floració i temps per fer fotografies. Per acabar la ruta visitarem el Pantà de l&rsquo;Arròs, aquesta zona humida és un espai catalogat PEIN (Pla d&rsquo;Espais d&rsquo;Interès Natural) i està inclosa dins l&rsquo;espai de la Xarxa Natura 2000.</p>
<p>&nbsp;</p>
<p><strong>12.30h. Visita a l&rsquo;Agrobotiga de Fruits de Ponent</strong>, amb tast de productes locals.</p>
<p>Qui es vulgui quedar a dinar es facilitarà un llistat dels restaurants de la vila.</p>
<p>&nbsp;</p>
<p><strong>CONCURS D&rsquo;INSTAGRAM</strong><br />
Pels amants de la fotografia s&rsquo;ha convocat la 10a edició del concurs Instagram. Les fotografies només es podran fer amb mòbil i s&rsquo;hauran de penjar a Instagram amb el hashtag #AlcarrasFlorit23.</p>
<p>Només podran participar en el concurs els/les assistents a la ruta. S&rsquo;estableixen 2</p>
<p>Premis:<br />
&#8211; 1r premi: 150€<br />
&#8211; 2n premi: 80€<br />
&#8211; Un detall per a tots els participants.</p>
<p>&nbsp;</p>
<p><strong>Parades imprescindibles</strong></p>
<ul>
<li>Pla de l&rsquo;Alzina.</li>
<li>Diferents camps florits.</li>
<li>Pantà de l&rsquo;Arròs.</li>
<li>Agrobotiga de Fruits de Ponent.</li>
</ul>
<p>&nbsp;</p>
<p><strong>Distància: </strong>30 Km.</p>
<p><strong>Durada de la ruta:</strong> 3.30h.</p>
<p><strong>Tamany del grup per ruta:</strong> màxim 150 persones.</p>
<p><strong>Díes disponibles: </strong>4 de març.</p>
<p><strong>Horaris:</strong> de 9.30h a 13.00h.</p>
<p><strong>Preus</strong></p>
<p><strong>15€ </strong> (exempt d&rsquo;IVA).[/vc_column_text][vc_empty_space height= »23px »][/vc_column][vc_column width= »1/6&Prime;][vc_empty_space height= »120px »][vc_column_text]</p>
<h6 style="text-align: right;">AJUNTAMENT</h6>
<h6 style="text-align: right;">ALCARRÀS</h6>
<p style="text-align: right;">Plaça de l&rsquo;Església, 1</p>
<p style="text-align: right;">Alcarràs – 25180</p>
<p style="text-align: right;">Lleida</p>
<p>[/vc_column_text][vc_empty_space height= »23px »]<a  itemprop="url" href="https://www.alcarras.cat" target="_blank"  class="qbutton  right default" style="">WEB MUNICIPAL</a>[vc_empty_space height= »23px »][vc_separator type= »normal » color= »#000000&Prime;][vc_column_text]</p>
<h5 style="text-align: right;">Tel. 973 795 700</h5>
<p>[/vc_column_text][vc_empty_space height= »46px »][/vc_column][/vc_row][vc_row css_animation= » » row_type= »row » use_row_as_full_screen_section= »no » type= »full_width » angled_section= »no » text_align= »center » background_image_as_pattern= »without_pattern » z_index= » »][vc_column width= »1/6&Prime;][/vc_column][vc_column width= »2/3&Prime;][vc_separator type= »normal » color= »#000000&Prime;][vc_empty_space height= »46px »][vc_column_text]</p>
<h3 style="text-align: center;">Fes la teva reserva</h3>
<p>[/vc_column_text][vc_empty_space height= »46px »]<a  itemprop="url" href="www.alcarras.cat/entrades" target="_blank"  class="qbutton  center enlarge" style="">RESERVA</a>[vc_empty_space height= »46px »][vc_separator type= »normal » color= »#000000&Prime;][vc_empty_space height= »46px »][vc_column_text]</p>
<h3 style="text-align: center;">Si tens qualsevol consulta contacta amb nosaltres.</h3>
<p>[/vc_column_text][vc_empty_space height= »46px »]<a  itemprop="url" href="https://lafloracio.cat/contacta-alcarras/" target="_self"  class="qbutton  center enlarge" style="">CONTACTA</a>[vc_empty_space height= »46px »][vc_separator type= »normal » color= »#000000&Prime;][vc_empty_space height= »46px »][vc_gallery type= »image_grid » images= »1416,1420,1414,1418,1412&Prime; img_size= »200&#215;200&Prime; css_animation= »fadeIn » column_number= »3&Prime; grayscale= »no » images_space= »gallery_without_space »][vc_empty_space height= »60px »][/vc_column][vc_column width= »1/6&Prime;][/vc_column][/vc_row]</p>
</section>

<p>[vc_row css_animation= » » row_type= »row » use_row_as_full_screen_section= »no » type= »full_width » angled_section= »no » text_align= »left » background_image_as_pattern= »without_pattern »][vc_column width= »1/6&Prime;][/vc_column][vc_column width= »2/3&Prime;][vc_column_text] 10ª Ruta « Alcarràs Florit ». Un paisatge encisador d&rsquo;arbres en flor. [/vc_column_text][vc_empty_space height= »46px »][vc_column_text]Descripció de la ruta Aquest any 2023 tindrà lloc la desena edició de les rutes « Alcarràs Florit », una nova oportunitat per conèixer de primera&#8230;</p>
