{"id":2735,"date":"2022-02-28T17:24:40","date_gmt":"2022-02-28T16:24:40","guid":{"rendered":"https:\/\/lafloracio.cat\/corbins\/"},"modified":"2026-02-17T10:22:21","modified_gmt":"2026-02-17T09:22:21","slug":"corbins","status":"publish","type":"page","link":"https:\/\/lafloracio.cat\/fr\/corbins\/","title":{"rendered":"Corbins"},"content":{"rendered":"<section class=\"wpb-content-wrapper\"><p>[vc_row css_animation=\u00a0\u00bb\u00a0\u00bb row_type=\u00a0\u00bbrow\u00a0\u00bb use_row_as_full_screen_section=\u00a0\u00bbno\u00a0\u00bb type=\u00a0\u00bbfull_width\u00a0\u00bb angled_section=\u00a0\u00bbno\u00a0\u00bb text_align=\u00a0\u00bbleft\u00a0\u00bb background_image_as_pattern=\u00a0\u00bbwithout_pattern\u00a0\u00bb][vc_column width=\u00a0\u00bb1\/6&Prime;][\/vc_column][vc_column width=\u00a0\u00bb2\/3&Prime;][vc_column_text]<\/p>\n<h1 style=\"text-align: center;\"><strong>Caminada entre flors<\/strong>.<\/h1>\n<h3 style=\"text-align: center;\"><em>El despertar dels camps florits de Corbins.<\/em><\/h3>\n<p>[\/vc_column_text][vc_empty_space height=\u00a0\u00bb46px\u00a0\u00bb][vc_column_text]<strong>On som?<\/strong><\/p>\n<p>Sou a Corbins, un petit municipi de 1450 habitants al nord del Segri\u00e0 on l\u2019agricultura \u00e9s el principal motor econ\u00f2mic. Els conreus de regadiu\u00a0 ocupen la major part del terme sent el principal cultiu la fruita dol\u00e7a, que s\u2019alterna amb camps de cereals i farratges.<\/p>\n<p>&nbsp;<\/p>\n<p>&nbsp;<\/p>\n<p><strong>Qu\u00e8 es pot veure?<\/strong><\/p>\n<p>A Corbins hi trobareu diversitat d&rsquo;arbres fruiters. Descobrireu camps florits de presseguers, nectariners, cirerers, pomeres, perers i pruneres. Cadascuna d&rsquo;aquestes varietats t\u00e9 una flor caracter\u00edstica i diferent de les altres, i el seu propi per\u00edode de floraci\u00f3. D&rsquo;aquesta manera, en els camps de l&rsquo;entorn es poden trobar\u00a0flors durant una llarga \u00e8poca de l&rsquo;any.<\/p>\n<p>&nbsp;<\/p>\n<p>Tamb\u00e9 podeu gaudir de l&rsquo;entorn privilegiat del nostre terme. A la part baixa del poble podeu gaudir del Parc del Riu, un espai natural flanquejat pel Noguera Ribagor\u00e7ana que ofereix espais i racons sorprenents per a petits i grans.<\/p>\n<p>&nbsp;<\/p>\n<p>&nbsp;<\/p>\n<p><strong>Qu\u00e8 es pot aprendre?<\/strong><\/p>\n<div class=\"page\" title=\"Page 1\">\n<div class=\"section\">\n<div class=\"layoutArea\">\n<div class=\"column\">\n<p>Havent comenc\u0327at la caminada entre els camps de fruiters farem una parada, on un jove apicultor del municipi ens descobrira\u0300 la importa\u0300ncia de les abelles en el mo\u0301n agri\u0301cola i un page\u0300s i agro\u0300nom ens explicara\u0300 el cicle anual dels arbrers fruiters i les tasques que comporta: De la poda per la floracio\u0301, l\u2019aclariment i la recol\u00b7leccio\u0301 dels fruits.<\/p>\n<\/div>\n<\/div>\n<\/div>\n<\/div>\n<p>&nbsp;<\/p>\n<p>&nbsp;<\/p>\n<p><strong>Elements singulars del nostre patrimoni<\/strong><\/p>\n<p>Corbins amaga altres espais d\u2019inter\u00e8s, com la Vil\u00b7la Romana del Tossal del Moro. Aquesta est\u00e0 composta de diversos elements, que s\u00f3n un les restes d\u2019un conjunt d\u2019edificis de concepci\u00f3 agr\u00edcola, un monument funerari i un mol\u00ed d\u2019oli.<\/p>\n<p>&nbsp;<\/p>\n<p>Des del Parc del Riu podeu engrescar-vos a con\u00e8ixer l\u2019aiguabarreig, el punt on conflueixen els rius Noguera Ribagor\u00e7ana i el Segre. Hi arribareu amb una passejada assequible seguint el cam\u00ed de l\u2019aigua que transcorre paral\u00b7lel al Noguera Ribagor\u00e7ana, i que t\u00e9 un trajecte d\u2019uns 2 quil\u00f2metres.<\/p>\n<p>&nbsp;<\/p>\n<p>Si sou persones atrevides, tamb\u00e9 podeu gaudir de rutes a peu o en bicicleta per la Serreta, un entramat de sendes entre pins i alzines que recorren la Serra la Noguera.<\/p>\n<p>&nbsp;<\/p>\n<p>Destaquem tamb\u00e9 el nou tra\u00e7at del cam\u00ed reial Lleida &#8211; Corbins, que uneix el parc de la Mitjana de Lleida amb el terme municipal de Corbins, tot recorrent paral\u00b7lel al riu Segre. \u00c9s una ruta d\u2019uns 7 quil\u00f2metres, la meitat dels quals transcorren per un espai natural lliure de circulaci\u00f3 de vehicles.<\/p>\n<p>&nbsp;<\/p>\n<p>&nbsp;<\/p>\n<p><strong>Parades imprescindibles<\/strong><\/p>\n<div class=\"page\" title=\"Page 2\">\n<div class=\"section\">\n<div class=\"layoutArea\">\n<div class=\"column\">\n<p>Al punt de trobada es fara\u0300 entrega de l\u2019esmorzar (entrepa\u0300, fruita i aigua) .<\/p>\n<p>&nbsp;<\/p>\n<p>Sortirem del nucli urba\u0300 i a l\u2019inici dels camps fruiters escoltarem l\u2019explicacio\u0301 del mo\u0301n de les abelles a ca\u0300rrec d\u2019un apicultor local i sobre el cicle anual dels arbres fruiters a ca\u0300rrec d\u2019un page\u0300s i enginyer agri\u0301cola.<\/p>\n<\/div>\n<\/div>\n<\/div>\n<\/div>\n<p>&nbsp;<\/p>\n<p><strong>Dist\u00e0ncia:\u00a0<\/strong>6 Km.<\/p>\n<p><strong>Durada de la ruta:<\/strong> 2h.<\/p>\n<p><strong>Tamany del grup per ruta:<\/strong> un \u00fanic grup de 200 persones.<\/p>\n<p><strong>D\u00edes disponibles: <\/strong>19 de mar\u00e7.<\/p>\n<p><strong>Horaris:<\/strong>\u00a0 10.00h.<\/p>\n<p><strong>Preus<\/strong><\/p>\n<p>5\u20ac\u00a0 per persona (IVA incl\u00f3s).[\/vc_column_text][vc_empty_space height=\u00a0\u00bb50px\u00a0\u00bb]<a  itemprop=\"url\" href=\"https:\/\/ca.wikiloc.com\/wikiloc\/user.do?id=5858340\" target=\"_blank\"  class=\"qbutton  center enlarge\" style=\"\">RUTA WIKILOC<\/a>[vc_empty_space height=\u00a0\u00bb50px\u00a0\u00bb][vc_column_text]<\/p>\n<h3 style=\"text-align: left;\">Fes la teva reserva<\/h3>\n<p>[\/vc_column_text][vc_empty_space height=\u00a0\u00bb46px\u00a0\u00bb]<a  itemprop=\"url\" href=\"https:\/\/gestio.corbins.cat\/web\/event\/738\/registration\" target=\"_blank\"  class=\"qbutton  center enlarge\" style=\"\">RESERVA RUTA<\/a>[vc_empty_space height=\u00a0\u00bb46px\u00a0\u00bb][vc_separator type=\u00a0\u00bbnormal\u00a0\u00bb color=\u00a0\u00bb#000000&Prime;][vc_empty_space height=\u00a0\u00bb46px\u00a0\u00bb][vc_column_text]<\/p>\n<h1 style=\"text-align: center;\"><strong>Benvinguts a pag\u00e8s<\/strong>.<\/h1>\n<h3 style=\"text-align: center;\"><em>La Floraci\u00f3 del Cirerer.<\/em><\/h3>\n<p>[\/vc_column_text][vc_empty_space height=\u00a0\u00bb46px\u00a0\u00bb][vc_column_text]<\/p>\n<div class=\"page\" title=\"Page 2\">\n<div class=\"section\">\n<div class=\"layoutArea\">\n<div class=\"column\">\n<p>Descripci\u00f3 de la ruta:<\/p>\n<ul>\n<li>Presentaci\u00f3 (Genoveva Camats).<\/li>\n<li>Xerrada &#8211; \u00ab\u00a0Cicle del Cirerer\u00a0\u00bb (Josep Antoni Camats).<\/li>\n<li>Caminada amb visites panor\u00e0miques.<\/li>\n<li>Visita a l&rsquo;explotaci\u00f3 porcina Cal Canco (Jaume Camarasa).<\/li>\n<li>Pintada de mural en directe (The Barrio Rulo L\u00f3pez).<\/li>\n<li>Activitat Infantil.<\/li>\n<li>Fira de productors de proximitat.<\/li>\n<li>Servei de bar (Associaci\u00f3 de joves de Corbins).<\/li>\n<li>Esmor\u00e7ar de pag\u00e8s (Mol\u00ed del Duc).<\/li>\n<li>Sorteig d&rsquo;un dinar per a dos persones al Mol\u00ed del Duc.<\/li>\n<\/ul>\n<p>&nbsp;<\/p>\n<p>&nbsp;<\/p>\n<p><strong>Durada de la ruta:<\/strong> 4h.<\/p>\n<\/div>\n<\/div>\n<\/div>\n<\/div>\n<p><strong>D\u00edes disponibles: <\/strong>26 de mar\u00e7.<\/p>\n<p><strong>Horaris:<\/strong>\u00a0 de 10.00h. a 14.00h.<\/p>\n<p><strong>Preus<\/strong><\/p>\n<p>5\u20ac\u00a0 per persona (IVA incl\u00f3s).<\/p>\n<p>Nens\/es entrada gratu\u00efta.[\/vc_column_text][vc_empty_space height=\u00a0\u00bb46px\u00a0\u00bb]<a  itemprop=\"url\" href=\"https:\/\/totlany.benvingutsapages.cat\/es\/reservar-activitat\/?e=YmFwX19fXzI4MTdfX19fMA==\" target=\"_blank\"  class=\"qbutton  center enlarge\" style=\"\">RESERVA RUTA<\/a>[vc_empty_space height=\u00a0\u00bb46px\u00a0\u00bb][\/vc_column][vc_column width=\u00a0\u00bb1\/6&Prime;][vc_empty_space height=\u00a0\u00bb120px\u00a0\u00bb][vc_column_text]<\/p>\n<h6 style=\"text-align: right;\">AJUNTAMENT<\/h6>\n<h6 style=\"text-align: right;\">CORBINS<\/h6>\n<p style=\"text-align: right;\">Plaza La Vila, s\/n<\/p>\n<p style=\"text-align: right;\">Corbins \u2013 25137<\/p>\n<p style=\"text-align: right;\">Lleida<\/p>\n<p>[\/vc_column_text][vc_empty_space height=\u00a0\u00bb23px\u00a0\u00bb]<a  itemprop=\"url\" href=\"http:\/\/www.corbins.cat\/\" target=\"_blank\"  class=\"qbutton  right default\" style=\"\">WEB MUNICIPAL<\/a>[vc_empty_space height=\u00a0\u00bb23px\u00a0\u00bb][vc_separator type=\u00a0\u00bbnormal\u00a0\u00bb color=\u00a0\u00bb#000000&Prime;][vc_column_text]<\/p>\n<h5 style=\"text-align: right;\">Tel. 973 190 117<\/h5>\n<p>[\/vc_column_text][vc_empty_space height=\u00a0\u00bb46px\u00a0\u00bb][\/vc_column][\/vc_row][vc_row css_animation=\u00a0\u00bb\u00a0\u00bb row_type=\u00a0\u00bbrow\u00a0\u00bb use_row_as_full_screen_section=\u00a0\u00bbno\u00a0\u00bb type=\u00a0\u00bbfull_width\u00a0\u00bb angled_section=\u00a0\u00bbno\u00a0\u00bb text_align=\u00a0\u00bbcenter\u00a0\u00bb background_image_as_pattern=\u00a0\u00bbwithout_pattern\u00a0\u00bb z_index=\u00a0\u00bb\u00a0\u00bb][vc_column width=\u00a0\u00bb1\/6&Prime;][\/vc_column][vc_column width=\u00a0\u00bb2\/3&Prime;][vc_separator type=\u00a0\u00bbnormal\u00a0\u00bb color=\u00a0\u00bb#000000&Prime;][vc_empty_space height=\u00a0\u00bb46px\u00a0\u00bb][vc_column_text]<\/p>\n<h3 style=\"text-align: center;\">Si tens qualsevol consulta contacta amb nosaltres.<\/h3>\n<p>[\/vc_column_text][vc_empty_space height=\u00a0\u00bb46px\u00a0\u00bb]<a  itemprop=\"url\" href=\"https:\/\/lafloracio.cat\/contacta-corbins\/\" target=\"_self\"  class=\"qbutton  center enlarge\" style=\"\">CONTACTA<\/a>[vc_empty_space height=\u00a0\u00bb46px\u00a0\u00bb][vc_separator type=\u00a0\u00bbnormal\u00a0\u00bb color=\u00a0\u00bb#000000&Prime;][vc_empty_space height=\u00a0\u00bb46px\u00a0\u00bb][vc_gallery type=\u00a0\u00bbimage_grid\u00a0\u00bb images=\u00a0\u00bb2736,1591,1593,1595,1599,1601,1605,1607,1609,1611,1613,1615&Prime; img_size=\u00a0\u00bb200&#215;200&Prime; css_animation=\u00a0\u00bbfadeIn\u00a0\u00bb column_number=\u00a0\u00bb3&Prime; grayscale=\u00a0\u00bbno\u00a0\u00bb images_space=\u00a0\u00bbgallery_without_space\u00a0\u00bb][vc_empty_space height=\u00a0\u00bb60px\u00a0\u00bb][\/vc_column][vc_column width=\u00a0\u00bb1\/6&Prime;][\/vc_column][\/vc_row]<\/p>\n<\/section>","protected":false},"excerpt":{"rendered":"<p>[vc_row css_animation=\u00a0\u00bb\u00a0\u00bb row_type=\u00a0\u00bbrow\u00a0\u00bb use_row_as_full_screen_section=\u00a0\u00bbno\u00a0\u00bb type=\u00a0\u00bbfull_width\u00a0\u00bb angled_section=\u00a0\u00bbno\u00a0\u00bb text_align=\u00a0\u00bbleft\u00a0\u00bb background_image_as_pattern=\u00a0\u00bbwithout_pattern\u00a0\u00bb][vc_column width=\u00a0\u00bb1\/6&Prime;][\/vc_column][vc_column width=\u00a0\u00bb2\/3&Prime;][vc_column_text] Caminada entre flors. El despertar dels camps florits de Corbins. [\/vc_column_text][vc_empty_space height=\u00a0\u00bb46px\u00a0\u00bb][vc_column_text]On som? Sou a Corbins, un petit municipi de 1450 habitants al nord del Segri\u00e0 on l\u2019agricultura \u00e9s el principal motor econ\u00f2mic. Els conreus&#8230;<\/p>\n","protected":false},"author":1,"featured_media":2737,"parent":0,"menu_order":0,"comment_status":"closed","ping_status":"closed","template":"","meta":{"_monsterinsights_skip_tracking":false,"_monsterinsights_sitenote_active":false,"_monsterinsights_sitenote_note":"","_monsterinsights_sitenote_category":0,"footnotes":""},"class_list":["post-2735","page","type-page","status-publish","has-post-thumbnail","hentry"],"_links":{"self":[{"href":"https:\/\/lafloracio.cat\/fr\/wp-json\/wp\/v2\/pages\/2735","targetHints":{"allow":["GET"]}}],"collection":[{"href":"https:\/\/lafloracio.cat\/fr\/wp-json\/wp\/v2\/pages"}],"about":[{"href":"https:\/\/lafloracio.cat\/fr\/wp-json\/wp\/v2\/types\/page"}],"author":[{"embeddable":true,"href":"https:\/\/lafloracio.cat\/fr\/wp-json\/wp\/v2\/users\/1"}],"replies":[{"embeddable":true,"href":"https:\/\/lafloracio.cat\/fr\/wp-json\/wp\/v2\/comments?post=2735"}],"version-history":[{"count":1,"href":"https:\/\/lafloracio.cat\/fr\/wp-json\/wp\/v2\/pages\/2735\/revisions"}],"predecessor-version":[{"id":2783,"href":"https:\/\/lafloracio.cat\/fr\/wp-json\/wp\/v2\/pages\/2735\/revisions\/2783"}],"wp:featuredmedia":[{"embeddable":true,"href":"https:\/\/lafloracio.cat\/fr\/wp-json\/wp\/v2\/media\/2737"}],"wp:attachment":[{"href":"https:\/\/lafloracio.cat\/fr\/wp-json\/wp\/v2\/media?parent=2735"}],"curies":[{"name":"wp","href":"https:\/\/api.w.org\/{rel}","templated":true}]}}

<section class="wpb-content-wrapper"><p>[vc_row css_animation= » » row_type= »row » use_row_as_full_screen_section= »no » type= »full_width » angled_section= »no » text_align= »left » background_image_as_pattern= »without_pattern »][vc_column width= »1/6&Prime;][/vc_column][vc_column width= »2/3&Prime;][vc_column_text]</p>
<h1 style="text-align: center;"><strong>Caminada entre flors</strong>.</h1>
<h3 style="text-align: center;"><em>El despertar dels camps florits de Corbins.</em></h3>
<p>[/vc_column_text][vc_empty_space height= »46px »][vc_column_text]<strong>On som?</strong></p>
<p>Sou a Corbins, un petit municipi de 1450 habitants al nord del Segrià on l’agricultura és el principal motor econòmic. Els conreus de regadiu  ocupen la major part del terme sent el principal cultiu la fruita dolça, que s’alterna amb camps de cereals i farratges.</p>
<p>&nbsp;</p>
<p>&nbsp;</p>
<p><strong>Què es pot veure?</strong></p>
<p>A Corbins hi trobareu diversitat d&rsquo;arbres fruiters. Descobrireu camps florits de presseguers, nectariners, cirerers, pomeres, perers i pruneres. Cadascuna d&rsquo;aquestes varietats té una flor característica i diferent de les altres, i el seu propi període de floració. D&rsquo;aquesta manera, en els camps de l&rsquo;entorn es poden trobar flors durant una llarga època de l&rsquo;any.</p>
<p>&nbsp;</p>
<p>També podeu gaudir de l&rsquo;entorn privilegiat del nostre terme. A la part baixa del poble podeu gaudir del Parc del Riu, un espai natural flanquejat pel Noguera Ribagorçana que ofereix espais i racons sorprenents per a petits i grans.</p>
<p>&nbsp;</p>
<p>&nbsp;</p>
<p><strong>Què es pot aprendre?</strong></p>
<div class="page" title="Page 1">
<div class="section">
<div class="layoutArea">
<div class="column">
<p>Havent començat la caminada entre els camps de fruiters farem una parada, on un jove apicultor del municipi ens descobrirà la importància de les abelles en el món agrícola i un pagès i agrònom ens explicarà el cicle anual dels arbrers fruiters i les tasques que comporta: De la poda per la floració, l’aclariment i la recol·lecció dels fruits.</p>
</div>
</div>
</div>
</div>
<p>&nbsp;</p>
<p>&nbsp;</p>
<p><strong>Elements singulars del nostre patrimoni</strong></p>
<p>Corbins amaga altres espais d’interès, com la Vil·la Romana del Tossal del Moro. Aquesta està composta de diversos elements, que són un les restes d’un conjunt d’edificis de concepció agrícola, un monument funerari i un molí d’oli.</p>
<p>&nbsp;</p>
<p>Des del Parc del Riu podeu engrescar-vos a conèixer l’aiguabarreig, el punt on conflueixen els rius Noguera Ribagorçana i el Segre. Hi arribareu amb una passejada assequible seguint el camí de l’aigua que transcorre paral·lel al Noguera Ribagorçana, i que té un trajecte d’uns 2 quilòmetres.</p>
<p>&nbsp;</p>
<p>Si sou persones atrevides, també podeu gaudir de rutes a peu o en bicicleta per la Serreta, un entramat de sendes entre pins i alzines que recorren la Serra la Noguera.</p>
<p>&nbsp;</p>
<p>Destaquem també el nou traçat del camí reial Lleida &#8211; Corbins, que uneix el parc de la Mitjana de Lleida amb el terme municipal de Corbins, tot recorrent paral·lel al riu Segre. És una ruta d’uns 7 quilòmetres, la meitat dels quals transcorren per un espai natural lliure de circulació de vehicles.</p>
<p>&nbsp;</p>
<p>&nbsp;</p>
<p><strong>Parades imprescindibles</strong></p>
<div class="page" title="Page 2">
<div class="section">
<div class="layoutArea">
<div class="column">
<p>Al punt de trobada es farà entrega de l’esmorzar (entrepà, fruita i aigua) .</p>
<p>&nbsp;</p>
<p>Sortirem del nucli urbà i a l’inici dels camps fruiters escoltarem l’explicació del món de les abelles a càrrec d’un apicultor local i sobre el cicle anual dels arbres fruiters a càrrec d’un pagès i enginyer agrícola.</p>
</div>
</div>
</div>
</div>
<p>&nbsp;</p>
<p><strong>Distància: </strong>6 Km.</p>
<p><strong>Durada de la ruta:</strong> 2h.</p>
<p><strong>Tamany del grup per ruta:</strong> un únic grup de 200 persones.</p>
<p><strong>Díes disponibles: </strong>19 de març.</p>
<p><strong>Horaris:</strong>  10.00h.</p>
<p><strong>Preus</strong></p>
<p>5€  per persona (IVA inclós).[/vc_column_text][vc_empty_space height= »50px »]<a  itemprop="url" href="https://ca.wikiloc.com/wikiloc/user.do?id=5858340" target="_blank"  class="qbutton  center enlarge" style="">RUTA WIKILOC</a>[vc_empty_space height= »50px »][vc_column_text]</p>
<h3 style="text-align: left;">Fes la teva reserva</h3>
<p>[/vc_column_text][vc_empty_space height= »46px »]<a  itemprop="url" href="https://gestio.corbins.cat/web/event/738/registration" target="_blank"  class="qbutton  center enlarge" style="">RESERVA RUTA</a>[vc_empty_space height= »46px »][vc_separator type= »normal » color= »#000000&Prime;][vc_empty_space height= »46px »][vc_column_text]</p>
<h1 style="text-align: center;"><strong>Benvinguts a pagès</strong>.</h1>
<h3 style="text-align: center;"><em>La Floració del Cirerer.</em></h3>
<p>[/vc_column_text][vc_empty_space height= »46px »][vc_column_text]</p>
<div class="page" title="Page 2">
<div class="section">
<div class="layoutArea">
<div class="column">
<p>Descripció de la ruta:</p>
<ul>
<li>Presentació (Genoveva Camats).</li>
<li>Xerrada &#8211; « Cicle del Cirerer » (Josep Antoni Camats).</li>
<li>Caminada amb visites panoràmiques.</li>
<li>Visita a l&rsquo;explotació porcina Cal Canco (Jaume Camarasa).</li>
<li>Pintada de mural en directe (The Barrio Rulo López).</li>
<li>Activitat Infantil.</li>
<li>Fira de productors de proximitat.</li>
<li>Servei de bar (Associació de joves de Corbins).</li>
<li>Esmorçar de pagès (Molí del Duc).</li>
<li>Sorteig d&rsquo;un dinar per a dos persones al Molí del Duc.</li>
</ul>
<p>&nbsp;</p>
<p>&nbsp;</p>
<p><strong>Durada de la ruta:</strong> 4h.</p>
</div>
</div>
</div>
</div>
<p><strong>Díes disponibles: </strong>26 de març.</p>
<p><strong>Horaris:</strong>  de 10.00h. a 14.00h.</p>
<p><strong>Preus</strong></p>
<p>5€  per persona (IVA inclós).</p>
<p>Nens/es entrada gratuïta.[/vc_column_text][vc_empty_space height= »46px »]<a  itemprop="url" href="https://totlany.benvingutsapages.cat/es/reservar-activitat/?e=YmFwX19fXzI4MTdfX19fMA==" target="_blank"  class="qbutton  center enlarge" style="">RESERVA RUTA</a>[vc_empty_space height= »46px »][/vc_column][vc_column width= »1/6&Prime;][vc_empty_space height= »120px »][vc_column_text]</p>
<h6 style="text-align: right;">AJUNTAMENT</h6>
<h6 style="text-align: right;">CORBINS</h6>
<p style="text-align: right;">Plaza La Vila, s/n</p>
<p style="text-align: right;">Corbins – 25137</p>
<p style="text-align: right;">Lleida</p>
<p>[/vc_column_text][vc_empty_space height= »23px »]<a  itemprop="url" href="http://www.corbins.cat/" target="_blank"  class="qbutton  right default" style="">WEB MUNICIPAL</a>[vc_empty_space height= »23px »][vc_separator type= »normal » color= »#000000&Prime;][vc_column_text]</p>
<h5 style="text-align: right;">Tel. 973 190 117</h5>
<p>[/vc_column_text][vc_empty_space height= »46px »][/vc_column][/vc_row][vc_row css_animation= » » row_type= »row » use_row_as_full_screen_section= »no » type= »full_width » angled_section= »no » text_align= »center » background_image_as_pattern= »without_pattern » z_index= » »][vc_column width= »1/6&Prime;][/vc_column][vc_column width= »2/3&Prime;][vc_separator type= »normal » color= »#000000&Prime;][vc_empty_space height= »46px »][vc_column_text]</p>
<h3 style="text-align: center;">Si tens qualsevol consulta contacta amb nosaltres.</h3>
<p>[/vc_column_text][vc_empty_space height= »46px »]<a  itemprop="url" href="https://lafloracio.cat/contacta-corbins/" target="_self"  class="qbutton  center enlarge" style="">CONTACTA</a>[vc_empty_space height= »46px »][vc_separator type= »normal » color= »#000000&Prime;][vc_empty_space height= »46px »][vc_gallery type= »image_grid » images= »2736,1591,1593,1595,1599,1601,1605,1607,1609,1611,1613,1615&Prime; img_size= »200&#215;200&Prime; css_animation= »fadeIn » column_number= »3&Prime; grayscale= »no » images_space= »gallery_without_space »][vc_empty_space height= »60px »][/vc_column][vc_column width= »1/6&Prime;][/vc_column][/vc_row]</p>
</section>

<p>[vc_row css_animation= » » row_type= »row » use_row_as_full_screen_section= »no » type= »full_width » angled_section= »no » text_align= »left » background_image_as_pattern= »without_pattern »][vc_column width= »1/6&Prime;][/vc_column][vc_column width= »2/3&Prime;][vc_column_text] Caminada entre flors. El despertar dels camps florits de Corbins. [/vc_column_text][vc_empty_space height= »46px »][vc_column_text]On som? Sou a Corbins, un petit municipi de 1450 habitants al nord del Segrià on l’agricultura és el principal motor econòmic. Els conreus&#8230;</p>
