{"id":2617,"date":"2024-02-21T19:58:51","date_gmt":"2024-02-21T18:58:51","guid":{"rendered":"https:\/\/lafloracio.cat\/home-2024\/"},"modified":"2024-02-21T19:58:51","modified_gmt":"2024-02-21T18:58:51","slug":"home-2024","status":"publish","type":"page","link":"https:\/\/lafloracio.cat\/fr\/home-2024\/","title":{"rendered":"Home 2024"},"content":{"rendered":"<section class=\"wpb-content-wrapper\"><p>[vc_row css_animation=\u00a0\u00bb\u00a0\u00bb row_type=\u00a0\u00bbrow\u00a0\u00bb use_row_as_full_screen_section=\u00a0\u00bbno\u00a0\u00bb type=\u00a0\u00bbgrid\u00a0\u00bb angled_section=\u00a0\u00bbno\u00a0\u00bb text_align=\u00a0\u00bbcenter\u00a0\u00bb background_image_as_pattern=\u00a0\u00bbwithout_pattern\u00a0\u00bb css=\u00a0\u00bb.vc_custom_1468921523203{padding-top: 118px !important;padding-bottom: 108px !important;}\u00a0\u00bb][vc_column width=\u00a0\u00bb1\/6&Prime;][\/vc_column][vc_column width=\u00a0\u00bb2\/3&Prime;][vc_column_text]<\/p>\n<h1 style=\"text-align: center;\">La Floraci\u00f3 a les Terres de Lleida<\/h1>\n<p>[\/vc_column_text][vc_empty_space][vc_column_text]<\/p>\n<h3 style=\"text-align: center;\">En breu, tindr\u00e0s tota la informaci\u00f3 sobre<\/h3>\n<h3 style=\"text-align: center;\">La Floraci\u00f3 2024 a les Terres de Lleida.<\/h3>\n<p>[\/vc_column_text][\/vc_column][vc_column width=\u00a0\u00bb1\/6&Prime;][\/vc_column][\/vc_row]<\/p>\n<\/section>","protected":false},"excerpt":{"rendered":"<p>[vc_row css_animation=\u00a0\u00bb\u00a0\u00bb row_type=\u00a0\u00bbrow\u00a0\u00bb use_row_as_full_screen_section=\u00a0\u00bbno\u00a0\u00bb type=\u00a0\u00bbgrid\u00a0\u00bb angled_section=\u00a0\u00bbno\u00a0\u00bb text_align=\u00a0\u00bbcenter\u00a0\u00bb background_image_as_pattern=\u00a0\u00bbwithout_pattern\u00a0\u00bb css=\u00a0\u00bb.vc_custom_1468921523203{padding-top: 118px !important;padding-bottom: 108px !important;}\u00a0\u00bb][vc_column width=\u00a0\u00bb1\/6&Prime;][\/vc_column][vc_column width=\u00a0\u00bb2\/3&Prime;][vc_column_text] La Floraci\u00f3 a les Terres de Lleida [\/vc_column_text][vc_empty_space][vc_column_text] En breu, tindr\u00e0s tota la informaci\u00f3 sobre La Floraci\u00f3 2024 a les Terres de Lleida. [\/vc_column_text][\/vc_column][vc_column width=\u00a0\u00bb1\/6&Prime;][\/vc_column][\/vc_row]<\/p>\n","protected":false},"author":3,"featured_media":0,"parent":0,"menu_order":0,"comment_status":"closed","ping_status":"closed","template":"full_width.php","meta":{"_monsterinsights_skip_tracking":false,"_monsterinsights_sitenote_active":false,"_monsterinsights_sitenote_note":"","_monsterinsights_sitenote_category":0,"footnotes":""},"class_list":["post-2617","page","type-page","status-publish","hentry"],"_links":{"self":[{"href":"https:\/\/lafloracio.cat\/fr\/wp-json\/wp\/v2\/pages\/2617","targetHints":{"allow":["GET"]}}],"collection":[{"href":"https:\/\/lafloracio.cat\/fr\/wp-json\/wp\/v2\/pages"}],"about":[{"href":"https:\/\/lafloracio.cat\/fr\/wp-json\/wp\/v2\/types\/page"}],"author":[{"embeddable":true,"href":"https:\/\/lafloracio.cat\/fr\/wp-json\/wp\/v2\/users\/3"}],"replies":[{"embeddable":true,"href":"https:\/\/lafloracio.cat\/fr\/wp-json\/wp\/v2\/comments?post=2617"}],"version-history":[{"count":0,"href":"https:\/\/lafloracio.cat\/fr\/wp-json\/wp\/v2\/pages\/2617\/revisions"}],"wp:attachment":[{"href":"https:\/\/lafloracio.cat\/fr\/wp-json\/wp\/v2\/media?parent=2617"}],"curies":[{"name":"wp","href":"https:\/\/api.w.org\/{rel}","templated":true}]}}

<section class="wpb-content-wrapper"><p>[vc_row css_animation= » » row_type= »row » use_row_as_full_screen_section= »no » type= »grid » angled_section= »no » text_align= »center » background_image_as_pattern= »without_pattern » css= ».vc_custom_1468921523203{padding-top: 118px !important;padding-bottom: 108px !important;} »][vc_column width= »1/6&Prime;][/vc_column][vc_column width= »2/3&Prime;][vc_column_text]</p>
<h1 style="text-align: center;">La Floració a les Terres de Lleida</h1>
<p>[/vc_column_text][vc_empty_space][vc_column_text]</p>
<h3 style="text-align: center;">En breu, tindràs tota la informació sobre</h3>
<h3 style="text-align: center;">La Floració 2024 a les Terres de Lleida.</h3>
<p>[/vc_column_text][/vc_column][vc_column width= »1/6&Prime;][/vc_column][/vc_row]</p>
</section>

<p>[vc_row css_animation= » » row_type= »row » use_row_as_full_screen_section= »no » type= »grid » angled_section= »no » text_align= »center » background_image_as_pattern= »without_pattern » css= ».vc_custom_1468921523203{padding-top: 118px !important;padding-bottom: 108px !important;} »][vc_column width= »1/6&Prime;][/vc_column][vc_column width= »2/3&Prime;][vc_column_text] La Floració a les Terres de Lleida [/vc_column_text][vc_empty_space][vc_column_text] En breu, tindràs tota la informació sobre La Floració 2024 a les Terres de Lleida. [/vc_column_text][/vc_column][vc_column width= »1/6&Prime;][/vc_column][/vc_row]</p>
