{"id":824,"date":"2020-02-14T11:29:34","date_gmt":"2020-02-14T10:29:34","guid":{"rendered":"https:\/\/www.lafloracio.cat\/la-floracio-2\/"},"modified":"2025-02-14T15:36:37","modified_gmt":"2025-02-14T14:36:37","slug":"la-floracio","status":"publish","type":"page","link":"https:\/\/lafloracio.cat\/es\/la-floracio\/","title":{"rendered":"La Floraci\u00f3n"},"content":{"rendered":"<section class=\"wpb-content-wrapper\"><p>[vc_row css_animation=\u00bb\u00bb row_type=\u00bbrow\u00bb use_row_as_full_screen_section=\u00bbno\u00bb type=\u00bbfull_width\u00bb angled_section=\u00bbno\u00bb text_align=\u00bbcenter\u00bb background_image_as_pattern=\u00bbwithout_pattern\u00bb z_index=\u00bb\u00bb][vc_column width=\u00bb1\/4&#8243;][\/vc_column][vc_column width=\u00bb1\/2&#8243;][vc_column_text]<\/p>\n<h2 style=\"text-align: center;\">Floraci\u00f3n y territorio<\/h2>\n<p>[\/vc_column_text][vc_empty_space height=\u00bb46px\u00bb][vc_column_text]<\/p>\n<p style=\"text-align: justify;\">Dejando de lado, moment\u00e1neamente, su belleza, la floraci\u00f3n de los \u00e1rboles frutales es un evento crucial para nuestra regi\u00f3n; <strong>representa el renacer de la vida<\/strong> despu\u00e9s de meses de una quietud inerte, fr\u00eda y seca.<\/p>\n<p>&nbsp;<\/p>\n<p style=\"text-align: justify;\">Desde tiempos antiguos, los griegos celebraban este renacimiento agrario y rural en las Tesmoforias, festividades dedicadas a la diosa Dem\u00e9ter. Hoy en d\u00eda, el significado cultural de la floraci\u00f3n perdura en casi todas las sociedades y civilizaciones alrededor del mundo. Sin embargo, pocas pueden disfrutar de un escenario tan extraordinario como el nuestro, ya que <strong>el espect\u00e1culo que ofrecen estos frutales en flor, por su inmensidad y cromatismo, es simplemente incomparable.<\/strong><\/p>\n<p>&nbsp;<\/p>\n<p style=\"text-align: justify;\">M\u00e1s all\u00e1 de este marco cultural y paisaj\u00edstico, la floraci\u00f3n tambi\u00e9n representa un momento muy especial para la agricultura, siendo una recompensa al esfuerzo, la inversi\u00f3n y el cuidado de los campos. Este sector es esencial tanto para nuestra econom\u00eda como para nuestra sociedad. Por ello, es imprescindible que, mientras nos maravillamos de este milagro natural, tengamos presente la dedicaci\u00f3n y el trabajo que hay detr\u00e1s de cada una de estas flores.<\/p>\n<p>&nbsp;<\/p>\n<p style=\"text-align: justify;\">En las Tierras de Lleida, este fen\u00f3meno adquiere una dimensi\u00f3n \u00fanica. La topograf\u00eda diversa y el clima mediterr\u00e1neo crean un <strong>escenario excepcional para la floraci\u00f3n, destacando la belleza singular de nuestros paisajes.<\/strong> Adem\u00e1s, la tradici\u00f3n agr\u00edcola arraigada en nuestra regi\u00f3n se entrelaza con las nuevas formas de entender la sostenibilidad, convirtiendo la floraci\u00f3n en un testimonio vivo de la armon\u00eda entre tradici\u00f3n y progreso. De esta manera, cada flor que emerge cuenta una historia de esfuerzo, arraigo y compromiso con nuestro entorno.<\/p>\n<p>[\/vc_column_text][vc_empty_space height=\u00bb60px\u00bb][\/vc_column][vc_column width=\u00bb1\/4&#8243;][\/vc_column][\/vc_row][vc_row css_animation=\u00bb\u00bb row_type=\u00bbrow\u00bb use_row_as_full_screen_section=\u00bbno\u00bb type=\u00bbfull_width\u00bb angled_section=\u00bbno\u00bb text_align=\u00bbleft\u00bb background_image_as_pattern=\u00bbwithout_pattern\u00bb][vc_column][vc_gallery type=\u00bbimage_grid\u00bb images=\u00bb939,675,783,778,793,726,728,727,791,722,723,941,697,695,664,694,799,797,729,785&#8243; img_size=\u00bb200&#215;200&#8243; css_animation=\u00bbfadeIn\u00bb column_number=\u00bb4&#8243; grayscale=\u00bbno\u00bb images_space=\u00bbgallery_without_space\u00bb][vc_empty_space height=\u00bb60px\u00bb][\/vc_column][\/vc_row]<\/p>\n<\/section>","protected":false},"excerpt":{"rendered":"<p>[vc_row css_animation=\u00bb\u00bb row_type=\u00bbrow\u00bb use_row_as_full_screen_section=\u00bbno\u00bb type=\u00bbfull_width\u00bb angled_section=\u00bbno\u00bb text_align=\u00bbcenter\u00bb background_image_as_pattern=\u00bbwithout_pattern\u00bb z_index=\u00bb\u00bb][vc_column width=\u00bb1\/4&#8243;][\/vc_column][vc_column width=\u00bb1\/2&#8243;][vc_column_text] Floraci\u00f3n y territorio [\/vc_column_text][vc_empty_space height=\u00bb46px\u00bb][vc_column_text] Dejando de lado, moment\u00e1neamente, su belleza, la floraci\u00f3n de los \u00e1rboles frutales es un evento crucial para nuestra regi\u00f3n; representa el renacer de la vida despu\u00e9s de meses de&#8230;<\/p>\n","protected":false},"author":1,"featured_media":0,"parent":0,"menu_order":0,"comment_status":"closed","ping_status":"closed","template":"","meta":{"_monsterinsights_skip_tracking":false,"_monsterinsights_sitenote_active":false,"_monsterinsights_sitenote_note":"","_monsterinsights_sitenote_category":0,"footnotes":""},"class_list":["post-824","page","type-page","status-publish","hentry"],"_links":{"self":[{"href":"https:\/\/lafloracio.cat\/es\/wp-json\/wp\/v2\/pages\/824","targetHints":{"allow":["GET"]}}],"collection":[{"href":"https:\/\/lafloracio.cat\/es\/wp-json\/wp\/v2\/pages"}],"about":[{"href":"https:\/\/lafloracio.cat\/es\/wp-json\/wp\/v2\/types\/page"}],"author":[{"embeddable":true,"href":"https:\/\/lafloracio.cat\/es\/wp-json\/wp\/v2\/users\/1"}],"replies":[{"embeddable":true,"href":"https:\/\/lafloracio.cat\/es\/wp-json\/wp\/v2\/comments?post=824"}],"version-history":[{"count":7,"href":"https:\/\/lafloracio.cat\/es\/wp-json\/wp\/v2\/pages\/824\/revisions"}],"predecessor-version":[{"id":2426,"href":"https:\/\/lafloracio.cat\/es\/wp-json\/wp\/v2\/pages\/824\/revisions\/2426"}],"wp:attachment":[{"href":"https:\/\/lafloracio.cat\/es\/wp-json\/wp\/v2\/media?parent=824"}],"curies":[{"name":"wp","href":"https:\/\/api.w.org\/{rel}","templated":true}]}}

La Floración

<section class="wpb-content-wrapper"><p>[vc_row css_animation=»» row_type=»row» use_row_as_full_screen_section=»no» type=»full_width» angled_section=»no» text_align=»center» background_image_as_pattern=»without_pattern» z_index=»»][vc_column width=»1/4&#8243;][/vc_column][vc_column width=»1/2&#8243;][vc_column_text]</p>
<h2 style="text-align: center;">Floración y territorio</h2>
<p>[/vc_column_text][vc_empty_space height=»46px»][vc_column_text]</p>
<p style="text-align: justify;">Dejando de lado, momentáneamente, su belleza, la floración de los árboles frutales es un evento crucial para nuestra región; <strong>representa el renacer de la vida</strong> después de meses de una quietud inerte, fría y seca.</p>
<p>&nbsp;</p>
<p style="text-align: justify;">Desde tiempos antiguos, los griegos celebraban este renacimiento agrario y rural en las Tesmoforias, festividades dedicadas a la diosa Deméter. Hoy en día, el significado cultural de la floración perdura en casi todas las sociedades y civilizaciones alrededor del mundo. Sin embargo, pocas pueden disfrutar de un escenario tan extraordinario como el nuestro, ya que <strong>el espectáculo que ofrecen estos frutales en flor, por su inmensidad y cromatismo, es simplemente incomparable.</strong></p>
<p>&nbsp;</p>
<p style="text-align: justify;">Más allá de este marco cultural y paisajístico, la floración también representa un momento muy especial para la agricultura, siendo una recompensa al esfuerzo, la inversión y el cuidado de los campos. Este sector es esencial tanto para nuestra economía como para nuestra sociedad. Por ello, es imprescindible que, mientras nos maravillamos de este milagro natural, tengamos presente la dedicación y el trabajo que hay detrás de cada una de estas flores.</p>
<p>&nbsp;</p>
<p style="text-align: justify;">En las Tierras de Lleida, este fenómeno adquiere una dimensión única. La topografía diversa y el clima mediterráneo crean un <strong>escenario excepcional para la floración, destacando la belleza singular de nuestros paisajes.</strong> Además, la tradición agrícola arraigada en nuestra región se entrelaza con las nuevas formas de entender la sostenibilidad, convirtiendo la floración en un testimonio vivo de la armonía entre tradición y progreso. De esta manera, cada flor que emerge cuenta una historia de esfuerzo, arraigo y compromiso con nuestro entorno.</p>
<p>[/vc_column_text][vc_empty_space height=»60px»][/vc_column][vc_column width=»1/4&#8243;][/vc_column][/vc_row][vc_row css_animation=»» row_type=»row» use_row_as_full_screen_section=»no» type=»full_width» angled_section=»no» text_align=»left» background_image_as_pattern=»without_pattern»][vc_column][vc_gallery type=»image_grid» images=»939,675,783,778,793,726,728,727,791,722,723,941,697,695,664,694,799,797,729,785&#8243; img_size=»200&#215;200&#8243; css_animation=»fadeIn» column_number=»4&#8243; grayscale=»no» images_space=»gallery_without_space»][vc_empty_space height=»60px»][/vc_column][/vc_row]</p>
</section>

<p>[vc_row css_animation=»» row_type=»row» use_row_as_full_screen_section=»no» type=»full_width» angled_section=»no» text_align=»center» background_image_as_pattern=»without_pattern» z_index=»»][vc_column width=»1/4&#8243;][/vc_column][vc_column width=»1/2&#8243;][vc_column_text] Floración y territorio [/vc_column_text][vc_empty_space height=»46px»][vc_column_text] Dejando de lado, momentáneamente, su belleza, la floración de los árboles frutales es un evento crucial para nuestra región; representa el renacer de la vida después de meses de&#8230;</p>
