{"id":821,"date":"2020-02-25T14:22:17","date_gmt":"2020-02-25T12:22:17","guid":{"rendered":"https:\/\/www.lafloracio.cat\/seros\/"},"modified":"2022-02-28T19:31:30","modified_gmt":"2022-02-28T18:31:30","slug":"seros","status":"publish","type":"page","link":"https:\/\/lafloracio.cat\/es\/seros\/","title":{"rendered":"Ser\u00f2s"},"content":{"rendered":"<section class=\"wpb-content-wrapper\"><p>[vc_row css_animation=\u00bb\u00bb row_type=\u00bbrow\u00bb use_row_as_full_screen_section=\u00bbno\u00bb type=\u00bbfull_width\u00bb angled_section=\u00bbno\u00bb text_align=\u00bbleft\u00bb background_image_as_pattern=\u00bbwithout_pattern\u00bb][vc_column width=\u00bb1\/6&#8243;][\/vc_column][vc_column width=\u00bb2\/3&#8243;][vc_column_text]<\/p>\n<h1 style=\"text-align: center;\">FlorSer\u00f2s Experience.<\/h1>\n<h3 style=\"text-align: center;\">Est\u00edmulos de colores en los campos floridos de Ser\u00f2s..<\/h3>\n<p>[\/vc_column_text][vc_empty_space height=\u00bb46px\u00bb][vc_column_text]<strong>\u00bfD\u00f3nde estamos?<\/strong><\/p>\n<p>Ser\u00f2s se sit\u00faa a la subcomarca del Baix Segre. El t\u00e9rmino municipal, con sus 98km2, encontramos una amplia zona de regad\u00edo y una importante zona de secano. Destacamos el Espacio Natural del Aiguabarreig Segre-Cinca, donde encontramos otra concentraci\u00f3n de aves migratorias y las zonas PEIN (Paisaje de Especial Inter\u00e9s Natural) y ZEPA (Zona de Especial Protecci\u00f3n de las Aves) de los Tozales de Ser\u00f2s &#8211; Montmaneu.<\/p>\n<p>&nbsp;<\/p>\n<p><strong>\u00bfQu\u00e9 podemos ver?<\/strong><\/p>\n<div class=\"traductor-textarea form-group\">\n<div class=\"textarea-desti col-xs-12 col-sm-6\">\n<div class=\"form-control second-textarea\">\n<p>Durante la visita nos trasladaremos a 3 zonas diferenciadas del t\u00e9rmino. En primer lugar nos desplazaremos hacia la zona de secano, donde podremos ver los contrastes entre las zonas donde no llega ning\u00fan regad\u00edo de las zonas con extensas plantaciones de \u00e1rboles frutales regadas por el Segri\u00e0 Sur. All\u00ed disfrutaremos de las vistas de las plantaciones florecidas a la espera de los insectos que polinizar\u00e1n las flores, que en unos 2 o 3 meses dar\u00e1n lugar a los frutos dulces y carnosos que encontraremos a los supermercados de proximidad y otros pa\u00edses.<\/p>\n<\/div>\n<\/div>\n<\/div>\n<div class=\"traductor-checkbox form-group\">\n<div class=\"row\">\n<div class=\"col-sm-5\"><\/div>\n<\/div>\n<\/div>\n<p><strong>\u00bfQu\u00e9 podemos aprender?<\/strong><\/p>\n<p>Nuestros gu\u00edas locales nos explicar\u00e1n la importancia de la fruticultura en la econom\u00eda local y nos demostrar\u00e1n que la fruta no solo se cosecha en verano, sino que se tiene que podar, aclarar, regar, adobar, controlar las plagas para finalmente recoger el fruto.<\/p>\n<p>Tambi\u00e9n aprenderemos las tipolog\u00edas de \u00e1rboles frutales, la importancia que tiene el momento de la floraci\u00f3n y la polinizaci\u00f3n para asegurar una buena cosecha.<\/p>\n<p>&nbsp;<\/p>\n<p><strong>Elementos singulares de nuestro patrimonio<\/strong><\/p>\n<p>Monasterio Trinitario de Avinganya<\/p>\n<p>Restos visigodos del Bovalar (catalogado como BCIN)<\/p>\n<p>&nbsp;<\/p>\n<p><strong>Paradas imprescindibles<\/strong><\/p>\n<p>Campos en flor al pie del Montmaneu<\/p>\n<p>Restos visigodos del Bovalar<\/p>\n<p>Monasterio Trinitario de Avinganya<\/p>\n<p>&nbsp;<\/p>\n<p><strong>Distancia: <\/strong>Esta ruta se realiza con minib\u00fas. Hay rutas para hacer a pie por libre.<\/p>\n<p><strong>Duraci\u00f3n de la ruta:<\/strong>\u00a02h<\/p>\n<p><strong>Tama\u00f1o del grupo por ruta:<\/strong> m\u00e1ximo 30 personas.<\/p>\n<p><strong>D\u00edas disponibles: <\/strong>S\u00e1bados y domingos del 19 de febrero al 13 de marzo.<\/p>\n<p><strong>Horarios:<\/strong> 10:00h, 12:15h y 16:00h<\/p>\n<p><strong>Precios<\/strong><\/p>\n<p>De 0 a 3 a\u00f1os \u2013 gratu\u00efto<\/p>\n<p>De 4 a 17 a\u00f1os \u2013 6\u20ac<\/p>\n<p>De 18 a 64 a\u00f1os \u2013 12\u20ac<\/p>\n<p>A partir de 65 a\u00f1os \u2013 6\u20ac<\/p>\n<p>(todos los precios inluyen el IVA)[\/vc_column_text][vc_empty_space height=\u00bb46px\u00bb][vc_separator type=\u00bbnormal\u00bb color=\u00bb#000000&#8243;][\/vc_column][vc_column width=\u00bb1\/6&#8243;][vc_empty_space height=\u00bb120px\u00bb][vc_column_text]<\/p>\n<h6 style=\"text-align: right;\">AYUNTAMIENTO<\/h6>\n<h6 style=\"text-align: right;\">DE SER\u00d2S<\/h6>\n<p style=\"text-align: right;\">Pla\u00e7a de les Escoles, 1<\/p>\n<p style=\"text-align: right;\">25183 Ser\u00f2s<\/p>\n<p style=\"text-align: right;\">Lleida<\/p>\n<p>[\/vc_column_text][vc_empty_space height=\u00bb46px\u00bb]<a  itemprop=\"url\" href=\"https:\/\/www.seros.cat\/\" target=\"_blank\"  class=\"qbutton  center enlarge\" style=\"\">WEB MUNICIPAL<\/a>[vc_empty_space height=\u00bb46px\u00bb][vc_separator type=\u00bbnormal\u00bb color=\u00bb#000000&#8243;][vc_column_text]<\/p>\n<h5 style=\"text-align: right;\">Tel. 973 780 009<\/h5>\n<p>[\/vc_column_text][vc_empty_space height=\u00bb46px\u00bb][\/vc_column][\/vc_row][vc_row css_animation=\u00bb\u00bb row_type=\u00bbrow\u00bb use_row_as_full_screen_section=\u00bbno\u00bb type=\u00bbfull_width\u00bb angled_section=\u00bbno\u00bb text_align=\u00bbcenter\u00bb background_image_as_pattern=\u00bbwithout_pattern\u00bb z_index=\u00bb\u00bb][vc_column width=\u00bb1\/6&#8243;][\/vc_column][vc_column width=\u00bb2\/3&#8243;][vc_empty_space height=\u00bb46px\u00bb][vc_column_text]<\/p>\n<h3 class=\"p1\" style=\"text-align: center;\"><span class=\"s1\">Haz tu reserva<\/span><\/h3>\n<p>[\/vc_column_text][vc_empty_space height=\u00bb46px\u00bb]<a  itemprop=\"url\" href=\"https:\/\/www.inscripcions.cat\/floracioseros2022\" target=\"_blank\"  class=\"qbutton  center enlarge\" style=\"\">REVERVA<\/a>[vc_empty_space height=\u00bb46px\u00bb][vc_separator type=\u00bbnormal\u00bb color=\u00bb#000000&#8243;][vc_empty_space height=\u00bb46px\u00bb][vc_column_text]<\/p>\n<h3 class=\"p1\" style=\"text-align: center;\"><span class=\"s1\">Si tienes cualquier consulta contacta con nosotros.<\/span><\/h3>\n<p>[\/vc_column_text][vc_empty_space height=\u00bb46px\u00bb]<a  itemprop=\"url\" href=\"https:\/\/lafloracio.cat\/contacta-seros\/\" target=\"_self\"  class=\"qbutton  center enlarge\" style=\"\">CONTACTA<\/a>[vc_empty_space height=\u00bb46px\u00bb][vc_separator type=\u00bbnormal\u00bb color=\u00bb#000000&#8243;][vc_empty_space height=\u00bb46px\u00bb][vc_gallery type=\u00bbimage_grid\u00bb images=\u00bb931,941,312,549,542,313,314,315,316&#8243; img_size=\u00bb200&#215;200&#8243; css_animation=\u00bbfadeIn\u00bb column_number=\u00bb3&#8243; grayscale=\u00bbno\u00bb images_space=\u00bbgallery_without_space\u00bb][vc_empty_space height=\u00bb60px\u00bb][\/vc_column][vc_column width=\u00bb1\/6&#8243;][\/vc_column][\/vc_row]<\/p>\n<\/section>","protected":false},"excerpt":{"rendered":"<p>[vc_row css_animation=\u00bb\u00bb row_type=\u00bbrow\u00bb use_row_as_full_screen_section=\u00bbno\u00bb type=\u00bbfull_width\u00bb angled_section=\u00bbno\u00bb text_align=\u00bbleft\u00bb background_image_as_pattern=\u00bbwithout_pattern\u00bb][vc_column width=\u00bb1\/6&#8243;][\/vc_column][vc_column width=\u00bb2\/3&#8243;][vc_column_text] FlorSer\u00f2s Experience. Est\u00edmulos de colores en los campos floridos de Ser\u00f2s.. [\/vc_column_text][vc_empty_space height=\u00bb46px\u00bb][vc_column_text]\u00bfD\u00f3nde estamos? Ser\u00f2s se sit\u00faa a la subcomarca del Baix Segre. El t\u00e9rmino municipal, con sus 98km2, encontramos una amplia zona de regad\u00edo&#8230;<\/p>\n","protected":false},"author":1,"featured_media":0,"parent":0,"menu_order":0,"comment_status":"closed","ping_status":"closed","template":"","meta":{"_monsterinsights_skip_tracking":false,"_monsterinsights_sitenote_active":false,"_monsterinsights_sitenote_note":"","_monsterinsights_sitenote_category":0,"footnotes":""},"class_list":["post-821","page","type-page","status-publish","hentry"],"_links":{"self":[{"href":"https:\/\/lafloracio.cat\/es\/wp-json\/wp\/v2\/pages\/821","targetHints":{"allow":["GET"]}}],"collection":[{"href":"https:\/\/lafloracio.cat\/es\/wp-json\/wp\/v2\/pages"}],"about":[{"href":"https:\/\/lafloracio.cat\/es\/wp-json\/wp\/v2\/types\/page"}],"author":[{"embeddable":true,"href":"https:\/\/lafloracio.cat\/es\/wp-json\/wp\/v2\/users\/1"}],"replies":[{"embeddable":true,"href":"https:\/\/lafloracio.cat\/es\/wp-json\/wp\/v2\/comments?post=821"}],"version-history":[{"count":10,"href":"https:\/\/lafloracio.cat\/es\/wp-json\/wp\/v2\/pages\/821\/revisions"}],"predecessor-version":[{"id":1553,"href":"https:\/\/lafloracio.cat\/es\/wp-json\/wp\/v2\/pages\/821\/revisions\/1553"}],"wp:attachment":[{"href":"https:\/\/lafloracio.cat\/es\/wp-json\/wp\/v2\/media?parent=821"}],"curies":[{"name":"wp","href":"https:\/\/api.w.org\/{rel}","templated":true}]}}

Seròs

<section class="wpb-content-wrapper"><p>[vc_row css_animation=»» row_type=»row» use_row_as_full_screen_section=»no» type=»full_width» angled_section=»no» text_align=»left» background_image_as_pattern=»without_pattern»][vc_column width=»1/6&#8243;][/vc_column][vc_column width=»2/3&#8243;][vc_column_text]</p>
<h1 style="text-align: center;">FlorSeròs Experience.</h1>
<h3 style="text-align: center;">Estímulos de colores en los campos floridos de Seròs..</h3>
<p>[/vc_column_text][vc_empty_space height=»46px»][vc_column_text]<strong>¿Dónde estamos?</strong></p>
<p>Seròs se sitúa a la subcomarca del Baix Segre. El término municipal, con sus 98km2, encontramos una amplia zona de regadío y una importante zona de secano. Destacamos el Espacio Natural del Aiguabarreig Segre-Cinca, donde encontramos otra concentración de aves migratorias y las zonas PEIN (Paisaje de Especial Interés Natural) y ZEPA (Zona de Especial Protección de las Aves) de los Tozales de Seròs &#8211; Montmaneu.</p>
<p>&nbsp;</p>
<p><strong>¿Qué podemos ver?</strong></p>
<div class="traductor-textarea form-group">
<div class="textarea-desti col-xs-12 col-sm-6">
<div class="form-control second-textarea">
<p>Durante la visita nos trasladaremos a 3 zonas diferenciadas del término. En primer lugar nos desplazaremos hacia la zona de secano, donde podremos ver los contrastes entre las zonas donde no llega ningún regadío de las zonas con extensas plantaciones de árboles frutales regadas por el Segrià Sur. Allí disfrutaremos de las vistas de las plantaciones florecidas a la espera de los insectos que polinizarán las flores, que en unos 2 o 3 meses darán lugar a los frutos dulces y carnosos que encontraremos a los supermercados de proximidad y otros países.</p>
</div>
</div>
</div>
<div class="traductor-checkbox form-group">
<div class="row">
<div class="col-sm-5"></div>
</div>
</div>
<p><strong>¿Qué podemos aprender?</strong></p>
<p>Nuestros guías locales nos explicarán la importancia de la fruticultura en la economía local y nos demostrarán que la fruta no solo se cosecha en verano, sino que se tiene que podar, aclarar, regar, adobar, controlar las plagas para finalmente recoger el fruto.</p>
<p>También aprenderemos las tipologías de árboles frutales, la importancia que tiene el momento de la floración y la polinización para asegurar una buena cosecha.</p>
<p>&nbsp;</p>
<p><strong>Elementos singulares de nuestro patrimonio</strong></p>
<p>Monasterio Trinitario de Avinganya</p>
<p>Restos visigodos del Bovalar (catalogado como BCIN)</p>
<p>&nbsp;</p>
<p><strong>Paradas imprescindibles</strong></p>
<p>Campos en flor al pie del Montmaneu</p>
<p>Restos visigodos del Bovalar</p>
<p>Monasterio Trinitario de Avinganya</p>
<p>&nbsp;</p>
<p><strong>Distancia: </strong>Esta ruta se realiza con minibús. Hay rutas para hacer a pie por libre.</p>
<p><strong>Duración de la ruta:</strong> 2h</p>
<p><strong>Tamaño del grupo por ruta:</strong> máximo 30 personas.</p>
<p><strong>Días disponibles: </strong>Sábados y domingos del 19 de febrero al 13 de marzo.</p>
<p><strong>Horarios:</strong> 10:00h, 12:15h y 16:00h</p>
<p><strong>Precios</strong></p>
<p>De 0 a 3 años – gratuïto</p>
<p>De 4 a 17 años – 6€</p>
<p>De 18 a 64 años – 12€</p>
<p>A partir de 65 años – 6€</p>
<p>(todos los precios inluyen el IVA)[/vc_column_text][vc_empty_space height=»46px»][vc_separator type=»normal» color=»#000000&#8243;][/vc_column][vc_column width=»1/6&#8243;][vc_empty_space height=»120px»][vc_column_text]</p>
<h6 style="text-align: right;">AYUNTAMIENTO</h6>
<h6 style="text-align: right;">DE SERÒS</h6>
<p style="text-align: right;">Plaça de les Escoles, 1</p>
<p style="text-align: right;">25183 Seròs</p>
<p style="text-align: right;">Lleida</p>
<p>[/vc_column_text][vc_empty_space height=»46px»]<a  itemprop="url" href="https://www.seros.cat/" target="_blank"  class="qbutton  center enlarge" style="">WEB MUNICIPAL</a>[vc_empty_space height=»46px»][vc_separator type=»normal» color=»#000000&#8243;][vc_column_text]</p>
<h5 style="text-align: right;">Tel. 973 780 009</h5>
<p>[/vc_column_text][vc_empty_space height=»46px»][/vc_column][/vc_row][vc_row css_animation=»» row_type=»row» use_row_as_full_screen_section=»no» type=»full_width» angled_section=»no» text_align=»center» background_image_as_pattern=»without_pattern» z_index=»»][vc_column width=»1/6&#8243;][/vc_column][vc_column width=»2/3&#8243;][vc_empty_space height=»46px»][vc_column_text]</p>
<h3 class="p1" style="text-align: center;"><span class="s1">Haz tu reserva</span></h3>
<p>[/vc_column_text][vc_empty_space height=»46px»]<a  itemprop="url" href="https://www.inscripcions.cat/floracioseros2022" target="_blank"  class="qbutton  center enlarge" style="">REVERVA</a>[vc_empty_space height=»46px»][vc_separator type=»normal» color=»#000000&#8243;][vc_empty_space height=»46px»][vc_column_text]</p>
<h3 class="p1" style="text-align: center;"><span class="s1">Si tienes cualquier consulta contacta con nosotros.</span></h3>
<p>[/vc_column_text][vc_empty_space height=»46px»]<a  itemprop="url" href="https://lafloracio.cat/contacta-seros/" target="_self"  class="qbutton  center enlarge" style="">CONTACTA</a>[vc_empty_space height=»46px»][vc_separator type=»normal» color=»#000000&#8243;][vc_empty_space height=»46px»][vc_gallery type=»image_grid» images=»931,941,312,549,542,313,314,315,316&#8243; img_size=»200&#215;200&#8243; css_animation=»fadeIn» column_number=»3&#8243; grayscale=»no» images_space=»gallery_without_space»][vc_empty_space height=»60px»][/vc_column][vc_column width=»1/6&#8243;][/vc_column][/vc_row]</p>
</section>

<p>[vc_row css_animation=»» row_type=»row» use_row_as_full_screen_section=»no» type=»full_width» angled_section=»no» text_align=»left» background_image_as_pattern=»without_pattern»][vc_column width=»1/6&#8243;][/vc_column][vc_column width=»2/3&#8243;][vc_column_text] FlorSeròs Experience. Estímulos de colores en los campos floridos de Seròs.. [/vc_column_text][vc_empty_space height=»46px»][vc_column_text]¿Dónde estamos? Seròs se sitúa a la subcomarca del Baix Segre. El término municipal, con sus 98km2, encontramos una amplia zona de regadío&#8230;</p>
