{"id":820,"date":"2020-02-25T14:31:35","date_gmt":"2020-02-25T12:31:35","guid":{"rendered":"https:\/\/www.lafloracio.cat\/soses\/"},"modified":"2023-03-08T17:41:50","modified_gmt":"2023-03-08T16:41:50","slug":"soses","status":"publish","type":"page","link":"https:\/\/lafloracio.cat\/es\/soses\/","title":{"rendered":"Soses"},"content":{"rendered":"<section class=\"wpb-content-wrapper\"><p>[vc_row css_animation=\u00bb\u00bb row_type=\u00bbrow\u00bb use_row_as_full_screen_section=\u00bbno\u00bb type=\u00bbfull_width\u00bb angled_section=\u00bbno\u00bb text_align=\u00bbleft\u00bb background_image_as_pattern=\u00bbwithout_pattern\u00bb][vc_column width=\u00bb1\/6&#8243;][\/vc_column][vc_column width=\u00bb2\/3&#8243;][vc_column_text]<\/p>\n<h1 style=\"text-align: center;\">Soses en Flor.<\/h1>\n<h4 style=\"text-align: center;\">CAMPOS FLORIDOS Y MIRADOR DEL SEGRE DE SOSES<\/h4>\n<h3 style=\"text-align: center;\">Descubre la belleza de los campos florecidos de Soses.<\/h3>\n<p>[\/vc_column_text][vc_empty_space height=\u00bb46px\u00bb][vc_column_text]<strong>Descripci\u00f3n de la ruta<\/strong><\/p>\n<p>Ruta que se puede hacer durante toda la floraci\u00f3n.<\/p>\n<p>Ruta que se puede hacer andando, en bicicleta o en veh\u00edculo particular.<\/p>\n<p>Paseo por los campos floridos del t\u00e9rmino municipal de Soses, donde se puede disfrutar de un mosaico de colores, flores de almendros, melocotoneros y albaricoqueros.<\/p>\n<p>La ruta pasa por diferentes miradores, entre ellos el del poblado \u00cdbero del Gebut, donde tambi\u00e9n se hacen visitas guiadas (ver ficha mirador del poblado del Gebut). En el mirador del Segre, podr\u00e9is disfrutar de diversidad de aves, sobre todo cisnes y cig\u00fce\u00f1as en el r\u00edo Segre.<\/p>\n<p>No hace falta gu\u00eda, esta todo debidamente se\u00f1alizado.<\/p>\n<p>&nbsp;<\/p>\n<p><strong>Distancia Ruta: <\/strong>16 Km<\/p>\n<p><strong>D\u00edas disponibles: <\/strong>Toda la floraci\u00f3n. Desde finales de febrero hasta finales de marzo.<\/p>\n<p><strong>Horarios:<\/strong> Horario libre.<\/p>\n<p><strong>Tama\u00f1o del grupo por ruta:<\/strong> Ilimitado.<\/p>\n<p><strong>Precios<\/strong><\/p>\n<p>GRATUITA.[\/vc_column_text][vc_empty_space height=\u00bb46px\u00bb]<a  itemprop=\"url\" href=\"https:\/\/ca.wikiloc.com\/rutes-btt\/ruta-soses-en-flor-78709787\" target=\"_blank\"  class=\"qbutton  center enlarge\" style=\"\">RUTA WIKILOC<\/a>[vc_empty_space height=\u00bb46px\u00bb][vc_separator type=\u00bbnormal\u00bb color=\u00bb#000000&#8243;][vc_empty_space height=\u00bb46px\u00bb][vc_column_text]<\/p>\n<h1 style=\"text-align: center;\"><strong>Soses -Utxesa en bicicleta.<\/strong><\/h1>\n<p>[\/vc_column_text][vc_empty_space height=\u00bb46px\u00bb][vc_column_text]<strong>Descripci\u00f3n de la ruta<\/strong><\/p>\n<p>Organizada por el club ciclista de Soses.<\/p>\n<p>Salida desde la Plaza Santiago\u00a0Miret\u00a0con bicicletas direcci\u00f3n\u00a0Utxesa, para visitar la finca m\u00e1s famosa de la floraci\u00f3n Frutas\u00a0Espax.<\/p>\n<p>Durante el recorrido se pasa por diferentes tipos de campos floridos y por el pantano de Utxesa.<\/p>\n<p>Se podr\u00e1n hacer fotograf\u00edas y disfrutar de las famosas vistas del mar rosa.<\/p>\n<p>No hay servicio de alquiler de bicicletas.<\/p>\n<p>Se ofrecer\u00e1 fruta y refrigerio a los asistentes.<\/p>\n<p>&nbsp;<\/p>\n<p><strong>Distancia Ruta: <\/strong>25-30 Km<\/p>\n<p><strong>Duraci\u00f3n: <\/strong>2-3h.<\/p>\n<p><strong>D\u00eda disponible: <\/strong>18 de marzo.<\/p>\n<p><strong>Horarios:<\/strong> 9.00h.<\/p>\n<p><strong>Tama\u00f1o del grupo por ruta:<\/strong> Ilimitado.<\/p>\n<p><strong>Precios<\/strong><\/p>\n<p>GRATUITA.[\/vc_column_text][vc_empty_space height=\u00bb46px\u00bb]<a  itemprop=\"url\" href=\"https:\/\/ca.wikiloc.com\/rutes-btt\/soses-utxesa-pels-fruiters-florits-123786184\" target=\"_blank\"  class=\"qbutton  center enlarge\" style=\"\">RUTA WIKILOC<\/a>[vc_empty_space height=\u00bb46px\u00bb][vc_separator type=\u00bbnormal\u00bb color=\u00bb#000000&#8243;][vc_empty_space height=\u00bb46px\u00bb][vc_column_text]<\/p>\n<h1 style=\"text-align: center;\"><strong>Visita guiada al poblado \u00cdbero del Gebut &#8211; Soses.<\/strong><\/h1>\n<p>[\/vc_column_text][vc_empty_space height=\u00bb46px\u00bb][vc_column_text]<strong>Descripci\u00f3n de la visita<\/strong><\/p>\n<p>Visita guiada por el grupo de investigaci\u00f3n prehist\u00f3rica de la UDL y la asociaci\u00f3n Amigos del\u00a0Gebut\u00a0de Soses.<\/p>\n<p>Arque\u00f3logos que han trabajado en el yacimiento nos explican de primera mano los hallazgos recientes. Se trata de un yacimiento\u00a0 donde se han llevado a cabo varias excavaciones para consolidar el yacimiento, y a partir de estas se puede afirmar que el poblado corresponde a los a\u00f1os 650 y el 50 a. C..<\/p>\n<p>Actualmente podemos ver una serie de viviendas de planta rectangular puestos en fila a lo largo de dos calles, enlosados con piedras planas sin trabajar, y una cisterna central. Antiguamente hab\u00eda un tipo de cloaca para la recogida de aguas, en la actualidad muy degradada.<\/p>\n<p>La parte noroeste presenta una peque\u00f1a elevaci\u00f3n con viviendas rectangulares, la cual podr\u00eda formar un tipo de acr\u00f3polis. En la parte oeste se pueden ver todav\u00eda restos de una fortificaci\u00f3n hecha con piedras de grandes dimensiones.<\/p>\n<p>Es justo decir que el poblado todav\u00eda no ha sido excavado en su totalidad, lo cual hace pensar que podr\u00eda aportar mucha m\u00e1s informaci\u00f3n todav\u00eda.<\/p>\n<p>&nbsp;<\/p>\n<p><strong>Distancia Ruta: <\/strong>Est\u00e1 a 4,5Km de Soses, carretera de Soses a Aitona.<\/p>\n<p><strong>Duraci\u00f3n: <\/strong>1.30h.<\/p>\n<p><strong>D\u00edas disponibles: <\/strong>11, 12, 18 y 19 \u00a0de marzo.<\/p>\n<p><strong>Horarios:<\/strong> a las 10.00h.\u00a0 y a las 12.00h.<\/p>\n<p><strong>Tama\u00f1o del grupo por ruta:<\/strong> Ilimitado.<\/p>\n<p><strong>Precios<\/strong><\/p>\n<p>3\u20ac por persona.[\/vc_column_text][vc_empty_space height=\u00bb46px\u00bb]<a  itemprop=\"url\" href=\"https:\/\/www.iter5.cat\/inscripcions\/formCursa.php?id=1841\" target=\"_blank\"  class=\"qbutton  center enlarge\" style=\"\">INSCR\u00cdBETE A LA VISITA<\/a>[vc_empty_space height=\u00bb46px\u00bb][\/vc_column][vc_column width=\u00bb1\/6&#8243;][vc_empty_space height=\u00bb120px\u00bb][vc_column_text]<\/p>\n<h6 style=\"text-align: right;\"><strong>AYUNTAMIENTO<\/strong><\/h6>\n<h6 style=\"text-align: right;\"><strong>DE SOSES<\/strong><\/h6>\n<p style=\"text-align: right;\">Pla\u00e7a Esglesia, 2<\/p>\n<p style=\"text-align: right;\">25181 Soses<\/p>\n<p style=\"text-align: right;\">Lleida<\/p>\n<p>[\/vc_column_text][vc_empty_space height=\u00bb40px\u00bb]<a  itemprop=\"url\" href=\"https:\/\/www.soses.cat\/\" target=\"_blank\"  class=\"qbutton  center enlarge\" style=\"\">WEB MUNICIPAL<\/a>[vc_empty_space height=\u00bb40px\u00bb][vc_separator type=\u00bbnormal\u00bb color=\u00bb#000000&#8243;][vc_column_text]<\/p>\n<h4 style=\"text-align: right;\">Tel. 973 797\u00a0 806<\/h4>\n<p>[\/vc_column_text][vc_empty_space height=\u00bb40px\u00bb][\/vc_column][\/vc_row][vc_row css_animation=\u00bb\u00bb row_type=\u00bbrow\u00bb use_row_as_full_screen_section=\u00bbno\u00bb type=\u00bbfull_width\u00bb angled_section=\u00bbno\u00bb text_align=\u00bbcenter\u00bb background_image_as_pattern=\u00bbwithout_pattern\u00bb z_index=\u00bb\u00bb][vc_column width=\u00bb1\/6&#8243;][\/vc_column][vc_column width=\u00bb2\/3&#8243;][vc_separator type=\u00bbnormal\u00bb color=\u00bb#000000&#8243;][vc_empty_space height=\u00bb46px\u00bb][vc_column_text]<\/p>\n<div class=\"wpb_text_column wpb_content_element \">\n<div class=\"wpb_wrapper\">\n<h3 class=\"p1\" style=\"text-align: center;\"><span class=\"s1\">Si tienes cualquier consulta contacta con nosotros.<\/span><\/h3>\n<\/div>\n<\/div>\n<div class=\"vc_empty_space\"><\/div>\n<p>[\/vc_column_text][vc_empty_space height=\u00bb46px\u00bb]<a  itemprop=\"url\" href=\"https:\/\/lafloracio.cat\/contacta-soses\/\" target=\"_self\"  class=\"qbutton  center enlarge\" style=\"\">CONTACTA<\/a>[vc_empty_space height=\u00bb46px\u00bb][vc_separator type=\u00bbnormal\u00bb color=\u00bb#000000&#8243;][vc_empty_space height=\u00bb46px\u00bb][vc_gallery type=\u00bbimage_grid\u00bb images=\u00bb722,738,729,728,727,726,725,724,735&#8243; img_size=\u00bb200&#215;200&#8243; css_animation=\u00bbfadeIn\u00bb column_number=\u00bb3&#8243; grayscale=\u00bbno\u00bb images_space=\u00bbgallery_without_space\u00bb][vc_empty_space height=\u00bb60px\u00bb][\/vc_column][vc_column width=\u00bb1\/6&#8243;][\/vc_column][\/vc_row]<\/p>\n<\/section>","protected":false},"excerpt":{"rendered":"<p>[vc_row css_animation=\u00bb\u00bb row_type=\u00bbrow\u00bb use_row_as_full_screen_section=\u00bbno\u00bb type=\u00bbfull_width\u00bb angled_section=\u00bbno\u00bb text_align=\u00bbleft\u00bb background_image_as_pattern=\u00bbwithout_pattern\u00bb][vc_column width=\u00bb1\/6&#8243;][\/vc_column][vc_column width=\u00bb2\/3&#8243;][vc_column_text] Soses en Flor. CAMPOS FLORIDOS Y MIRADOR DEL SEGRE DE SOSES Descubre la belleza de los campos florecidos de Soses. [\/vc_column_text][vc_empty_space height=\u00bb46px\u00bb][vc_column_text]Descripci\u00f3n de la ruta Ruta que se puede hacer durante toda la floraci\u00f3n. Ruta&#8230;<\/p>\n","protected":false},"author":1,"featured_media":0,"parent":0,"menu_order":0,"comment_status":"closed","ping_status":"closed","template":"","meta":{"_monsterinsights_skip_tracking":false,"_monsterinsights_sitenote_active":false,"_monsterinsights_sitenote_note":"","_monsterinsights_sitenote_category":0,"footnotes":""},"class_list":["post-820","page","type-page","status-publish","hentry"],"_links":{"self":[{"href":"https:\/\/lafloracio.cat\/es\/wp-json\/wp\/v2\/pages\/820","targetHints":{"allow":["GET"]}}],"collection":[{"href":"https:\/\/lafloracio.cat\/es\/wp-json\/wp\/v2\/pages"}],"about":[{"href":"https:\/\/lafloracio.cat\/es\/wp-json\/wp\/v2\/types\/page"}],"author":[{"embeddable":true,"href":"https:\/\/lafloracio.cat\/es\/wp-json\/wp\/v2\/users\/1"}],"replies":[{"embeddable":true,"href":"https:\/\/lafloracio.cat\/es\/wp-json\/wp\/v2\/comments?post=820"}],"version-history":[{"count":19,"href":"https:\/\/lafloracio.cat\/es\/wp-json\/wp\/v2\/pages\/820\/revisions"}],"predecessor-version":[{"id":2172,"href":"https:\/\/lafloracio.cat\/es\/wp-json\/wp\/v2\/pages\/820\/revisions\/2172"}],"wp:attachment":[{"href":"https:\/\/lafloracio.cat\/es\/wp-json\/wp\/v2\/media?parent=820"}],"curies":[{"name":"wp","href":"https:\/\/api.w.org\/{rel}","templated":true}]}}

<section class="wpb-content-wrapper"><p>[vc_row css_animation=»» row_type=»row» use_row_as_full_screen_section=»no» type=»full_width» angled_section=»no» text_align=»left» background_image_as_pattern=»without_pattern»][vc_column width=»1/6&#8243;][/vc_column][vc_column width=»2/3&#8243;][vc_column_text]</p>
<h1 style="text-align: center;">Soses en Flor.</h1>
<h4 style="text-align: center;">CAMPOS FLORIDOS Y MIRADOR DEL SEGRE DE SOSES</h4>
<h3 style="text-align: center;">Descubre la belleza de los campos florecidos de Soses.</h3>
<p>[/vc_column_text][vc_empty_space height=»46px»][vc_column_text]<strong>Descripción de la ruta</strong></p>
<p>Ruta que se puede hacer durante toda la floración.</p>
<p>Ruta que se puede hacer andando, en bicicleta o en vehículo particular.</p>
<p>Paseo por los campos floridos del término municipal de Soses, donde se puede disfrutar de un mosaico de colores, flores de almendros, melocotoneros y albaricoqueros.</p>
<p>La ruta pasa por diferentes miradores, entre ellos el del poblado Íbero del Gebut, donde también se hacen visitas guiadas (ver ficha mirador del poblado del Gebut). En el mirador del Segre, podréis disfrutar de diversidad de aves, sobre todo cisnes y cigüeñas en el río Segre.</p>
<p>No hace falta guía, esta todo debidamente señalizado.</p>
<p>&nbsp;</p>
<p><strong>Distancia Ruta: </strong>16 Km</p>
<p><strong>Días disponibles: </strong>Toda la floración. Desde finales de febrero hasta finales de marzo.</p>
<p><strong>Horarios:</strong> Horario libre.</p>
<p><strong>Tamaño del grupo por ruta:</strong> Ilimitado.</p>
<p><strong>Precios</strong></p>
<p>GRATUITA.[/vc_column_text][vc_empty_space height=»46px»]<a  itemprop="url" href="https://ca.wikiloc.com/rutes-btt/ruta-soses-en-flor-78709787" target="_blank"  class="qbutton  center enlarge" style="">RUTA WIKILOC</a>[vc_empty_space height=»46px»][vc_separator type=»normal» color=»#000000&#8243;][vc_empty_space height=»46px»][vc_column_text]</p>
<h1 style="text-align: center;"><strong>Soses -Utxesa en bicicleta.</strong></h1>
<p>[/vc_column_text][vc_empty_space height=»46px»][vc_column_text]<strong>Descripción de la ruta</strong></p>
<p>Organizada por el club ciclista de Soses.</p>
<p>Salida desde la Plaza Santiago Miret con bicicletas dirección Utxesa, para visitar la finca más famosa de la floración Frutas Espax.</p>
<p>Durante el recorrido se pasa por diferentes tipos de campos floridos y por el pantano de Utxesa.</p>
<p>Se podrán hacer fotografías y disfrutar de las famosas vistas del mar rosa.</p>
<p>No hay servicio de alquiler de bicicletas.</p>
<p>Se ofrecerá fruta y refrigerio a los asistentes.</p>
<p>&nbsp;</p>
<p><strong>Distancia Ruta: </strong>25-30 Km</p>
<p><strong>Duración: </strong>2-3h.</p>
<p><strong>Día disponible: </strong>18 de marzo.</p>
<p><strong>Horarios:</strong> 9.00h.</p>
<p><strong>Tamaño del grupo por ruta:</strong> Ilimitado.</p>
<p><strong>Precios</strong></p>
<p>GRATUITA.[/vc_column_text][vc_empty_space height=»46px»]<a  itemprop="url" href="https://ca.wikiloc.com/rutes-btt/soses-utxesa-pels-fruiters-florits-123786184" target="_blank"  class="qbutton  center enlarge" style="">RUTA WIKILOC</a>[vc_empty_space height=»46px»][vc_separator type=»normal» color=»#000000&#8243;][vc_empty_space height=»46px»][vc_column_text]</p>
<h1 style="text-align: center;"><strong>Visita guiada al poblado Íbero del Gebut &#8211; Soses.</strong></h1>
<p>[/vc_column_text][vc_empty_space height=»46px»][vc_column_text]<strong>Descripción de la visita</strong></p>
<p>Visita guiada por el grupo de investigación prehistórica de la UDL y la asociación Amigos del Gebut de Soses.</p>
<p>Arqueólogos que han trabajado en el yacimiento nos explican de primera mano los hallazgos recientes. Se trata de un yacimiento  donde se han llevado a cabo varias excavaciones para consolidar el yacimiento, y a partir de estas se puede afirmar que el poblado corresponde a los años 650 y el 50 a. C..</p>
<p>Actualmente podemos ver una serie de viviendas de planta rectangular puestos en fila a lo largo de dos calles, enlosados con piedras planas sin trabajar, y una cisterna central. Antiguamente había un tipo de cloaca para la recogida de aguas, en la actualidad muy degradada.</p>
<p>La parte noroeste presenta una pequeña elevación con viviendas rectangulares, la cual podría formar un tipo de acrópolis. En la parte oeste se pueden ver todavía restos de una fortificación hecha con piedras de grandes dimensiones.</p>
<p>Es justo decir que el poblado todavía no ha sido excavado en su totalidad, lo cual hace pensar que podría aportar mucha más información todavía.</p>
<p>&nbsp;</p>
<p><strong>Distancia Ruta: </strong>Está a 4,5Km de Soses, carretera de Soses a Aitona.</p>
<p><strong>Duración: </strong>1.30h.</p>
<p><strong>Días disponibles: </strong>11, 12, 18 y 19  de marzo.</p>
<p><strong>Horarios:</strong> a las 10.00h.  y a las 12.00h.</p>
<p><strong>Tamaño del grupo por ruta:</strong> Ilimitado.</p>
<p><strong>Precios</strong></p>
<p>3€ por persona.[/vc_column_text][vc_empty_space height=»46px»]<a  itemprop="url" href="https://www.iter5.cat/inscripcions/formCursa.php?id=1841" target="_blank"  class="qbutton  center enlarge" style="">INSCRÍBETE A LA VISITA</a>[vc_empty_space height=»46px»][/vc_column][vc_column width=»1/6&#8243;][vc_empty_space height=»120px»][vc_column_text]</p>
<h6 style="text-align: right;"><strong>AYUNTAMIENTO</strong></h6>
<h6 style="text-align: right;"><strong>DE SOSES</strong></h6>
<p style="text-align: right;">Plaça Esglesia, 2</p>
<p style="text-align: right;">25181 Soses</p>
<p style="text-align: right;">Lleida</p>
<p>[/vc_column_text][vc_empty_space height=»40px»]<a  itemprop="url" href="https://www.soses.cat/" target="_blank"  class="qbutton  center enlarge" style="">WEB MUNICIPAL</a>[vc_empty_space height=»40px»][vc_separator type=»normal» color=»#000000&#8243;][vc_column_text]</p>
<h4 style="text-align: right;">Tel. 973 797  806</h4>
<p>[/vc_column_text][vc_empty_space height=»40px»][/vc_column][/vc_row][vc_row css_animation=»» row_type=»row» use_row_as_full_screen_section=»no» type=»full_width» angled_section=»no» text_align=»center» background_image_as_pattern=»without_pattern» z_index=»»][vc_column width=»1/6&#8243;][/vc_column][vc_column width=»2/3&#8243;][vc_separator type=»normal» color=»#000000&#8243;][vc_empty_space height=»46px»][vc_column_text]</p>
<div class="wpb_text_column wpb_content_element ">
<div class="wpb_wrapper">
<h3 class="p1" style="text-align: center;"><span class="s1">Si tienes cualquier consulta contacta con nosotros.</span></h3>
</div>
</div>
<div class="vc_empty_space"></div>
<p>[/vc_column_text][vc_empty_space height=»46px»]<a  itemprop="url" href="https://lafloracio.cat/contacta-soses/" target="_self"  class="qbutton  center enlarge" style="">CONTACTA</a>[vc_empty_space height=»46px»][vc_separator type=»normal» color=»#000000&#8243;][vc_empty_space height=»46px»][vc_gallery type=»image_grid» images=»722,738,729,728,727,726,725,724,735&#8243; img_size=»200&#215;200&#8243; css_animation=»fadeIn» column_number=»3&#8243; grayscale=»no» images_space=»gallery_without_space»][vc_empty_space height=»60px»][/vc_column][vc_column width=»1/6&#8243;][/vc_column][/vc_row]</p>
</section>

<p>[vc_row css_animation=»» row_type=»row» use_row_as_full_screen_section=»no» type=»full_width» angled_section=»no» text_align=»left» background_image_as_pattern=»without_pattern»][vc_column width=»1/6&#8243;][/vc_column][vc_column width=»2/3&#8243;][vc_column_text] Soses en Flor. CAMPOS FLORIDOS Y MIRADOR DEL SEGRE DE SOSES Descubre la belleza de los campos florecidos de Soses. [/vc_column_text][vc_empty_space height=»46px»][vc_column_text]Descripción de la ruta Ruta que se puede hacer durante toda la floración. Ruta&#8230;</p>
