{"id":2250,"date":"2024-02-26T17:20:30","date_gmt":"2024-02-26T16:20:30","guid":{"rendered":"https:\/\/www.lafloracio.cat\/?page_id=2250"},"modified":"2025-02-28T12:52:28","modified_gmt":"2025-02-28T11:52:28","slug":"segria","status":"publish","type":"page","link":"https:\/\/lafloracio.cat\/es\/segria\/","title":{"rendered":"El Segri\u00e0"},"content":{"rendered":"<section class=\"wpb-content-wrapper\"><p>[vc_row css_animation=\u00bb\u00bb row_type=\u00bbrow\u00bb use_row_as_full_screen_section=\u00bbno\u00bb type=\u00bbfull_width\u00bb angled_section=\u00bbno\u00bb text_align=\u00bbleft\u00bb background_image_as_pattern=\u00bbwithout_pattern\u00bb][vc_column width=\u00bb1\/6&#8243;][\/vc_column][vc_column width=\u00bb2\/3&#8243;][vc_column_text]<\/p>\n<h1 style=\"text-align: center;\">El Segri\u00e0<\/h1>\n<h3 style=\"text-align: center;\">Campos en flor<\/h3>\n<p>[\/vc_column_text][vc_empty_space height=\u00bb46px\u00bb][vc_column_text]<\/p>\n<p style=\"text-align: justify;\">La explosi\u00f3n de colores que trae consigo la floraci\u00f3n de los campos de \u00e1rboles frutales en el Segri\u00e0, en las tierras de Lleida, es un espect\u00e1culo impresionante que transforma la regi\u00f3n en un lienzo natural durante la primavera. El paisaje se engalana con una diversidad floral, donde cada \u00e1rbol frutal, ya sea peral o melocotonero, contribuye a este despliegue de la naturaleza.<\/p>\n<p>&nbsp;<\/p>\n<p style=\"text-align: justify;\">Los diferentes municipios del Segri\u00e0 se suman a esta celebraci\u00f3n con una amplia variedad de actividades. Desde rutas panor\u00e1micas que atraviesan los campos floridos hasta ferias que muestran los productos locales, la comarca se llena de vitalidad y color. Adem\u00e1s, algunas localidades organizan eventos culturales y gastron\u00f3micos que destacan los frutos de esta regi\u00f3n generosa.<\/p>\n<p>&nbsp;<\/p>\n<p style=\"text-align: justify;\">Se trata de una oportunidad \u00fanica para que tanto los habitantes locales como los visitantes se sumerjan en la generosidad natural del Segri\u00e0, disfrutando de la ef\u00edmera pero deslumbrante belleza de la floraci\u00f3n.<\/p>\n<p>[\/vc_column_text][vc_empty_space height=\u00bb23px\u00bb][\/vc_column][\/vc_row][vc_row css_animation=\u00bb\u00bb row_type=\u00bbrow\u00bb use_row_as_full_screen_section=\u00bbno\u00bb type=\u00bbfull_width\u00bb angled_section=\u00bbno\u00bb text_align=\u00bbcenter\u00bb background_image_as_pattern=\u00bbwithout_pattern\u00bb z_index=\u00bb\u00bb][vc_column width=\u00bb1\/6&#8243;][\/vc_column][vc_column width=\u00bb2\/3&#8243;][vc_separator type=\u00bbnormal\u00bb color=\u00bb#000000&#8243;][vc_empty_space height=\u00bb46px\u00bb][vc_column_text]<\/p>\n<h3 style=\"text-align: center;\">Para obtener m\u00e1s informaci\u00f3n, haz clic en el bot\u00f3n<\/h3>\n<p>[\/vc_column_text][vc_empty_space height=\u00bb46px\u00bb]<a  itemprop=\"url\" href=\"https:\/\/www.segria.cat\/floracio?web=1&amp;wdLOR=c0CE1CED9-FBE2-9E4D-B09F-5544B2CEB5F1\" target=\"_blank\"  class=\"qbutton  default\" style=\"\">+ informaci\u00f3n<\/a>[vc_empty_space height=\u00bb46px\u00bb][vc_separator type=\u00bbnormal\u00bb color=\u00bb#000000&#8243;][vc_empty_space height=\u00bb46px\u00bb][vc_gallery type=\u00bbimage_grid\u00bb images=\u00bb2262,2292,2290,2288,2286,2284,2282,2280,2278,2276,2274,2272,2270,2268,2266,2264&#8243; img_size=\u00bb200&#215;200&#8243; css_animation=\u00bbfadeIn\u00bb column_number=\u00bb3&#8243; grayscale=\u00bbno\u00bb images_space=\u00bbgallery_without_space\u00bb][vc_empty_space height=\u00bb60px\u00bb][\/vc_column][vc_column width=\u00bb1\/6&#8243;][\/vc_column][\/vc_row]<\/p>\n<\/section>","protected":false},"excerpt":{"rendered":"<p>[vc_row css_animation=\u00bb\u00bb row_type=\u00bbrow\u00bb use_row_as_full_screen_section=\u00bbno\u00bb type=\u00bbfull_width\u00bb angled_section=\u00bbno\u00bb text_align=\u00bbleft\u00bb background_image_as_pattern=\u00bbwithout_pattern\u00bb][vc_column width=\u00bb1\/6&#8243;][\/vc_column][vc_column width=\u00bb2\/3&#8243;][vc_column_text] El Segri\u00e0 Campos en flor [\/vc_column_text][vc_empty_space height=\u00bb46px\u00bb][vc_column_text] La explosi\u00f3n de colores que trae consigo la floraci\u00f3n de los campos de \u00e1rboles frutales en el Segri\u00e0, en las tierras de Lleida, es un espect\u00e1culo impresionante que&#8230;<\/p>\n","protected":false},"author":3,"featured_media":0,"parent":0,"menu_order":0,"comment_status":"closed","ping_status":"closed","template":"","meta":{"_monsterinsights_skip_tracking":false,"_monsterinsights_sitenote_active":false,"_monsterinsights_sitenote_note":"","_monsterinsights_sitenote_category":0,"footnotes":""},"class_list":["post-2250","page","type-page","status-publish","hentry"],"_links":{"self":[{"href":"https:\/\/lafloracio.cat\/es\/wp-json\/wp\/v2\/pages\/2250","targetHints":{"allow":["GET"]}}],"collection":[{"href":"https:\/\/lafloracio.cat\/es\/wp-json\/wp\/v2\/pages"}],"about":[{"href":"https:\/\/lafloracio.cat\/es\/wp-json\/wp\/v2\/types\/page"}],"author":[{"embeddable":true,"href":"https:\/\/lafloracio.cat\/es\/wp-json\/wp\/v2\/users\/3"}],"replies":[{"embeddable":true,"href":"https:\/\/lafloracio.cat\/es\/wp-json\/wp\/v2\/comments?post=2250"}],"version-history":[{"count":7,"href":"https:\/\/lafloracio.cat\/es\/wp-json\/wp\/v2\/pages\/2250\/revisions"}],"predecessor-version":[{"id":2436,"href":"https:\/\/lafloracio.cat\/es\/wp-json\/wp\/v2\/pages\/2250\/revisions\/2436"}],"wp:attachment":[{"href":"https:\/\/lafloracio.cat\/es\/wp-json\/wp\/v2\/media?parent=2250"}],"curies":[{"name":"wp","href":"https:\/\/api.w.org\/{rel}","templated":true}]}}

El Segrià

<section class="wpb-content-wrapper"><p>[vc_row css_animation=»» row_type=»row» use_row_as_full_screen_section=»no» type=»full_width» angled_section=»no» text_align=»left» background_image_as_pattern=»without_pattern»][vc_column width=»1/6&#8243;][/vc_column][vc_column width=»2/3&#8243;][vc_column_text]</p>
<h1 style="text-align: center;">El Segrià</h1>
<h3 style="text-align: center;">Campos en flor</h3>
<p>[/vc_column_text][vc_empty_space height=»46px»][vc_column_text]</p>
<p style="text-align: justify;">La explosión de colores que trae consigo la floración de los campos de árboles frutales en el Segrià, en las tierras de Lleida, es un espectáculo impresionante que transforma la región en un lienzo natural durante la primavera. El paisaje se engalana con una diversidad floral, donde cada árbol frutal, ya sea peral o melocotonero, contribuye a este despliegue de la naturaleza.</p>
<p>&nbsp;</p>
<p style="text-align: justify;">Los diferentes municipios del Segrià se suman a esta celebración con una amplia variedad de actividades. Desde rutas panorámicas que atraviesan los campos floridos hasta ferias que muestran los productos locales, la comarca se llena de vitalidad y color. Además, algunas localidades organizan eventos culturales y gastronómicos que destacan los frutos de esta región generosa.</p>
<p>&nbsp;</p>
<p style="text-align: justify;">Se trata de una oportunidad única para que tanto los habitantes locales como los visitantes se sumerjan en la generosidad natural del Segrià, disfrutando de la efímera pero deslumbrante belleza de la floración.</p>
<p>[/vc_column_text][vc_empty_space height=»23px»][/vc_column][/vc_row][vc_row css_animation=»» row_type=»row» use_row_as_full_screen_section=»no» type=»full_width» angled_section=»no» text_align=»center» background_image_as_pattern=»without_pattern» z_index=»»][vc_column width=»1/6&#8243;][/vc_column][vc_column width=»2/3&#8243;][vc_separator type=»normal» color=»#000000&#8243;][vc_empty_space height=»46px»][vc_column_text]</p>
<h3 style="text-align: center;">Para obtener más información, haz clic en el botón</h3>
<p>[/vc_column_text][vc_empty_space height=»46px»]<a  itemprop="url" href="https://www.segria.cat/floracio?web=1&amp;wdLOR=c0CE1CED9-FBE2-9E4D-B09F-5544B2CEB5F1" target="_blank"  class="qbutton  default" style="">+ información</a>[vc_empty_space height=»46px»][vc_separator type=»normal» color=»#000000&#8243;][vc_empty_space height=»46px»][vc_gallery type=»image_grid» images=»2262,2292,2290,2288,2286,2284,2282,2280,2278,2276,2274,2272,2270,2268,2266,2264&#8243; img_size=»200&#215;200&#8243; css_animation=»fadeIn» column_number=»3&#8243; grayscale=»no» images_space=»gallery_without_space»][vc_empty_space height=»60px»][/vc_column][vc_column width=»1/6&#8243;][/vc_column][/vc_row]</p>
</section>

<p>[vc_row css_animation=»» row_type=»row» use_row_as_full_screen_section=»no» type=»full_width» angled_section=»no» text_align=»left» background_image_as_pattern=»without_pattern»][vc_column width=»1/6&#8243;][/vc_column][vc_column width=»2/3&#8243;][vc_column_text] El Segrià Campos en flor [/vc_column_text][vc_empty_space height=»46px»][vc_column_text] La explosión de colores que trae consigo la floración de los campos de árboles frutales en el Segrià, en las tierras de Lleida, es un espectáculo impresionante que&#8230;</p>
