{"id":2229,"date":"2024-02-26T16:57:13","date_gmt":"2024-02-26T15:57:13","guid":{"rendered":"https:\/\/www.lafloracio.cat\/?page_id=2229"},"modified":"2026-02-18T13:34:58","modified_gmt":"2026-02-18T12:34:58","slug":"garrigues","status":"publish","type":"page","link":"https:\/\/lafloracio.cat\/es\/garrigues\/","title":{"rendered":"Les Garrigues"},"content":{"rendered":"<section class=\"wpb-content-wrapper\"><p>[vc_row css_animation=\u00bb\u00bb row_type=\u00bbrow\u00bb use_row_as_full_screen_section=\u00bbno\u00bb type=\u00bbfull_width\u00bb angled_section=\u00bbno\u00bb text_align=\u00bbleft\u00bb background_image_as_pattern=\u00bbwithout_pattern\u00bb][vc_column width=\u00bb1\/6&#8243;][\/vc_column][vc_column width=\u00bb2\/3&#8243;][vc_column_text]<\/p>\n<h1 style=\"text-align: center;\">Les Garrigues<\/h1>\n<h3 style=\"text-align: center;\">Almendros en flor<\/h3>\n<p>[\/vc_column_text][vc_empty_space height=\u00bb46px\u00bb][vc_column_text]<\/p>\n<p style=\"text-align: justify;\">La floraci\u00f3n de los almendros en los campos de les Garrigues, en las tierras de Lleida, es un evento m\u00e1gico que transforma la zona en un para\u00edso de colores durante la primavera. El paisaje se ti\u00f1e de blanco y rosa mientras los almendros se cubren con una floraci\u00f3n espectacular, creando una postal id\u00edlica que cautiva todos los sentidos. Esta zona, conocida por su riqueza agr\u00edcola, se convierte en un escenario \u00fanico donde la naturaleza exhibe su grandeza.<\/p>\n<p>&nbsp;<\/p>\n<p style=\"text-align: justify;\">Las actividades organizadas para disfrutar de este espect\u00e1culo natural son tan diversas como fascinantes. Desde rutas entre almendros floridos que permiten a los visitantes sumergirse en este mar de p\u00e9talos, hasta eventos gastron\u00f3micos que destacan los productos locales. En les Garrigues se organizan aperitivos entre almendros en flor con m\u00fasica, paseos por el t\u00e9rmino municipal y los restaurantes con el distintivo \u00abRestaurant Verge Extra\u00bb ofrecen men\u00fas o platos relacionados con la floraci\u00f3n. La zona tambi\u00e9n ofrece actividades culturales, con conciertos y representaciones en medio de este escenario floral.<\/p>\n<p>&nbsp;<\/p>\n<p style=\"text-align: justify;\">Esta celebraci\u00f3n de la floraci\u00f3n de los almendros no solo enaltece la naturaleza exuberante de les Garrigues, sino que tambi\u00e9n promueve el orgullo y la conexi\u00f3n con las ra\u00edces locales. Es una oportunidad para los habitantes y visitantes de compartir la belleza de este espect\u00e1culo ef\u00edmero y celebrar la riqueza de la zona.<\/p>\n<p>[\/vc_column_text][vc_empty_space height=\u00bb23px\u00bb][\/vc_column][\/vc_row][vc_row css_animation=\u00bb\u00bb row_type=\u00bbrow\u00bb use_row_as_full_screen_section=\u00bbno\u00bb type=\u00bbfull_width\u00bb angled_section=\u00bbno\u00bb text_align=\u00bbcenter\u00bb background_image_as_pattern=\u00bbwithout_pattern\u00bb z_index=\u00bb\u00bb][vc_column width=\u00bb1\/6&#8243;][\/vc_column][vc_column width=\u00bb2\/3&#8243;][vc_separator type=\u00bbnormal\u00bb color=\u00bb#000000&#8243;][vc_empty_space height=\u00bb46px\u00bb][vc_column_text]<\/p>\n<h3 style=\"text-align: center;\">Para obtener m\u00e1s informaci\u00f3n, haz clic en el bot\u00f3n<\/h3>\n<p>[\/vc_column_text][vc_empty_space height=\u00bb46px\u00bb]<a  itemprop=\"url\" href=\"https:\/\/www.turismegarrigues.com\/blog\/arriba-lespectacle-dels-ametllers-florits-a-les-garrigues-2026-dates-pendents-de-la-floracio\/\" target=\"_blank\"  class=\"qbutton  default\" style=\"\">+ informaci\u00f3n<\/a>[vc_empty_space height=\u00bb46px\u00bb][vc_separator type=\u00bbnormal\u00bb color=\u00bb#000000&#8243;][vc_empty_space height=\u00bb46px\u00bb][vc_gallery type=\u00bbimage_grid\u00bb images=\u00bb2355,2240,2236&#8243; img_size=\u00bb200&#215;200&#8243; css_animation=\u00bbfadeIn\u00bb column_number=\u00bb3&#8243; grayscale=\u00bbno\u00bb images_space=\u00bbgallery_without_space\u00bb][vc_empty_space height=\u00bb60px\u00bb][\/vc_column][vc_column width=\u00bb1\/6&#8243;][\/vc_column][\/vc_row]<\/p>\n<\/section>","protected":false},"excerpt":{"rendered":"<p>[vc_row css_animation=\u00bb\u00bb row_type=\u00bbrow\u00bb use_row_as_full_screen_section=\u00bbno\u00bb type=\u00bbfull_width\u00bb angled_section=\u00bbno\u00bb text_align=\u00bbleft\u00bb background_image_as_pattern=\u00bbwithout_pattern\u00bb][vc_column width=\u00bb1\/6&#8243;][\/vc_column][vc_column width=\u00bb2\/3&#8243;][vc_column_text] Les Garrigues Almendros en flor [\/vc_column_text][vc_empty_space height=\u00bb46px\u00bb][vc_column_text] La floraci\u00f3n de los almendros en los campos de les Garrigues, en las tierras de Lleida, es un evento m\u00e1gico que transforma la zona en un para\u00edso de&#8230;<\/p>\n","protected":false},"author":3,"featured_media":0,"parent":0,"menu_order":0,"comment_status":"closed","ping_status":"closed","template":"","meta":{"_monsterinsights_skip_tracking":false,"_monsterinsights_sitenote_active":false,"_monsterinsights_sitenote_note":"","_monsterinsights_sitenote_category":0,"footnotes":""},"class_list":["post-2229","page","type-page","status-publish","hentry"],"_links":{"self":[{"href":"https:\/\/lafloracio.cat\/es\/wp-json\/wp\/v2\/pages\/2229","targetHints":{"allow":["GET"]}}],"collection":[{"href":"https:\/\/lafloracio.cat\/es\/wp-json\/wp\/v2\/pages"}],"about":[{"href":"https:\/\/lafloracio.cat\/es\/wp-json\/wp\/v2\/types\/page"}],"author":[{"embeddable":true,"href":"https:\/\/lafloracio.cat\/es\/wp-json\/wp\/v2\/users\/3"}],"replies":[{"embeddable":true,"href":"https:\/\/lafloracio.cat\/es\/wp-json\/wp\/v2\/comments?post=2229"}],"version-history":[{"count":10,"href":"https:\/\/lafloracio.cat\/es\/wp-json\/wp\/v2\/pages\/2229\/revisions"}],"predecessor-version":[{"id":3389,"href":"https:\/\/lafloracio.cat\/es\/wp-json\/wp\/v2\/pages\/2229\/revisions\/3389"}],"wp:attachment":[{"href":"https:\/\/lafloracio.cat\/es\/wp-json\/wp\/v2\/media?parent=2229"}],"curies":[{"name":"wp","href":"https:\/\/api.w.org\/{rel}","templated":true}]}}

<section class="wpb-content-wrapper"><p>[vc_row css_animation=»» row_type=»row» use_row_as_full_screen_section=»no» type=»full_width» angled_section=»no» text_align=»left» background_image_as_pattern=»without_pattern»][vc_column width=»1/6&#8243;][/vc_column][vc_column width=»2/3&#8243;][vc_column_text]</p>
<h1 style="text-align: center;">Les Garrigues</h1>
<h3 style="text-align: center;">Almendros en flor</h3>
<p>[/vc_column_text][vc_empty_space height=»46px»][vc_column_text]</p>
<p style="text-align: justify;">La floración de los almendros en los campos de les Garrigues, en las tierras de Lleida, es un evento mágico que transforma la zona en un paraíso de colores durante la primavera. El paisaje se tiñe de blanco y rosa mientras los almendros se cubren con una floración espectacular, creando una postal idílica que cautiva todos los sentidos. Esta zona, conocida por su riqueza agrícola, se convierte en un escenario único donde la naturaleza exhibe su grandeza.</p>
<p>&nbsp;</p>
<p style="text-align: justify;">Las actividades organizadas para disfrutar de este espectáculo natural son tan diversas como fascinantes. Desde rutas entre almendros floridos que permiten a los visitantes sumergirse en este mar de pétalos, hasta eventos gastronómicos que destacan los productos locales. En les Garrigues se organizan aperitivos entre almendros en flor con música, paseos por el término municipal y los restaurantes con el distintivo «Restaurant Verge Extra» ofrecen menús o platos relacionados con la floración. La zona también ofrece actividades culturales, con conciertos y representaciones en medio de este escenario floral.</p>
<p>&nbsp;</p>
<p style="text-align: justify;">Esta celebración de la floración de los almendros no solo enaltece la naturaleza exuberante de les Garrigues, sino que también promueve el orgullo y la conexión con las raíces locales. Es una oportunidad para los habitantes y visitantes de compartir la belleza de este espectáculo efímero y celebrar la riqueza de la zona.</p>
<p>[/vc_column_text][vc_empty_space height=»23px»][/vc_column][/vc_row][vc_row css_animation=»» row_type=»row» use_row_as_full_screen_section=»no» type=»full_width» angled_section=»no» text_align=»center» background_image_as_pattern=»without_pattern» z_index=»»][vc_column width=»1/6&#8243;][/vc_column][vc_column width=»2/3&#8243;][vc_separator type=»normal» color=»#000000&#8243;][vc_empty_space height=»46px»][vc_column_text]</p>
<h3 style="text-align: center;">Para obtener más información, haz clic en el botón</h3>
<p>[/vc_column_text][vc_empty_space height=»46px»]<a  itemprop="url" href="https://www.turismegarrigues.com/blog/arriba-lespectacle-dels-ametllers-florits-a-les-garrigues-2026-dates-pendents-de-la-floracio/" target="_blank"  class="qbutton  default" style="">+ información</a>[vc_empty_space height=»46px»][vc_separator type=»normal» color=»#000000&#8243;][vc_empty_space height=»46px»][vc_gallery type=»image_grid» images=»2355,2240,2236&#8243; img_size=»200&#215;200&#8243; css_animation=»fadeIn» column_number=»3&#8243; grayscale=»no» images_space=»gallery_without_space»][vc_empty_space height=»60px»][/vc_column][vc_column width=»1/6&#8243;][/vc_column][/vc_row]</p>
</section>

<p>[vc_row css_animation=»» row_type=»row» use_row_as_full_screen_section=»no» type=»full_width» angled_section=»no» text_align=»left» background_image_as_pattern=»without_pattern»][vc_column width=»1/6&#8243;][/vc_column][vc_column width=»2/3&#8243;][vc_column_text] Les Garrigues Almendros en flor [/vc_column_text][vc_empty_space height=»46px»][vc_column_text] La floración de los almendros en los campos de les Garrigues, en las tierras de Lleida, es un evento mágico que transforma la zona en un paraíso de&#8230;</p>
