{"id":1522,"date":"2022-02-28T17:24:40","date_gmt":"2022-02-28T16:24:40","guid":{"rendered":"https:\/\/www.lafloracio.cat\/corbins\/"},"modified":"2023-03-08T09:52:15","modified_gmt":"2023-03-08T08:52:15","slug":"corbins","status":"publish","type":"page","link":"https:\/\/lafloracio.cat\/es\/corbins\/","title":{"rendered":"Corbins"},"content":{"rendered":"<section class=\"wpb-content-wrapper\"><p>[vc_row css_animation=\u00bb\u00bb row_type=\u00bbrow\u00bb use_row_as_full_screen_section=\u00bbno\u00bb type=\u00bbfull_width\u00bb angled_section=\u00bbno\u00bb text_align=\u00bbleft\u00bb background_image_as_pattern=\u00bbwithout_pattern\u00bb][vc_column width=\u00bb1\/6&#8243;][\/vc_column][vc_column width=\u00bb2\/3&#8243;][vc_column_text]<\/p>\n<h1 style=\"text-align: center;\"><strong>Paseo entre flores<\/strong>.<\/h1>\n<h3 style=\"text-align: center;\"><em>El despertar de los campos en flor de Corbins.<\/em><\/h3>\n<p>[\/vc_column_text][vc_empty_space height=\u00bb46px\u00bb][vc_column_text]<strong>\u00bfD\u00f3nde estamos?<\/strong><\/p>\n<p>Est\u00e1is en Corbins, un peque\u00f1o municipio de 1450 habitantes en el norte del Segri\u00e0 donde la agricultura es el principal motor econ\u00f3mico. Los cultivos de regad\u00edo ocupan la mayor parte del t\u00e9rmino, siendo el principal cultivo la fruta dulce, que se alterna con campos de cereales y forrajes.<\/p>\n<p>&nbsp;<\/p>\n<p>&nbsp;<\/p>\n<p><strong>\u00bfQu\u00e9 podemos ver?<\/strong><\/p>\n<p>En Corbins encontrar\u00e9is diversidad de \u00e1rboles frutales. Descubrir\u00e9is campos florecidos de melocotoneros, nectarinos, cerezos, manzanos, perales y ciruelos. Cada una de estas variedades tiene una flor caracter\u00edstica y diferente de las otras, y su propio periodo de floraci\u00f3n. De este modo, en los campos del entorno se pueden encontrar flores durante una larga \u00e9poca del a\u00f1o.<\/p>\n<p>&nbsp;<\/p>\n<p>Tambi\u00e9n pod\u00e9is disfrutar del entorno privilegiado de nuestro t\u00e9rmino. En la parte baja del pueblo pod\u00e9is disfrutar del Parque del R\u00edo, un espacio natural flanqueado por el Noguera Ribagorzana que ofrece espacios y rincones sorprendentes para peque\u00f1os y mayores.<\/p>\n<p>&nbsp;<\/p>\n<p>&nbsp;<\/p>\n<p><strong>\u00bfQu\u00e9 podemos aprender?<\/strong><\/p>\n<p>Empezado la caminata entre los campos de frutales, haremos una parada donde un joven<br \/>\napicultor del municipio nos descubrir\u00e1 la importancia de las abejas en el mundo agr\u00edcola y un<br \/>\ncampesino y agr\u00f3nomo nos explicar\u00e1 el ciclo anual de los \u00e1rboles frutales y las tareas que comportan:<br \/>\nDe la poda a la floraci\u00f3n, la aclaraci\u00f3n y la recolecci\u00f3n de los frutos.<\/p>\n<p>&nbsp;<\/p>\n<p>&nbsp;<\/p>\n<p><strong>Elementos singulares de nuestro patrimonio<\/strong><\/p>\n<p>Corbins esconde otros espacios de inter\u00e9s, como la Villa Romana del Tozal del Moro. Esta est\u00e1 compuesta de varios elementos, que son uno los restos de un conjunto de edificios de concepci\u00f3n agr\u00edcola, un monumento funerario y un molino de aceite.<\/p>\n<p>&nbsp;<\/p>\n<p>Desde el Parque del R\u00edo pod\u00e9is animaros a conocer el Aiguabarreig, el punto donde confluyen los r\u00edos Noguera Ribagorzana y el Segre. llegar\u00e9is con una paseo asequible siguiendo el camino del agua que transcurre paralelo al Noguera Ribagorzana, y que tiene un trayecto de unos 2 kil\u00f3metros.<\/p>\n<p>&nbsp;<\/p>\n<p>Si sois personas atrevidas, tambi\u00e9n pod\u00e9is disfrutar de rutas a pie o en bicicleta por la\u00a0Serreta, un entramado de sendas entre pinos y encinas que recorren la Sierra la Noguera.<\/p>\n<p>&nbsp;<\/p>\n<p>Destacamos tambi\u00e9n el nuevo trazado del camino real Lleida &#8211; Corbins, que une el parque de la Mediana de Lleida con el t\u00e9rmino municipal de Corbins, recorriendo en paralelo al r\u00edo Segre. Es una ruta de unos 7 kil\u00f3metros, la mitad de los cuales transcurren por un espacio natural libre de circulaci\u00f3n de veh\u00edculos.<\/p>\n<p>&nbsp;<\/p>\n<p>&nbsp;<\/p>\n<p><strong>Paradas imprescindibles<\/strong><\/p>\n<p>En el punto de encuentro se har\u00e1 entrega del almuerzo (bocadillo, fruta y agua) .<\/p>\n<p>&nbsp;<\/p>\n<p>Saldremos del casco urbano y al inicio de los campos frutales escucharemos la explicaci\u00f3n del mundo de las abejas a cargo de un apicultor local y sobre el ciclo anual de los \u00e1rboles frutales, a cargo de un campesino e ingeniero agr\u00edcola.<\/p>\n<p>&nbsp;<\/p>\n<p>&nbsp;<\/p>\n<p><strong>Distancia: <\/strong>6 Km.<\/p>\n<p><strong>Duraci\u00f3n de la ruta:<\/strong> 2h.<\/p>\n<p><strong>Tama\u00f1o del grupo por ruta:<\/strong> un \u00fanico grupo de 200 personas.<\/p>\n<p><strong>D\u00edas disponibles: <\/strong>19 de marzo.<\/p>\n<p><strong>Horarios:<\/strong>\u00a0 10.00h.<\/p>\n<p><strong>Precios<\/strong><\/p>\n<p>5\u20ac\u00a0 por persona (IVA incluido).[\/vc_column_text][vc_empty_space height=\u00bb23px\u00bb]<a  itemprop=\"url\" href=\"https:\/\/ca.wikiloc.com\/wikiloc\/user.do?id=5858340\" target=\"_blank\"  class=\"qbutton  center enlarge\" style=\"\">RUTA WIKILOC<\/a>[vc_empty_space height=\u00bb46px\u00bb][vc_column_text]<\/p>\n<h3 style=\"text-align: left;\">Haz tu reserva<\/h3>\n<p>[\/vc_column_text][vc_empty_space height=\u00bb46px\u00bb]<a  itemprop=\"url\" href=\"https:\/\/gestio.corbins.cat\/web\/event\/738\/registration\" target=\"_blank\"  class=\"qbutton  center enlarge\" style=\"\">RESERVA RUTA<\/a>[vc_empty_space height=\u00bb46px\u00bb][vc_separator type=\u00bbnormal\u00bb color=\u00bb#000000&#8243;][vc_empty_space height=\u00bb46px\u00bb][vc_column_text]<\/p>\n<h1 style=\"text-align: center;\"><strong>Bienvenidos al campo<\/strong>.<\/h1>\n<h3 style=\"text-align: center;\"><em>La Floraci\u00f3n del Cerezo.<\/em><\/h3>\n<p>[\/vc_column_text][vc_empty_space height=\u00bb46px\u00bb][vc_column_text]Descripci\u00f3n de la ruta:<\/p>\n<ul>\n<li>Presentaci\u00f3n (Genoveva Camats).<\/li>\n<li>Charla &#8211; \u00abCiclo del Cerezo\u00bb (Josep Antoni Camats).<\/li>\n<li>Caminata con visitas panor\u00e1micas.<\/li>\n<li>Visita a la explotaci\u00f3n porcina Cal Canco (Jaume Camarasa).<\/li>\n<li>Pintada de mural en directo (The Barrio Rulo L\u00f3pez).<\/li>\n<li>Actividad Infantil.<\/li>\n<li>Feria de productores de proximidad.<\/li>\n<li>Servicio de bar (Asociaci\u00f3n de j\u00f3venes de Corbins).<\/li>\n<li>Almuerzo de campesino (Molino del Duque).<\/li>\n<li>Sorteo de una comida para dos personas en el Molino del Duque.<\/li>\n<\/ul>\n<p>&nbsp;<\/p>\n<p>&nbsp;<\/p>\n<p><strong>Duraci\u00f3n de la ruta:<\/strong> 2h.<\/p>\n<p><strong>D\u00edas disponibles: <\/strong>126 de marzo.<\/p>\n<p><strong>Horarios:<\/strong>\u00a0 de 10.00h. a 14.00h.<\/p>\n<p><strong>Precios<\/strong><\/p>\n<p>5\u20ac\u00a0 por persona (IVA incluido).<\/p>\n<p>Ni\u00f1os\/as entrada gratuita.[\/vc_column_text][vc_empty_space height=\u00bb46px\u00bb]<a  itemprop=\"url\" href=\"https:\/\/totlany.benvingutsapages.cat\/es\/reservar-activitat\/?e=YmFwX19fXzI4MTdfX19fMA==\" target=\"_blank\"  class=\"qbutton  center enlarge\" style=\"\">RESERVA RUTA<\/a>[vc_empty_space height=\u00bb46px\u00bb][\/vc_column][vc_column width=\u00bb1\/6&#8243;][vc_empty_space height=\u00bb120px\u00bb][vc_column_text]<\/p>\n<h6 style=\"text-align: right;\">AYUNTAMIENTO<\/h6>\n<h6 style=\"text-align: right;\">CORBINS<\/h6>\n<p style=\"text-align: right;\">Plaza La Vila, s\/n<\/p>\n<p style=\"text-align: right;\">Corbins \u2013 25137<\/p>\n<p style=\"text-align: right;\">Lleida<\/p>\n<p>[\/vc_column_text][vc_empty_space height=\u00bb23px\u00bb]<a  itemprop=\"url\" href=\"http:\/\/www.corbins.cat\/\" target=\"_blank\"  class=\"qbutton  right default\" style=\"\">WEB MUNICIPAL<\/a>[vc_empty_space height=\u00bb23px\u00bb][vc_separator type=\u00bbnormal\u00bb color=\u00bb#000000&#8243;][vc_column_text]<\/p>\n<h5 style=\"text-align: right;\">Tel. 973 190 117<\/h5>\n<p>[\/vc_column_text][vc_empty_space height=\u00bb46px\u00bb][\/vc_column][\/vc_row][vc_row css_animation=\u00bb\u00bb row_type=\u00bbrow\u00bb use_row_as_full_screen_section=\u00bbno\u00bb type=\u00bbfull_width\u00bb angled_section=\u00bbno\u00bb text_align=\u00bbcenter\u00bb background_image_as_pattern=\u00bbwithout_pattern\u00bb z_index=\u00bb\u00bb][vc_column width=\u00bb1\/6&#8243;][\/vc_column][vc_column width=\u00bb2\/3&#8243;][vc_separator type=\u00bbnormal\u00bb color=\u00bb#000000&#8243;][vc_empty_space height=\u00bb46px\u00bb][vc_column_text]<\/p>\n<h3 class=\"p1\" style=\"text-align: center;\"><span class=\"s1\">Si tienes cualquier consulta contacta con nosotros.<\/span><\/h3>\n<p>[\/vc_column_text][vc_empty_space height=\u00bb46px\u00bb]<a  itemprop=\"url\" href=\"https:\/\/lafloracio.cat\/es\/contacta-corbins\/\" target=\"_self\"  class=\"qbutton  center enlarge\" style=\"\">CONTACTA<\/a>[vc_empty_space height=\u00bb46px\u00bb][vc_separator type=\u00bbnormal\u00bb color=\u00bb#000000&#8243;][vc_empty_space height=\u00bb46px\u00bb][vc_gallery type=\u00bbimage_grid\u00bb images=\u00bb1616,1614,1612,1610,1608,1606,1602,1600,1596,1594,1592,1590&#8243; img_size=\u00bb200&#215;200&#8243; css_animation=\u00bbfadeIn\u00bb column_number=\u00bb3&#8243; grayscale=\u00bbno\u00bb images_space=\u00bbgallery_without_space\u00bb][vc_empty_space height=\u00bb60px\u00bb][\/vc_column][vc_column width=\u00bb1\/6&#8243;][\/vc_column][\/vc_row]<\/p>\n<\/section>","protected":false},"excerpt":{"rendered":"<p>[vc_row css_animation=\u00bb\u00bb row_type=\u00bbrow\u00bb use_row_as_full_screen_section=\u00bbno\u00bb type=\u00bbfull_width\u00bb angled_section=\u00bbno\u00bb text_align=\u00bbleft\u00bb background_image_as_pattern=\u00bbwithout_pattern\u00bb][vc_column width=\u00bb1\/6&#8243;][\/vc_column][vc_column width=\u00bb2\/3&#8243;][vc_column_text] Paseo entre flores. El despertar de los campos en flor de Corbins. [\/vc_column_text][vc_empty_space height=\u00bb46px\u00bb][vc_column_text]\u00bfD\u00f3nde estamos? Est\u00e1is en Corbins, un peque\u00f1o municipio de 1450 habitantes en el norte del Segri\u00e0 donde la agricultura es el principal&#8230;<\/p>\n","protected":false},"author":1,"featured_media":1498,"parent":0,"menu_order":0,"comment_status":"closed","ping_status":"closed","template":"","meta":{"_monsterinsights_skip_tracking":false,"_monsterinsights_sitenote_active":false,"_monsterinsights_sitenote_note":"","_monsterinsights_sitenote_category":0,"footnotes":""},"class_list":["post-1522","page","type-page","status-publish","has-post-thumbnail","hentry"],"_links":{"self":[{"href":"https:\/\/lafloracio.cat\/es\/wp-json\/wp\/v2\/pages\/1522","targetHints":{"allow":["GET"]}}],"collection":[{"href":"https:\/\/lafloracio.cat\/es\/wp-json\/wp\/v2\/pages"}],"about":[{"href":"https:\/\/lafloracio.cat\/es\/wp-json\/wp\/v2\/types\/page"}],"author":[{"embeddable":true,"href":"https:\/\/lafloracio.cat\/es\/wp-json\/wp\/v2\/users\/1"}],"replies":[{"embeddable":true,"href":"https:\/\/lafloracio.cat\/es\/wp-json\/wp\/v2\/comments?post=1522"}],"version-history":[{"count":19,"href":"https:\/\/lafloracio.cat\/es\/wp-json\/wp\/v2\/pages\/1522\/revisions"}],"predecessor-version":[{"id":2161,"href":"https:\/\/lafloracio.cat\/es\/wp-json\/wp\/v2\/pages\/1522\/revisions\/2161"}],"wp:featuredmedia":[{"embeddable":true,"href":"https:\/\/lafloracio.cat\/es\/wp-json\/wp\/v2\/media\/1498"}],"wp:attachment":[{"href":"https:\/\/lafloracio.cat\/es\/wp-json\/wp\/v2\/media?parent=1522"}],"curies":[{"name":"wp","href":"https:\/\/api.w.org\/{rel}","templated":true}]}}

<section class="wpb-content-wrapper"><p>[vc_row css_animation=»» row_type=»row» use_row_as_full_screen_section=»no» type=»full_width» angled_section=»no» text_align=»left» background_image_as_pattern=»without_pattern»][vc_column width=»1/6&#8243;][/vc_column][vc_column width=»2/3&#8243;][vc_column_text]</p>
<h1 style="text-align: center;"><strong>Paseo entre flores</strong>.</h1>
<h3 style="text-align: center;"><em>El despertar de los campos en flor de Corbins.</em></h3>
<p>[/vc_column_text][vc_empty_space height=»46px»][vc_column_text]<strong>¿Dónde estamos?</strong></p>
<p>Estáis en Corbins, un pequeño municipio de 1450 habitantes en el norte del Segrià donde la agricultura es el principal motor económico. Los cultivos de regadío ocupan la mayor parte del término, siendo el principal cultivo la fruta dulce, que se alterna con campos de cereales y forrajes.</p>
<p>&nbsp;</p>
<p>&nbsp;</p>
<p><strong>¿Qué podemos ver?</strong></p>
<p>En Corbins encontraréis diversidad de árboles frutales. Descubriréis campos florecidos de melocotoneros, nectarinos, cerezos, manzanos, perales y ciruelos. Cada una de estas variedades tiene una flor característica y diferente de las otras, y su propio periodo de floración. De este modo, en los campos del entorno se pueden encontrar flores durante una larga época del año.</p>
<p>&nbsp;</p>
<p>También podéis disfrutar del entorno privilegiado de nuestro término. En la parte baja del pueblo podéis disfrutar del Parque del Río, un espacio natural flanqueado por el Noguera Ribagorzana que ofrece espacios y rincones sorprendentes para pequeños y mayores.</p>
<p>&nbsp;</p>
<p>&nbsp;</p>
<p><strong>¿Qué podemos aprender?</strong></p>
<p>Empezado la caminata entre los campos de frutales, haremos una parada donde un joven<br />
apicultor del municipio nos descubrirá la importancia de las abejas en el mundo agrícola y un<br />
campesino y agrónomo nos explicará el ciclo anual de los árboles frutales y las tareas que comportan:<br />
De la poda a la floración, la aclaración y la recolección de los frutos.</p>
<p>&nbsp;</p>
<p>&nbsp;</p>
<p><strong>Elementos singulares de nuestro patrimonio</strong></p>
<p>Corbins esconde otros espacios de interés, como la Villa Romana del Tozal del Moro. Esta está compuesta de varios elementos, que son uno los restos de un conjunto de edificios de concepción agrícola, un monumento funerario y un molino de aceite.</p>
<p>&nbsp;</p>
<p>Desde el Parque del Río podéis animaros a conocer el Aiguabarreig, el punto donde confluyen los ríos Noguera Ribagorzana y el Segre. llegaréis con una paseo asequible siguiendo el camino del agua que transcurre paralelo al Noguera Ribagorzana, y que tiene un trayecto de unos 2 kilómetros.</p>
<p>&nbsp;</p>
<p>Si sois personas atrevidas, también podéis disfrutar de rutas a pie o en bicicleta por la Serreta, un entramado de sendas entre pinos y encinas que recorren la Sierra la Noguera.</p>
<p>&nbsp;</p>
<p>Destacamos también el nuevo trazado del camino real Lleida &#8211; Corbins, que une el parque de la Mediana de Lleida con el término municipal de Corbins, recorriendo en paralelo al río Segre. Es una ruta de unos 7 kilómetros, la mitad de los cuales transcurren por un espacio natural libre de circulación de vehículos.</p>
<p>&nbsp;</p>
<p>&nbsp;</p>
<p><strong>Paradas imprescindibles</strong></p>
<p>En el punto de encuentro se hará entrega del almuerzo (bocadillo, fruta y agua) .</p>
<p>&nbsp;</p>
<p>Saldremos del casco urbano y al inicio de los campos frutales escucharemos la explicación del mundo de las abejas a cargo de un apicultor local y sobre el ciclo anual de los árboles frutales, a cargo de un campesino e ingeniero agrícola.</p>
<p>&nbsp;</p>
<p>&nbsp;</p>
<p><strong>Distancia: </strong>6 Km.</p>
<p><strong>Duración de la ruta:</strong> 2h.</p>
<p><strong>Tamaño del grupo por ruta:</strong> un único grupo de 200 personas.</p>
<p><strong>Días disponibles: </strong>19 de marzo.</p>
<p><strong>Horarios:</strong>  10.00h.</p>
<p><strong>Precios</strong></p>
<p>5€  por persona (IVA incluido).[/vc_column_text][vc_empty_space height=»23px»]<a  itemprop="url" href="https://ca.wikiloc.com/wikiloc/user.do?id=5858340" target="_blank"  class="qbutton  center enlarge" style="">RUTA WIKILOC</a>[vc_empty_space height=»46px»][vc_column_text]</p>
<h3 style="text-align: left;">Haz tu reserva</h3>
<p>[/vc_column_text][vc_empty_space height=»46px»]<a  itemprop="url" href="https://gestio.corbins.cat/web/event/738/registration" target="_blank"  class="qbutton  center enlarge" style="">RESERVA RUTA</a>[vc_empty_space height=»46px»][vc_separator type=»normal» color=»#000000&#8243;][vc_empty_space height=»46px»][vc_column_text]</p>
<h1 style="text-align: center;"><strong>Bienvenidos al campo</strong>.</h1>
<h3 style="text-align: center;"><em>La Floración del Cerezo.</em></h3>
<p>[/vc_column_text][vc_empty_space height=»46px»][vc_column_text]Descripción de la ruta:</p>
<ul>
<li>Presentación (Genoveva Camats).</li>
<li>Charla &#8211; «Ciclo del Cerezo» (Josep Antoni Camats).</li>
<li>Caminata con visitas panorámicas.</li>
<li>Visita a la explotación porcina Cal Canco (Jaume Camarasa).</li>
<li>Pintada de mural en directo (The Barrio Rulo López).</li>
<li>Actividad Infantil.</li>
<li>Feria de productores de proximidad.</li>
<li>Servicio de bar (Asociación de jóvenes de Corbins).</li>
<li>Almuerzo de campesino (Molino del Duque).</li>
<li>Sorteo de una comida para dos personas en el Molino del Duque.</li>
</ul>
<p>&nbsp;</p>
<p>&nbsp;</p>
<p><strong>Duración de la ruta:</strong> 2h.</p>
<p><strong>Días disponibles: </strong>126 de marzo.</p>
<p><strong>Horarios:</strong>  de 10.00h. a 14.00h.</p>
<p><strong>Precios</strong></p>
<p>5€  por persona (IVA incluido).</p>
<p>Niños/as entrada gratuita.[/vc_column_text][vc_empty_space height=»46px»]<a  itemprop="url" href="https://totlany.benvingutsapages.cat/es/reservar-activitat/?e=YmFwX19fXzI4MTdfX19fMA==" target="_blank"  class="qbutton  center enlarge" style="">RESERVA RUTA</a>[vc_empty_space height=»46px»][/vc_column][vc_column width=»1/6&#8243;][vc_empty_space height=»120px»][vc_column_text]</p>
<h6 style="text-align: right;">AYUNTAMIENTO</h6>
<h6 style="text-align: right;">CORBINS</h6>
<p style="text-align: right;">Plaza La Vila, s/n</p>
<p style="text-align: right;">Corbins – 25137</p>
<p style="text-align: right;">Lleida</p>
<p>[/vc_column_text][vc_empty_space height=»23px»]<a  itemprop="url" href="http://www.corbins.cat/" target="_blank"  class="qbutton  right default" style="">WEB MUNICIPAL</a>[vc_empty_space height=»23px»][vc_separator type=»normal» color=»#000000&#8243;][vc_column_text]</p>
<h5 style="text-align: right;">Tel. 973 190 117</h5>
<p>[/vc_column_text][vc_empty_space height=»46px»][/vc_column][/vc_row][vc_row css_animation=»» row_type=»row» use_row_as_full_screen_section=»no» type=»full_width» angled_section=»no» text_align=»center» background_image_as_pattern=»without_pattern» z_index=»»][vc_column width=»1/6&#8243;][/vc_column][vc_column width=»2/3&#8243;][vc_separator type=»normal» color=»#000000&#8243;][vc_empty_space height=»46px»][vc_column_text]</p>
<h3 class="p1" style="text-align: center;"><span class="s1">Si tienes cualquier consulta contacta con nosotros.</span></h3>
<p>[/vc_column_text][vc_empty_space height=»46px»]<a  itemprop="url" href="https://lafloracio.cat/es/contacta-corbins/" target="_self"  class="qbutton  center enlarge" style="">CONTACTA</a>[vc_empty_space height=»46px»][vc_separator type=»normal» color=»#000000&#8243;][vc_empty_space height=»46px»][vc_gallery type=»image_grid» images=»1616,1614,1612,1610,1608,1606,1602,1600,1596,1594,1592,1590&#8243; img_size=»200&#215;200&#8243; css_animation=»fadeIn» column_number=»3&#8243; grayscale=»no» images_space=»gallery_without_space»][vc_empty_space height=»60px»][/vc_column][vc_column width=»1/6&#8243;][/vc_column][/vc_row]</p>
</section>

<p>[vc_row css_animation=»» row_type=»row» use_row_as_full_screen_section=»no» type=»full_width» angled_section=»no» text_align=»left» background_image_as_pattern=»without_pattern»][vc_column width=»1/6&#8243;][/vc_column][vc_column width=»2/3&#8243;][vc_column_text] Paseo entre flores. El despertar de los campos en flor de Corbins. [/vc_column_text][vc_empty_space height=»46px»][vc_column_text]¿Dónde estamos? Estáis en Corbins, un pequeño municipio de 1450 habitantes en el norte del Segrià donde la agricultura es el principal&#8230;</p>
