{"id":1436,"date":"2022-02-28T13:31:10","date_gmt":"2022-02-28T12:31:10","guid":{"rendered":"https:\/\/www.lafloracio.cat\/alcarras\/"},"modified":"2023-02-23T17:47:40","modified_gmt":"2023-02-23T16:47:40","slug":"alcarras","status":"publish","type":"page","link":"https:\/\/lafloracio.cat\/es\/alcarras\/","title":{"rendered":"Alcarr\u00e0s"},"content":{"rendered":"<section class=\"wpb-content-wrapper\"><p>[vc_row css_animation=\u00bb\u00bb row_type=\u00bbrow\u00bb use_row_as_full_screen_section=\u00bbno\u00bb type=\u00bbfull_width\u00bb angled_section=\u00bbno\u00bb text_align=\u00bbleft\u00bb background_image_as_pattern=\u00bbwithout_pattern\u00bb][vc_column width=\u00bb1\/6&#8243;][\/vc_column][vc_column width=\u00bb2\/3&#8243;][vc_column_text]<\/p>\n<h1 style=\"text-align: center;\"><strong>10\u00aa Ruta \u00abAlcarr\u00e0s Florido\u00bb<\/strong>.<\/h1>\n<h3 style=\"text-align: center;\">Un paisaje encantador de \u00e1rboles en flor.<\/h3>\n<p>[\/vc_column_text][vc_empty_space height=\u00bb46px\u00bb][vc_column_text]<strong>Descripci\u00f3n de la ruta<\/strong><\/p>\n<p>Este a\u00f1o 2023 tendr\u00e1 lugar la d\u00e9cima edici\u00f3n de las rutas \u00abAlcarr\u00e0s Florido\u00bb, una nueva oportunidad para conocer de primera mano la belleza del paisaje alcarrasense, donde se puede contemplar de cerca uno de los principales atractivos tur\u00edsticos del Bajo Segri\u00e0: los \u00e1rboles (almendros, melocotoneros y las variedades nectarinas y platarinas) en pleno proceso de floraci\u00f3n y observar el manto de colores que se extiende en nuestros ojos.<\/p>\n<p>La oferta tur\u00edstica que propone Alcarr\u00e0s para disfrutar del paisaje encantador de los \u00e1rboles en flor tiene muchos atractivos. Las rutas se har\u00e1n en autob\u00fas para dar una buena calidad a la visita, haci\u00e9ndola m\u00e1s sostenible ambientalmente y ver los paisajes que han inspirado la cineasta Carla Simon a realizar su premiada pel\u00edcula \u00abALCARR\u00c0S\u00bb.<\/p>\n<p>&nbsp;<\/p>\n<p><strong>9.30h. Salida<\/strong><\/p>\n<p>Lugar de encuentro: Plaza del Mercado (al lado del Camp de F\u00fatbol).<\/p>\n<p>Salida en autob\u00fas hasta el Llano de la Encina, donde encontramos un elemento patrimonial de gran importancia para la villa: la Encina centenaria.<\/p>\n<p>&nbsp;<\/p>\n<p><strong>10.00h. Almuerzo t\u00edpico alcarrasense<\/strong>, con pan con tomate y el tradicional Mandongo (morcilla blanca y negra) y pan con aceite y az\u00facar, con la colaboraci\u00f3n de la Asociaci\u00f3n Cultural Remember Company.<\/p>\n<p>A continuaci\u00f3n habr\u00e1 una explicaci\u00f3n de la evoluci\u00f3n vegetativa del estado de floraci\u00f3n de los \u00e1rboles a cargo de los t\u00e9cnicos del Departamento Agr\u00f3nomo de Frutos de Poniente.<\/p>\n<p>&nbsp;<\/p>\n<p><strong>11.00h.<\/strong> despu\u00e9s cogeremos los buses para hacer un recorrido por diferentes campos frutales y poder ver diferentes colores de la floraci\u00f3n y tiempo para hacer fotograf\u00edas. Para acabar la ruta visitaremos el Pantano del Arroz, esta zona h\u00fameda es un espacio catalogado\u00a0PEIN\u00a0(Plan de Espacios de Inter\u00e9s Natural) y est\u00e1 incluida dentro del espacio de la <a href=\"https:\/\/ca.wikipedia.org\/wiki\/Natura_2000\">Red Natura 2000<\/a>.<\/p>\n<p>&nbsp;<\/p>\n<p><strong>12.30h. Visita a la Agrotienda de Frutos de Poniente, <\/strong>con cata de productos locales.<\/p>\n<p>Qui\u00e9n se quiera quedar a comer se facilitar\u00e1 un listado de los restaurantes de la villa.<\/p>\n<p>&nbsp;<\/p>\n<p><strong>CONCURSO DE INSTAGRAM<\/strong><br \/>\nPara los amantes de la fotograf\u00eda se ha convocado la 10\u00aa edici\u00f3n del concurso de Instagram. Las fotograf\u00edas solo se podr\u00e1n hacer con m\u00f3vil y se tendr\u00e1n que colgar en Instagram con lo hashtag #AlcarrasFlorit23<\/p>\n<p>Solo podr\u00e1n participar en el concurso los\/las asistentes a la ruta.<\/p>\n<p>Se establecen 2 Premios:<br \/>\n&#8211; 1r premio: 150\u20ac<br \/>\n&#8211; 2n premio: 80\u20ac<br \/>\n&#8211; Un detalle para todos los participantes.<\/p>\n<p>&nbsp;<\/p>\n<p><strong>Paradas imprescindibles<\/strong><\/p>\n<ul>\n<li>Llano de la Encina.<\/li>\n<li>Diferentes campos floridos.<\/li>\n<li>Pantano del Arr\u00f2s.<\/li>\n<li>Agrotienda de Frutos de Poniente.<\/li>\n<\/ul>\n<p>&nbsp;<\/p>\n<p><strong>Distancia: <\/strong>30 Km.<\/p>\n<p><strong>Duraci\u00f3n de la ruta:<\/strong> 3.30h.<\/p>\n<p><strong>Tama\u00f1o del grupo por ruta:<\/strong> m\u00e1ximo 150 personas.<\/p>\n<p><strong>D\u00edas disponibles: <\/strong>4 de marzo.<\/p>\n<p><strong>Horarios:<\/strong> de 9.30h a 13.00h.<\/p>\n<p><strong>Precios<\/strong><\/p>\n<p><strong>15\u20ac\u00a0<\/strong> (exento de IVA).[\/vc_column_text][vc_empty_space height=\u00bb23px\u00bb][\/vc_column][vc_column width=\u00bb1\/6&#8243;][vc_empty_space height=\u00bb120px\u00bb][vc_column_text]<\/p>\n<h6 style=\"text-align: right;\">AYUNTAMIENTO<\/h6>\n<h6 style=\"text-align: right;\">ALCARR\u00c0S<\/h6>\n<p style=\"text-align: right;\">Pla\u00e7a de l&#8217;Esgl\u00e9sia, 1<\/p>\n<p style=\"text-align: right;\">Alcarr\u00e0s \u2013 25180<\/p>\n<p style=\"text-align: right;\">Lleida<\/p>\n<p>[\/vc_column_text][vc_empty_space height=\u00bb23px\u00bb]<a  itemprop=\"url\" href=\"https:\/\/www.alcarras.cat\" target=\"_blank\"  class=\"qbutton  right default\" style=\"\">WEB MUNICIPAL<\/a>[vc_empty_space height=\u00bb23px\u00bb][vc_separator type=\u00bbnormal\u00bb color=\u00bb#000000&#8243;][vc_column_text]<\/p>\n<h5 style=\"text-align: right;\">Tel. 973 795 700<\/h5>\n<p>[\/vc_column_text][vc_empty_space height=\u00bb46px\u00bb][\/vc_column][\/vc_row][vc_row css_animation=\u00bb\u00bb row_type=\u00bbrow\u00bb use_row_as_full_screen_section=\u00bbno\u00bb type=\u00bbfull_width\u00bb angled_section=\u00bbno\u00bb text_align=\u00bbcenter\u00bb background_image_as_pattern=\u00bbwithout_pattern\u00bb z_index=\u00bb\u00bb][vc_column width=\u00bb1\/6&#8243;][\/vc_column][vc_column width=\u00bb2\/3&#8243;][vc_separator type=\u00bbnormal\u00bb color=\u00bb#000000&#8243;][vc_empty_space height=\u00bb46px\u00bb][vc_column_text]<\/p>\n<h3 style=\"text-align: center;\">Haz tu reserva<\/h3>\n<p>[\/vc_column_text][vc_empty_space height=\u00bb46px\u00bb]<a  itemprop=\"url\" href=\"www.alcarras.cat\/entrades\" target=\"_blank\"  class=\"qbutton  center enlarge\" style=\"\">RESERVA<\/a>[vc_empty_space height=\u00bb46px\u00bb][vc_separator type=\u00bbnormal\u00bb color=\u00bb#000000&#8243;][vc_empty_space height=\u00bb46px\u00bb][vc_column_text]<\/p>\n<h3 class=\"p1\" style=\"text-align: center;\"><span class=\"s1\">Si tienes cualquier consulta contacta con nosotros.<\/span><\/h3>\n<p>[\/vc_column_text][vc_empty_space height=\u00bb46px\u00bb]<a  itemprop=\"url\" href=\"https:\/\/lafloracio.cat\/es\/contacta-alcarras\/\" target=\"_self\"  class=\"qbutton  center enlarge\" style=\"\">CONTACTA<\/a>[vc_empty_space height=\u00bb46px\u00bb][vc_separator type=\u00bbnormal\u00bb color=\u00bb#000000&#8243;][vc_empty_space height=\u00bb46px\u00bb][vc_gallery type=\u00bbimage_grid\u00bb images=\u00bb1415,1419,1413,1417,1411&#8243; img_size=\u00bb200&#215;200&#8243; css_animation=\u00bbfadeIn\u00bb column_number=\u00bb3&#8243; grayscale=\u00bbno\u00bb images_space=\u00bbgallery_without_space\u00bb][vc_empty_space height=\u00bb60px\u00bb][\/vc_column][vc_column width=\u00bb1\/6&#8243;][\/vc_column][\/vc_row]<\/p>\n<\/section>","protected":false},"excerpt":{"rendered":"<p>[vc_row css_animation=\u00bb\u00bb row_type=\u00bbrow\u00bb use_row_as_full_screen_section=\u00bbno\u00bb type=\u00bbfull_width\u00bb angled_section=\u00bbno\u00bb text_align=\u00bbleft\u00bb background_image_as_pattern=\u00bbwithout_pattern\u00bb][vc_column width=\u00bb1\/6&#8243;][\/vc_column][vc_column width=\u00bb2\/3&#8243;][vc_column_text] 10\u00aa Ruta \u00abAlcarr\u00e0s Florido\u00bb. Un paisaje encantador de \u00e1rboles en flor. [\/vc_column_text][vc_empty_space height=\u00bb46px\u00bb][vc_column_text]Descripci\u00f3n de la ruta Este a\u00f1o 2023 tendr\u00e1 lugar la d\u00e9cima edici\u00f3n de las rutas \u00abAlcarr\u00e0s Florido\u00bb, una nueva oportunidad para conocer de&#8230;<\/p>\n","protected":false},"author":1,"featured_media":1431,"parent":0,"menu_order":0,"comment_status":"closed","ping_status":"closed","template":"","meta":{"_monsterinsights_skip_tracking":false,"_monsterinsights_sitenote_active":false,"_monsterinsights_sitenote_note":"","_monsterinsights_sitenote_category":0,"footnotes":""},"class_list":["post-1436","page","type-page","status-publish","has-post-thumbnail","hentry"],"_links":{"self":[{"href":"https:\/\/lafloracio.cat\/es\/wp-json\/wp\/v2\/pages\/1436","targetHints":{"allow":["GET"]}}],"collection":[{"href":"https:\/\/lafloracio.cat\/es\/wp-json\/wp\/v2\/pages"}],"about":[{"href":"https:\/\/lafloracio.cat\/es\/wp-json\/wp\/v2\/types\/page"}],"author":[{"embeddable":true,"href":"https:\/\/lafloracio.cat\/es\/wp-json\/wp\/v2\/users\/1"}],"replies":[{"embeddable":true,"href":"https:\/\/lafloracio.cat\/es\/wp-json\/wp\/v2\/comments?post=1436"}],"version-history":[{"count":11,"href":"https:\/\/lafloracio.cat\/es\/wp-json\/wp\/v2\/pages\/1436\/revisions"}],"predecessor-version":[{"id":1767,"href":"https:\/\/lafloracio.cat\/es\/wp-json\/wp\/v2\/pages\/1436\/revisions\/1767"}],"wp:featuredmedia":[{"embeddable":true,"href":"https:\/\/lafloracio.cat\/es\/wp-json\/wp\/v2\/media\/1431"}],"wp:attachment":[{"href":"https:\/\/lafloracio.cat\/es\/wp-json\/wp\/v2\/media?parent=1436"}],"curies":[{"name":"wp","href":"https:\/\/api.w.org\/{rel}","templated":true}]}}

Alcarràs

<section class="wpb-content-wrapper"><p>[vc_row css_animation=»» row_type=»row» use_row_as_full_screen_section=»no» type=»full_width» angled_section=»no» text_align=»left» background_image_as_pattern=»without_pattern»][vc_column width=»1/6&#8243;][/vc_column][vc_column width=»2/3&#8243;][vc_column_text]</p>
<h1 style="text-align: center;"><strong>10ª Ruta «Alcarràs Florido»</strong>.</h1>
<h3 style="text-align: center;">Un paisaje encantador de árboles en flor.</h3>
<p>[/vc_column_text][vc_empty_space height=»46px»][vc_column_text]<strong>Descripción de la ruta</strong></p>
<p>Este año 2023 tendrá lugar la décima edición de las rutas «Alcarràs Florido», una nueva oportunidad para conocer de primera mano la belleza del paisaje alcarrasense, donde se puede contemplar de cerca uno de los principales atractivos turísticos del Bajo Segrià: los árboles (almendros, melocotoneros y las variedades nectarinas y platarinas) en pleno proceso de floración y observar el manto de colores que se extiende en nuestros ojos.</p>
<p>La oferta turística que propone Alcarràs para disfrutar del paisaje encantador de los árboles en flor tiene muchos atractivos. Las rutas se harán en autobús para dar una buena calidad a la visita, haciéndola más sostenible ambientalmente y ver los paisajes que han inspirado la cineasta Carla Simon a realizar su premiada película «ALCARRÀS».</p>
<p>&nbsp;</p>
<p><strong>9.30h. Salida</strong></p>
<p>Lugar de encuentro: Plaza del Mercado (al lado del Camp de Fútbol).</p>
<p>Salida en autobús hasta el Llano de la Encina, donde encontramos un elemento patrimonial de gran importancia para la villa: la Encina centenaria.</p>
<p>&nbsp;</p>
<p><strong>10.00h. Almuerzo típico alcarrasense</strong>, con pan con tomate y el tradicional Mandongo (morcilla blanca y negra) y pan con aceite y azúcar, con la colaboración de la Asociación Cultural Remember Company.</p>
<p>A continuación habrá una explicación de la evolución vegetativa del estado de floración de los árboles a cargo de los técnicos del Departamento Agrónomo de Frutos de Poniente.</p>
<p>&nbsp;</p>
<p><strong>11.00h.</strong> después cogeremos los buses para hacer un recorrido por diferentes campos frutales y poder ver diferentes colores de la floración y tiempo para hacer fotografías. Para acabar la ruta visitaremos el Pantano del Arroz, esta zona húmeda es un espacio catalogado PEIN (Plan de Espacios de Interés Natural) y está incluida dentro del espacio de la <a href="https://ca.wikipedia.org/wiki/Natura_2000">Red Natura 2000</a>.</p>
<p>&nbsp;</p>
<p><strong>12.30h. Visita a la Agrotienda de Frutos de Poniente, </strong>con cata de productos locales.</p>
<p>Quién se quiera quedar a comer se facilitará un listado de los restaurantes de la villa.</p>
<p>&nbsp;</p>
<p><strong>CONCURSO DE INSTAGRAM</strong><br />
Para los amantes de la fotografía se ha convocado la 10ª edición del concurso de Instagram. Las fotografías solo se podrán hacer con móvil y se tendrán que colgar en Instagram con lo hashtag #AlcarrasFlorit23</p>
<p>Solo podrán participar en el concurso los/las asistentes a la ruta.</p>
<p>Se establecen 2 Premios:<br />
&#8211; 1r premio: 150€<br />
&#8211; 2n premio: 80€<br />
&#8211; Un detalle para todos los participantes.</p>
<p>&nbsp;</p>
<p><strong>Paradas imprescindibles</strong></p>
<ul>
<li>Llano de la Encina.</li>
<li>Diferentes campos floridos.</li>
<li>Pantano del Arròs.</li>
<li>Agrotienda de Frutos de Poniente.</li>
</ul>
<p>&nbsp;</p>
<p><strong>Distancia: </strong>30 Km.</p>
<p><strong>Duración de la ruta:</strong> 3.30h.</p>
<p><strong>Tamaño del grupo por ruta:</strong> máximo 150 personas.</p>
<p><strong>Días disponibles: </strong>4 de marzo.</p>
<p><strong>Horarios:</strong> de 9.30h a 13.00h.</p>
<p><strong>Precios</strong></p>
<p><strong>15€ </strong> (exento de IVA).[/vc_column_text][vc_empty_space height=»23px»][/vc_column][vc_column width=»1/6&#8243;][vc_empty_space height=»120px»][vc_column_text]</p>
<h6 style="text-align: right;">AYUNTAMIENTO</h6>
<h6 style="text-align: right;">ALCARRÀS</h6>
<p style="text-align: right;">Plaça de l&#8217;Església, 1</p>
<p style="text-align: right;">Alcarràs – 25180</p>
<p style="text-align: right;">Lleida</p>
<p>[/vc_column_text][vc_empty_space height=»23px»]<a  itemprop="url" href="https://www.alcarras.cat" target="_blank"  class="qbutton  right default" style="">WEB MUNICIPAL</a>[vc_empty_space height=»23px»][vc_separator type=»normal» color=»#000000&#8243;][vc_column_text]</p>
<h5 style="text-align: right;">Tel. 973 795 700</h5>
<p>[/vc_column_text][vc_empty_space height=»46px»][/vc_column][/vc_row][vc_row css_animation=»» row_type=»row» use_row_as_full_screen_section=»no» type=»full_width» angled_section=»no» text_align=»center» background_image_as_pattern=»without_pattern» z_index=»»][vc_column width=»1/6&#8243;][/vc_column][vc_column width=»2/3&#8243;][vc_separator type=»normal» color=»#000000&#8243;][vc_empty_space height=»46px»][vc_column_text]</p>
<h3 style="text-align: center;">Haz tu reserva</h3>
<p>[/vc_column_text][vc_empty_space height=»46px»]<a  itemprop="url" href="www.alcarras.cat/entrades" target="_blank"  class="qbutton  center enlarge" style="">RESERVA</a>[vc_empty_space height=»46px»][vc_separator type=»normal» color=»#000000&#8243;][vc_empty_space height=»46px»][vc_column_text]</p>
<h3 class="p1" style="text-align: center;"><span class="s1">Si tienes cualquier consulta contacta con nosotros.</span></h3>
<p>[/vc_column_text][vc_empty_space height=»46px»]<a  itemprop="url" href="https://lafloracio.cat/es/contacta-alcarras/" target="_self"  class="qbutton  center enlarge" style="">CONTACTA</a>[vc_empty_space height=»46px»][vc_separator type=»normal» color=»#000000&#8243;][vc_empty_space height=»46px»][vc_gallery type=»image_grid» images=»1415,1419,1413,1417,1411&#8243; img_size=»200&#215;200&#8243; css_animation=»fadeIn» column_number=»3&#8243; grayscale=»no» images_space=»gallery_without_space»][vc_empty_space height=»60px»][/vc_column][vc_column width=»1/6&#8243;][/vc_column][/vc_row]</p>
</section>

<p>[vc_row css_animation=»» row_type=»row» use_row_as_full_screen_section=»no» type=»full_width» angled_section=»no» text_align=»left» background_image_as_pattern=»without_pattern»][vc_column width=»1/6&#8243;][/vc_column][vc_column width=»2/3&#8243;][vc_column_text] 10ª Ruta «Alcarràs Florido». Un paisaje encantador de árboles en flor. [/vc_column_text][vc_empty_space height=»46px»][vc_column_text]Descripción de la ruta Este año 2023 tendrá lugar la décima edición de las rutas «Alcarràs Florido», una nueva oportunidad para conocer de&#8230;</p>
