{"id":3174,"date":"2020-02-13T19:15:12","date_gmt":"2020-02-13T17:15:12","guid":{"rendered":"https:\/\/lafloracio.cat\/sose-en-flor\/"},"modified":"2020-02-13T19:15:12","modified_gmt":"2020-02-13T17:15:12","slug":"sose-en-flor","status":"publish","type":"page","link":"https:\/\/lafloracio.cat\/en\/sose-en-flor\/","title":{"rendered":"Soses en Flor"},"content":{"rendered":"<section class=\"wpb-content-wrapper\"><p>[vc_row css_animation=&#8221;&#8221; row_type=&#8221;row&#8221; use_row_as_full_screen_section=&#8221;no&#8221; type=&#8221;full_width&#8221; angled_section=&#8221;no&#8221; text_align=&#8221;left&#8221; background_image_as_pattern=&#8221;without_pattern&#8221;][vc_column width=&#8221;2\/3&#8243;][vc_column_text]<\/p>\n<h2>Soses en flor<\/h2>\n<p>[\/vc_column_text][vc_empty_space height=&#8221;46px&#8221;][vc_column_text]Al cor del Baix Segri\u00e0 es troba el municipi de Soses. Un petit poble d\u2019uns 1700 habitants on l\u2019agricultura es el motor principal de l\u2019economia. Banyat pel riu Segre a l\u2019oest del terme i amb el poblat ib\u00e8ric dels Gebuts al sud. En qualsevol punt del nostre territori podrem gaudir dels camps florits i d\u2019un paisatge espectacular pels seus colors.<\/p>\n<p>Acompanyats pels nostres guies locals i pagesos del municipi aprendrem el cicle de la fruita. Des de que es planta un arbre, fins que en collim els fruits, passant per la poda, l\u2019aclarida, el control de plagues, l\u2019adobat, etc.<\/p>\n<p>Tamb\u00e9 farem una breu explicaci\u00f3 de la hist\u00f2ria del poblat ib\u00e8ric dels gebuts, un poble habitat el 650 a.C. en el qual s\u2019hi ha fet troballes \u00faniques.<\/p>\n<p>A la finalitzaci\u00f3 de la ruta donarem una pinzellada a la fauna i flora del bosc de ribera del riu Segre.<\/p>\n<p>&nbsp;<\/p>\n<p>&nbsp;<\/p>\n<p>Els elements m\u00e9s singulars del nostre poble son:<\/p>\n<p>el Poblat Ib\u00e8ric, al sud del municipi<\/p>\n<p>la farm\u00e0cia dels moros, a la falda de la serra, visible passant per la carretera nacional direcci\u00f3\u00a0 a Aitona<\/p>\n<p>L\u2019esgl\u00e9sia de Sant Lloren\u00e7, al centre del poble.<\/p>\n<p>L\u2019ermita de Sant Miquel, al tur\u00f3 abans d\u2019entrar al poble.<\/p>\n<p>Com a punt d\u2019inter\u00e8s, volem remarcar la fauna que habita al riu Segre al seu pas per Soses, on els cignes i diferents tipus d\u2019aus hi habiten en sintonia amb el paisatge.<\/p>\n<p>La primera parada es realitza en un punt elevat amb vistes panor\u00e0miques dels camps florits i del riu Segre, conegut com el Puntal de l\u2019Aubet.<\/p>\n<p>&nbsp;<\/p>\n<p>La seg\u00fcent parada ser\u00e0 en un t\u00edpic mas lleidat\u00e0 amb un toc r\u00fastic envoltada de presseguers on farem una petita parada, on us podreu endinsar en un camp fruiter i passejar rodejats de flors.<\/p>\n<p>&nbsp;<\/p>\n<p>Seguidament farem la parada del poblat ib\u00e8ric del Gebut. Descobrirem la hist\u00f2ria m\u00e9s antiga del nostre municipi de la m\u00e0 d\u2019experts que hi treballen cada estiu desenterrant les seves restes arqueol\u00f2giques i ens rebel\u00b7len nous descobriments.<\/p>\n<p>&nbsp;<\/p>\n<p>Continuarem la visita a la zona de la riba del riu Segre. All\u00ed ens mostraran la fauna i flora que amaguen les aig\u00fces d\u2019aquest riu, una zona on els amants de la fotografia no es\u00a0 podran resistir en treure les seves millors captures.<\/p>\n<p>&nbsp;<\/p>\n<p>I per acabar, farem un itinerari per dins del bosc de ribera de tornada al poble. Una ruta que despr\u00e8n tranquil\u00b7litat i benestar, on la m\u00fasica de les aus i l\u2019aigua del riu ens acompanyar\u00e0 durant tot\u00a0 el cam\u00ed.[\/vc_column_text][vc_empty_space height=&#8221;46px&#8221;][\/vc_column][vc_column width=&#8221;1\/3&#8243;][vc_column_text]S\u00f3c un bloc de text. Feu clic al bot\u00f3 Edita per canviar aquest text. Lorem Ipsum \u00e9s un text de farciment usat per la ind\u00fastria de la tipografia i la impremta.[\/vc_column_text]<div class=ordered><\/p>\n<ol>\n<li>Lorem Ipsum<\/li>\n<li>Lorem Ipsum<\/li>\n<li>Lorem Ipsum<\/li>\n<\/ol>\n<p><\/div>[\/vc_column][\/vc_row]<\/p>\n<\/section>","protected":false},"excerpt":{"rendered":"<p>[vc_row css_animation=&#8221;&#8221; row_type=&#8221;row&#8221; use_row_as_full_screen_section=&#8221;no&#8221; type=&#8221;full_width&#8221; angled_section=&#8221;no&#8221; text_align=&#8221;left&#8221; background_image_as_pattern=&#8221;without_pattern&#8221;][vc_column width=&#8221;2\/3&#8243;][vc_column_text] Soses en flor [\/vc_column_text][vc_empty_space height=&#8221;46px&#8221;][vc_column_text]Al cor del Baix Segri\u00e0 es troba el municipi de Soses. Un petit poble d\u2019uns 1700 habitants on l\u2019agricultura es el motor principal de l\u2019economia. Banyat pel riu Segre a l\u2019oest del&#8230;<\/p>\n","protected":false},"author":1,"featured_media":0,"parent":0,"menu_order":0,"comment_status":"closed","ping_status":"closed","template":"","meta":{"_monsterinsights_skip_tracking":false,"_monsterinsights_sitenote_active":false,"_monsterinsights_sitenote_note":"","_monsterinsights_sitenote_category":0,"footnotes":""},"class_list":["post-3174","page","type-page","status-publish","hentry"],"_links":{"self":[{"href":"https:\/\/lafloracio.cat\/en\/wp-json\/wp\/v2\/pages\/3174","targetHints":{"allow":["GET"]}}],"collection":[{"href":"https:\/\/lafloracio.cat\/en\/wp-json\/wp\/v2\/pages"}],"about":[{"href":"https:\/\/lafloracio.cat\/en\/wp-json\/wp\/v2\/types\/page"}],"author":[{"embeddable":true,"href":"https:\/\/lafloracio.cat\/en\/wp-json\/wp\/v2\/users\/1"}],"replies":[{"embeddable":true,"href":"https:\/\/lafloracio.cat\/en\/wp-json\/wp\/v2\/comments?post=3174"}],"version-history":[{"count":0,"href":"https:\/\/lafloracio.cat\/en\/wp-json\/wp\/v2\/pages\/3174\/revisions"}],"wp:attachment":[{"href":"https:\/\/lafloracio.cat\/en\/wp-json\/wp\/v2\/media?parent=3174"}],"curies":[{"name":"wp","href":"https:\/\/api.w.org\/{rel}","templated":true}]}}

<section class="wpb-content-wrapper"><p>[vc_row css_animation=&#8221;&#8221; row_type=&#8221;row&#8221; use_row_as_full_screen_section=&#8221;no&#8221; type=&#8221;full_width&#8221; angled_section=&#8221;no&#8221; text_align=&#8221;left&#8221; background_image_as_pattern=&#8221;without_pattern&#8221;][vc_column width=&#8221;2/3&#8243;][vc_column_text]</p>
<h2>Soses en flor</h2>
<p>[/vc_column_text][vc_empty_space height=&#8221;46px&#8221;][vc_column_text]Al cor del Baix Segrià es troba el municipi de Soses. Un petit poble d’uns 1700 habitants on l’agricultura es el motor principal de l’economia. Banyat pel riu Segre a l’oest del terme i amb el poblat ibèric dels Gebuts al sud. En qualsevol punt del nostre territori podrem gaudir dels camps florits i d’un paisatge espectacular pels seus colors.</p>
<p>Acompanyats pels nostres guies locals i pagesos del municipi aprendrem el cicle de la fruita. Des de que es planta un arbre, fins que en collim els fruits, passant per la poda, l’aclarida, el control de plagues, l’adobat, etc.</p>
<p>També farem una breu explicació de la història del poblat ibèric dels gebuts, un poble habitat el 650 a.C. en el qual s’hi ha fet troballes úniques.</p>
<p>A la finalització de la ruta donarem una pinzellada a la fauna i flora del bosc de ribera del riu Segre.</p>
<p>&nbsp;</p>
<p>&nbsp;</p>
<p>Els elements més singulars del nostre poble son:</p>
<p>el Poblat Ibèric, al sud del municipi</p>
<p>la farmàcia dels moros, a la falda de la serra, visible passant per la carretera nacional direcció  a Aitona</p>
<p>L’església de Sant Llorenç, al centre del poble.</p>
<p>L’ermita de Sant Miquel, al turó abans d’entrar al poble.</p>
<p>Com a punt d’interès, volem remarcar la fauna que habita al riu Segre al seu pas per Soses, on els cignes i diferents tipus d’aus hi habiten en sintonia amb el paisatge.</p>
<p>La primera parada es realitza en un punt elevat amb vistes panoràmiques dels camps florits i del riu Segre, conegut com el Puntal de l’Aubet.</p>
<p>&nbsp;</p>
<p>La següent parada serà en un típic mas lleidatà amb un toc rústic envoltada de presseguers on farem una petita parada, on us podreu endinsar en un camp fruiter i passejar rodejats de flors.</p>
<p>&nbsp;</p>
<p>Seguidament farem la parada del poblat ibèric del Gebut. Descobrirem la història més antiga del nostre municipi de la mà d’experts que hi treballen cada estiu desenterrant les seves restes arqueològiques i ens rebel·len nous descobriments.</p>
<p>&nbsp;</p>
<p>Continuarem la visita a la zona de la riba del riu Segre. Allí ens mostraran la fauna i flora que amaguen les aigües d’aquest riu, una zona on els amants de la fotografia no es  podran resistir en treure les seves millors captures.</p>
<p>&nbsp;</p>
<p>I per acabar, farem un itinerari per dins del bosc de ribera de tornada al poble. Una ruta que desprèn tranquil·litat i benestar, on la música de les aus i l’aigua del riu ens acompanyarà durant tot  el camí.[/vc_column_text][vc_empty_space height=&#8221;46px&#8221;][/vc_column][vc_column width=&#8221;1/3&#8243;][vc_column_text]Sóc un bloc de text. Feu clic al botó Edita per canviar aquest text. Lorem Ipsum és un text de farciment usat per la indústria de la tipografia i la impremta.[/vc_column_text]<div class=ordered></p>
<ol>
<li>Lorem Ipsum</li>
<li>Lorem Ipsum</li>
<li>Lorem Ipsum</li>
</ol>
<p></div>[/vc_column][/vc_row]</p>
</section>

<p>[vc_row css_animation=&#8221;&#8221; row_type=&#8221;row&#8221; use_row_as_full_screen_section=&#8221;no&#8221; type=&#8221;full_width&#8221; angled_section=&#8221;no&#8221; text_align=&#8221;left&#8221; background_image_as_pattern=&#8221;without_pattern&#8221;][vc_column width=&#8221;2/3&#8243;][vc_column_text] Soses en flor [/vc_column_text][vc_empty_space height=&#8221;46px&#8221;][vc_column_text]Al cor del Baix Segrià es troba el municipi de Soses. Un petit poble d’uns 1700 habitants on l’agricultura es el motor principal de l’economia. Banyat pel riu Segre a l’oest del&#8230;</p>
