{"id":2878,"date":"2020-02-25T14:31:35","date_gmt":"2020-02-25T12:31:35","guid":{"rendered":"https:\/\/lafloracio.cat\/soses\/"},"modified":"2026-02-17T10:22:31","modified_gmt":"2026-02-17T09:22:31","slug":"soses","status":"publish","type":"page","link":"https:\/\/lafloracio.cat\/en\/soses\/","title":{"rendered":"Soses"},"content":{"rendered":"<section class=\"wpb-content-wrapper\"><p>[vc_row css_animation=&#8221;&#8221; row_type=&#8221;row&#8221; use_row_as_full_screen_section=&#8221;no&#8221; type=&#8221;full_width&#8221; angled_section=&#8221;no&#8221; text_align=&#8221;left&#8221; background_image_as_pattern=&#8221;without_pattern&#8221;][vc_column width=&#8221;1\/6&#8243;][\/vc_column][vc_column width=&#8221;2\/3&#8243;][vc_column_text]<\/p>\n<h1 style=\"text-align: center;\">Soses en Flor.<\/h1>\n<h4 style=\"text-align: center;\"><strong>CAMPS FLORITS I MIRADOR DEL SEGRE DE SOSES<\/strong><\/h4>\n<h3 style=\"text-align: center;\">Descobreix la bellesa dels camps florits de Soses.<\/h3>\n<p>[\/vc_column_text][vc_empty_space height=&#8221;46px&#8221;][vc_column_text]<strong>Descripci\u00f3 de la ruta<\/strong><\/p>\n<p>Ruta que es pot fer durant tota la floraci\u00f3.<\/p>\n<p>Ruta que es pot fer tant caminant, amb bicicleta com en vehicle particular.<\/p>\n<p>Passejada pels camps florits del terme municipal de Soses, on es pot gaudir d\u2019un mosaic de colors, flors d\u2019ametllers, presseguers i albercoquers.<\/p>\n<p>La ruta passa per diferents miradors, entre ells el del poblat \u00cdber del Gebut, on tamb\u00e9 s\u2019hi fan visites guiades (veure fitxa mirador del poblat del Gebut). En el mirador del Segre, podreu gaudir de diversitat d\u2019aus, sobre tot cignes i cigonyes al riu Segre.<\/p>\n<p>No fa falta guia, esta tot degudament senyalitzat.<\/p>\n<p>&nbsp;<\/p>\n<p><strong>Dist\u00e0ncia Ruta: <\/strong>16 Km<\/p>\n<p><strong>Dies disponibles: <\/strong>Tota la floraci\u00f3. Finals de febrer fins finals de mar\u00e7.<\/p>\n<p><strong>Horaris:<\/strong> Horari lliure.<\/p>\n<p><strong>Tamany del grup per ruta:<\/strong> il\u00b7limitat.<\/p>\n<p><strong>Preus<\/strong><\/p>\n<p>GRATU\u00cfTA.[\/vc_column_text][vc_empty_space height=&#8221;46px&#8221;]<a  itemprop=\"url\" href=\"https:\/\/ca.wikiloc.com\/rutes-btt\/ruta-soses-en-flor-78709787\" target=\"_blank\"  class=\"qbutton  center enlarge\" style=\"\">RUTA WIKILOC<\/a>[vc_empty_space height=&#8221;46px&#8221;][vc_separator type=&#8221;normal&#8221; color=&#8221;#000000&#8243;][vc_empty_space height=&#8221;46px&#8221;][vc_column_text]<\/p>\n<h1 style=\"text-align: center;\"><strong>Soses -Utxesa amb bicicleta.<\/strong><\/h1>\n<p>[\/vc_column_text][vc_empty_space height=&#8221;46px&#8221;][vc_column_text]<strong>Descripci\u00f3 de la ruta<\/strong><\/p>\n<p>Organitzada pel club ciclista de Soses.<\/p>\n<p>Sortida des de la Pla\u00e7a Santiago Miret amb bicicletes direcci\u00f3 Utxesa, per visitar la finca m\u00e9s famosa de la floraci\u00f3 Fruites Espax.<\/p>\n<p>Durant el recorregut es passen per diferents tipus de camps florits i pel pant\u00e0 d\u2019Utxesa.<\/p>\n<p>Es podran fer fotografies i gaudir de les famoses vistes del mar rosa.<\/p>\n<p>No hi ha servei de lloguer de bicicletes.<\/p>\n<p>S\u2019oferir\u00e0 fruita i refrigeri als assistents.<\/p>\n<p>&nbsp;<\/p>\n<p><strong>Dist\u00e0ncia Ruta: <\/strong>25-30 Km<\/p>\n<p><strong>Durada: <\/strong>2-3h.<\/p>\n<p><strong>Dia disponible: <\/strong>18 de mar\u00e7.<\/p>\n<p><strong>Horaris:<\/strong> 9.00h.<\/p>\n<p><strong>Tamany del grup per ruta:<\/strong> Il\u00b7limitat.<\/p>\n<p><strong>Preus<\/strong><\/p>\n<p>GRATU\u00cfTA.[\/vc_column_text][vc_empty_space height=&#8221;46px&#8221;]<a  itemprop=\"url\" href=\"https:\/\/ca.wikiloc.com\/rutes-btt\/soses-utxesa-pels-fruiters-florits-123786184\" target=\"_blank\"  class=\"qbutton  center enlarge\" style=\"\">RUTA WIKILOC<\/a>[vc_empty_space height=&#8221;46px&#8221;][vc_separator type=&#8221;normal&#8221; color=&#8221;#000000&#8243;][vc_empty_space height=&#8221;46px&#8221;][vc_column_text]<\/p>\n<h1 style=\"text-align: center;\"><strong>Visita guiada al poblat Iber del Gebut &#8211; Soses.<\/strong><\/h1>\n<p>[\/vc_column_text][vc_empty_space height=&#8221;46px&#8221;][vc_column_text]<strong>Descripci\u00f3 de la visita<\/strong><\/p>\n<p>Visita guiada pel grup d\u2019investigaci\u00f3 prehist\u00f2rica de la UDL i l\u2019associaci\u00f3 Amics del Gebut de Soses.<\/p>\n<p>Arque\u00f2legs que han treballat en el jaciment ens expliquen de primera m\u00e0 les troballes recents. Es tracta d\u2019un jaciment\u00a0 on s&#8217;han dut a terme diverses excavacions per tal de consolidar el jaciment, i a partir d&#8217;aquestes es pot afirmar que el poblat correspon als anys 650 i el 50 aC.<\/p>\n<p>Actualment hi podem veure una s\u00e8rie d&#8217;habitatges de planta rectangular arrenglerats al llarg de dos carrers, enllosats amb pedres planes sense treballar, i una cisterna central. Antigament hi havia una mena de claveguera per a la recollida d&#8217;aig\u00fces, en l&#8217;actualitat molt degradada.<\/p>\n<p>La part nord- oest presenta una petita elevaci\u00f3 amb habitatges rectangulars, la qual podria formar una mena d&#8217;acr\u00f2polis. A la part oest es poden veure encara restes d&#8217;una fortificaci\u00f3 feta amb pedres de grans dimensions.<\/p>\n<p>Val a dir que el poblat encara no ha estat excavat en la seva totalitat, la qual cosa fa pensar que podria aportar molta m\u00e9s informaci\u00f3 encara.<\/p>\n<p>&nbsp;<\/p>\n<p><strong>Dist\u00e0ncia Ruta: <\/strong>Est\u00e0 a 4,5Km de Soses, carretera de Soses a Aitona.<\/p>\n<p><strong>Durada: <\/strong>1.30h.<\/p>\n<p><strong>Dies disponibles: <\/strong>11, 12, 18 i 19 \u00a0de mar\u00e7.<\/p>\n<p><strong>Horaris:<\/strong> a les 10.00h.\u00a0 i a les 12.00h.<\/p>\n<p><strong>Tamany del grup per ruta:<\/strong> Il\u00b7limitat.<\/p>\n<p><strong>Preus<\/strong><\/p>\n<p>3\u20ac per persona.[\/vc_column_text][vc_empty_space height=&#8221;46px&#8221;]<a  itemprop=\"url\" href=\"https:\/\/www.iter5.cat\/inscripcions\/formCursa.php?id=1841\" target=\"_blank\"  class=\"qbutton  center enlarge\" style=\"\">INSCRIU-TE A LA VISITA<\/a>[vc_empty_space height=&#8221;46px&#8221;][\/vc_column][vc_column width=&#8221;1\/6&#8243;][vc_empty_space height=&#8221;120px&#8221;][vc_column_text]<\/p>\n<h6 style=\"text-align: right;\"><strong>AJUNTAMENT<\/strong><\/h6>\n<h6 style=\"text-align: right;\"><strong>DE SOSES<\/strong><\/h6>\n<p style=\"text-align: right;\">Pla\u00e7a Esglesia, 2<\/p>\n<p style=\"text-align: right;\">25181 Soses<\/p>\n<p style=\"text-align: right;\">Lleida<\/p>\n<p>[\/vc_column_text][vc_empty_space height=&#8221;40px&#8221;]<a  itemprop=\"url\" href=\"https:\/\/www.soses.cat\/\" target=\"_blank\"  class=\"qbutton  center enlarge\" style=\"\">WEB MUNICIPAL<\/a>[vc_empty_space height=&#8221;40px&#8221;][vc_separator type=&#8221;normal&#8221; color=&#8221;#000000&#8243;][vc_column_text]<\/p>\n<h4 style=\"text-align: right;\">Tel. 973 797\u00a0 806<\/h4>\n<p>[\/vc_column_text][vc_empty_space height=&#8221;40px&#8221;][\/vc_column][\/vc_row][vc_row css_animation=&#8221;&#8221; row_type=&#8221;row&#8221; use_row_as_full_screen_section=&#8221;no&#8221; type=&#8221;full_width&#8221; angled_section=&#8221;no&#8221; text_align=&#8221;center&#8221; background_image_as_pattern=&#8221;without_pattern&#8221; z_index=&#8221;&#8221;][vc_column width=&#8221;1\/6&#8243;][\/vc_column][vc_column width=&#8221;2\/3&#8243;][vc_separator type=&#8221;normal&#8221; color=&#8221;#000000&#8243;][vc_empty_space height=&#8221;46px&#8221;][vc_column_text]<\/p>\n<h3 style=\"text-align: center;\">Si tens qualsevol consulta contacta amb nosaltres.<\/h3>\n<p>[\/vc_column_text][vc_empty_space height=&#8221;46px&#8221;]<a  itemprop=\"url\" href=\"https:\/\/lafloracio.cat\/contacta-soses\/\" target=\"_self\"  class=\"qbutton  center enlarge\" style=\"\">CONTACTA<\/a>[vc_empty_space height=&#8221;46px&#8221;][vc_separator type=&#8221;normal&#8221; color=&#8221;#000000&#8243;][vc_empty_space height=&#8221;46px&#8221;][vc_gallery type=&#8221;image_grid&#8221; images=&#8221;380,405,387,386,385,384,383,382,399&#8243; img_size=&#8221;200&#215;200&#8243; css_animation=&#8221;fadeIn&#8221; column_number=&#8221;3&#8243; grayscale=&#8221;no&#8221; images_space=&#8221;gallery_without_space&#8221;][vc_empty_space height=&#8221;60px&#8221;][\/vc_column][vc_column width=&#8221;1\/6&#8243;][\/vc_column][\/vc_row]<\/p>\n<\/section>","protected":false},"excerpt":{"rendered":"<p>[vc_row css_animation=&#8221;&#8221; row_type=&#8221;row&#8221; use_row_as_full_screen_section=&#8221;no&#8221; type=&#8221;full_width&#8221; angled_section=&#8221;no&#8221; text_align=&#8221;left&#8221; background_image_as_pattern=&#8221;without_pattern&#8221;][vc_column width=&#8221;1\/6&#8243;][\/vc_column][vc_column width=&#8221;2\/3&#8243;][vc_column_text] Soses en Flor. CAMPS FLORITS I MIRADOR DEL SEGRE DE SOSES Descobreix la bellesa dels camps florits de Soses. [\/vc_column_text][vc_empty_space height=&#8221;46px&#8221;][vc_column_text]Descripci\u00f3 de la ruta Ruta que es pot fer durant tota la floraci\u00f3. Ruta que&#8230;<\/p>\n","protected":false},"author":1,"featured_media":0,"parent":0,"menu_order":0,"comment_status":"closed","ping_status":"closed","template":"","meta":{"_monsterinsights_skip_tracking":false,"_monsterinsights_sitenote_active":false,"_monsterinsights_sitenote_note":"","_monsterinsights_sitenote_category":0,"footnotes":""},"class_list":["post-2878","page","type-page","status-publish","hentry"],"_links":{"self":[{"href":"https:\/\/lafloracio.cat\/en\/wp-json\/wp\/v2\/pages\/2878","targetHints":{"allow":["GET"]}}],"collection":[{"href":"https:\/\/lafloracio.cat\/en\/wp-json\/wp\/v2\/pages"}],"about":[{"href":"https:\/\/lafloracio.cat\/en\/wp-json\/wp\/v2\/types\/page"}],"author":[{"embeddable":true,"href":"https:\/\/lafloracio.cat\/en\/wp-json\/wp\/v2\/users\/1"}],"replies":[{"embeddable":true,"href":"https:\/\/lafloracio.cat\/en\/wp-json\/wp\/v2\/comments?post=2878"}],"version-history":[{"count":1,"href":"https:\/\/lafloracio.cat\/en\/wp-json\/wp\/v2\/pages\/2878\/revisions"}],"predecessor-version":[{"id":2944,"href":"https:\/\/lafloracio.cat\/en\/wp-json\/wp\/v2\/pages\/2878\/revisions\/2944"}],"wp:attachment":[{"href":"https:\/\/lafloracio.cat\/en\/wp-json\/wp\/v2\/media?parent=2878"}],"curies":[{"name":"wp","href":"https:\/\/api.w.org\/{rel}","templated":true}]}}

<section class="wpb-content-wrapper"><p>[vc_row css_animation=&#8221;&#8221; row_type=&#8221;row&#8221; use_row_as_full_screen_section=&#8221;no&#8221; type=&#8221;full_width&#8221; angled_section=&#8221;no&#8221; text_align=&#8221;left&#8221; background_image_as_pattern=&#8221;without_pattern&#8221;][vc_column width=&#8221;1/6&#8243;][/vc_column][vc_column width=&#8221;2/3&#8243;][vc_column_text]</p>
<h1 style="text-align: center;">Soses en Flor.</h1>
<h4 style="text-align: center;"><strong>CAMPS FLORITS I MIRADOR DEL SEGRE DE SOSES</strong></h4>
<h3 style="text-align: center;">Descobreix la bellesa dels camps florits de Soses.</h3>
<p>[/vc_column_text][vc_empty_space height=&#8221;46px&#8221;][vc_column_text]<strong>Descripció de la ruta</strong></p>
<p>Ruta que es pot fer durant tota la floració.</p>
<p>Ruta que es pot fer tant caminant, amb bicicleta com en vehicle particular.</p>
<p>Passejada pels camps florits del terme municipal de Soses, on es pot gaudir d’un mosaic de colors, flors d’ametllers, presseguers i albercoquers.</p>
<p>La ruta passa per diferents miradors, entre ells el del poblat Íber del Gebut, on també s’hi fan visites guiades (veure fitxa mirador del poblat del Gebut). En el mirador del Segre, podreu gaudir de diversitat d’aus, sobre tot cignes i cigonyes al riu Segre.</p>
<p>No fa falta guia, esta tot degudament senyalitzat.</p>
<p>&nbsp;</p>
<p><strong>Distància Ruta: </strong>16 Km</p>
<p><strong>Dies disponibles: </strong>Tota la floració. Finals de febrer fins finals de març.</p>
<p><strong>Horaris:</strong> Horari lliure.</p>
<p><strong>Tamany del grup per ruta:</strong> il·limitat.</p>
<p><strong>Preus</strong></p>
<p>GRATUÏTA.[/vc_column_text][vc_empty_space height=&#8221;46px&#8221;]<a  itemprop="url" href="https://ca.wikiloc.com/rutes-btt/ruta-soses-en-flor-78709787" target="_blank"  class="qbutton  center enlarge" style="">RUTA WIKILOC</a>[vc_empty_space height=&#8221;46px&#8221;][vc_separator type=&#8221;normal&#8221; color=&#8221;#000000&#8243;][vc_empty_space height=&#8221;46px&#8221;][vc_column_text]</p>
<h1 style="text-align: center;"><strong>Soses -Utxesa amb bicicleta.</strong></h1>
<p>[/vc_column_text][vc_empty_space height=&#8221;46px&#8221;][vc_column_text]<strong>Descripció de la ruta</strong></p>
<p>Organitzada pel club ciclista de Soses.</p>
<p>Sortida des de la Plaça Santiago Miret amb bicicletes direcció Utxesa, per visitar la finca més famosa de la floració Fruites Espax.</p>
<p>Durant el recorregut es passen per diferents tipus de camps florits i pel pantà d’Utxesa.</p>
<p>Es podran fer fotografies i gaudir de les famoses vistes del mar rosa.</p>
<p>No hi ha servei de lloguer de bicicletes.</p>
<p>S’oferirà fruita i refrigeri als assistents.</p>
<p>&nbsp;</p>
<p><strong>Distància Ruta: </strong>25-30 Km</p>
<p><strong>Durada: </strong>2-3h.</p>
<p><strong>Dia disponible: </strong>18 de març.</p>
<p><strong>Horaris:</strong> 9.00h.</p>
<p><strong>Tamany del grup per ruta:</strong> Il·limitat.</p>
<p><strong>Preus</strong></p>
<p>GRATUÏTA.[/vc_column_text][vc_empty_space height=&#8221;46px&#8221;]<a  itemprop="url" href="https://ca.wikiloc.com/rutes-btt/soses-utxesa-pels-fruiters-florits-123786184" target="_blank"  class="qbutton  center enlarge" style="">RUTA WIKILOC</a>[vc_empty_space height=&#8221;46px&#8221;][vc_separator type=&#8221;normal&#8221; color=&#8221;#000000&#8243;][vc_empty_space height=&#8221;46px&#8221;][vc_column_text]</p>
<h1 style="text-align: center;"><strong>Visita guiada al poblat Iber del Gebut &#8211; Soses.</strong></h1>
<p>[/vc_column_text][vc_empty_space height=&#8221;46px&#8221;][vc_column_text]<strong>Descripció de la visita</strong></p>
<p>Visita guiada pel grup d’investigació prehistòrica de la UDL i l’associació Amics del Gebut de Soses.</p>
<p>Arqueòlegs que han treballat en el jaciment ens expliquen de primera mà les troballes recents. Es tracta d’un jaciment  on s&#8217;han dut a terme diverses excavacions per tal de consolidar el jaciment, i a partir d&#8217;aquestes es pot afirmar que el poblat correspon als anys 650 i el 50 aC.</p>
<p>Actualment hi podem veure una sèrie d&#8217;habitatges de planta rectangular arrenglerats al llarg de dos carrers, enllosats amb pedres planes sense treballar, i una cisterna central. Antigament hi havia una mena de claveguera per a la recollida d&#8217;aigües, en l&#8217;actualitat molt degradada.</p>
<p>La part nord- oest presenta una petita elevació amb habitatges rectangulars, la qual podria formar una mena d&#8217;acròpolis. A la part oest es poden veure encara restes d&#8217;una fortificació feta amb pedres de grans dimensions.</p>
<p>Val a dir que el poblat encara no ha estat excavat en la seva totalitat, la qual cosa fa pensar que podria aportar molta més informació encara.</p>
<p>&nbsp;</p>
<p><strong>Distància Ruta: </strong>Està a 4,5Km de Soses, carretera de Soses a Aitona.</p>
<p><strong>Durada: </strong>1.30h.</p>
<p><strong>Dies disponibles: </strong>11, 12, 18 i 19  de març.</p>
<p><strong>Horaris:</strong> a les 10.00h.  i a les 12.00h.</p>
<p><strong>Tamany del grup per ruta:</strong> Il·limitat.</p>
<p><strong>Preus</strong></p>
<p>3€ per persona.[/vc_column_text][vc_empty_space height=&#8221;46px&#8221;]<a  itemprop="url" href="https://www.iter5.cat/inscripcions/formCursa.php?id=1841" target="_blank"  class="qbutton  center enlarge" style="">INSCRIU-TE A LA VISITA</a>[vc_empty_space height=&#8221;46px&#8221;][/vc_column][vc_column width=&#8221;1/6&#8243;][vc_empty_space height=&#8221;120px&#8221;][vc_column_text]</p>
<h6 style="text-align: right;"><strong>AJUNTAMENT</strong></h6>
<h6 style="text-align: right;"><strong>DE SOSES</strong></h6>
<p style="text-align: right;">Plaça Esglesia, 2</p>
<p style="text-align: right;">25181 Soses</p>
<p style="text-align: right;">Lleida</p>
<p>[/vc_column_text][vc_empty_space height=&#8221;40px&#8221;]<a  itemprop="url" href="https://www.soses.cat/" target="_blank"  class="qbutton  center enlarge" style="">WEB MUNICIPAL</a>[vc_empty_space height=&#8221;40px&#8221;][vc_separator type=&#8221;normal&#8221; color=&#8221;#000000&#8243;][vc_column_text]</p>
<h4 style="text-align: right;">Tel. 973 797  806</h4>
<p>[/vc_column_text][vc_empty_space height=&#8221;40px&#8221;][/vc_column][/vc_row][vc_row css_animation=&#8221;&#8221; row_type=&#8221;row&#8221; use_row_as_full_screen_section=&#8221;no&#8221; type=&#8221;full_width&#8221; angled_section=&#8221;no&#8221; text_align=&#8221;center&#8221; background_image_as_pattern=&#8221;without_pattern&#8221; z_index=&#8221;&#8221;][vc_column width=&#8221;1/6&#8243;][/vc_column][vc_column width=&#8221;2/3&#8243;][vc_separator type=&#8221;normal&#8221; color=&#8221;#000000&#8243;][vc_empty_space height=&#8221;46px&#8221;][vc_column_text]</p>
<h3 style="text-align: center;">Si tens qualsevol consulta contacta amb nosaltres.</h3>
<p>[/vc_column_text][vc_empty_space height=&#8221;46px&#8221;]<a  itemprop="url" href="https://lafloracio.cat/contacta-soses/" target="_self"  class="qbutton  center enlarge" style="">CONTACTA</a>[vc_empty_space height=&#8221;46px&#8221;][vc_separator type=&#8221;normal&#8221; color=&#8221;#000000&#8243;][vc_empty_space height=&#8221;46px&#8221;][vc_gallery type=&#8221;image_grid&#8221; images=&#8221;380,405,387,386,385,384,383,382,399&#8243; img_size=&#8221;200&#215;200&#8243; css_animation=&#8221;fadeIn&#8221; column_number=&#8221;3&#8243; grayscale=&#8221;no&#8221; images_space=&#8221;gallery_without_space&#8221;][vc_empty_space height=&#8221;60px&#8221;][/vc_column][vc_column width=&#8221;1/6&#8243;][/vc_column][/vc_row]</p>
</section>

<p>[vc_row css_animation=&#8221;&#8221; row_type=&#8221;row&#8221; use_row_as_full_screen_section=&#8221;no&#8221; type=&#8221;full_width&#8221; angled_section=&#8221;no&#8221; text_align=&#8221;left&#8221; background_image_as_pattern=&#8221;without_pattern&#8221;][vc_column width=&#8221;1/6&#8243;][/vc_column][vc_column width=&#8221;2/3&#8243;][vc_column_text] Soses en Flor. CAMPS FLORITS I MIRADOR DEL SEGRE DE SOSES Descobreix la bellesa dels camps florits de Soses. [/vc_column_text][vc_empty_space height=&#8221;46px&#8221;][vc_column_text]Descripció de la ruta Ruta que es pot fer durant tota la floració. Ruta que&#8230;</p>
