{"id":2826,"date":"2022-02-25T15:42:17","date_gmt":"2022-02-25T14:42:17","guid":{"rendered":"https:\/\/lafloracio.cat\/la-granja-descarp\/"},"modified":"2026-02-17T10:22:25","modified_gmt":"2026-02-17T09:22:25","slug":"la-granja-descarp","status":"publish","type":"page","link":"https:\/\/lafloracio.cat\/en\/la-granja-descarp\/","title":{"rendered":"La Granja d&#8217;Escarp"},"content":{"rendered":"<section class=\"wpb-content-wrapper\"><p>[vc_row css_animation=&#8221;&#8221; row_type=&#8221;row&#8221; use_row_as_full_screen_section=&#8221;no&#8221; type=&#8221;full_width&#8221; angled_section=&#8221;no&#8221; text_align=&#8221;left&#8221; background_image_as_pattern=&#8221;without_pattern&#8221;][vc_column width=&#8221;1\/6&#8243;][\/vc_column][vc_column width=&#8221;2\/3&#8243;][vc_column_text]<\/p>\n<h1 style=\"text-align: center;\">Ruta de la floraci\u00f3 a l&#8217;Aiguabarreig.<\/h1>\n<h3 style=\"text-align: center;\">La Floraci\u00f3 a Escarp!<\/h3>\n<p>[\/vc_column_text][vc_empty_space height=&#8221;46px&#8221;][vc_column_text]<strong>On som?<\/strong><\/p>\n<p>El municipi, de 977 habitants, es troba al sud-oest del Segri\u00e0 i limita amb la comarca aragonesa del Baix Cinca. Des del punt de vista geogr\u00e0fic, el terme municipal s\u2019encaixa a l\u2019epicentre de l\u2019aiguabarreig que formen els rius Segre i Cinca, just abans de trobar-se tamb\u00e9 amb el riu Ebre, ja al terme ve\u00ed de Mequinensa. La Granja d\u2019Escarp \u00e9s el municipi amb m\u00e9s superf\u00edcie dins l\u2019Espai Natural Protegit de l\u2019Aiguabarreig Segre-Cinca, incl\u00f2s dins la proposta catalana de Xarxa Natura 2000 i al Pla d\u2019Espais d\u2019Inter\u00e8s Natural.<\/p>\n<p>&nbsp;<\/p>\n<p><strong>Qu\u00e8 es pot veure?<\/strong><\/p>\n<p>Realitzarem una ruta circular en autob\u00fas per con\u00e8ixer els camps florits tan de l\u2019horta com del sec\u00e0 de La Granja d\u2019Escarp. Ruta guiada per la bi\u00f2loga local on descobrirem diferents varietats i t\u00e8cniques de plantaci\u00f3. Acabarem la ruta amb el tast de productes de proximitat. Possibilitat de fer el tast de productes en format pic-nic i fer-se fotografies entre els arbres florits.<\/p>\n<p>&nbsp;<\/p>\n<p>&nbsp;<\/p>\n<p><strong>Qu\u00e8 es pot\u00a0 aprendre?<\/strong><\/p>\n<p>Des del punt panor\u00e0mic que ens brinden els tossals que rodegen la poblaci\u00f3 descobrirem el patchwork de colors que es forma al meandre de l\u2019Aiguabarreig. Veurem diferents plantacions, varietats i t\u00e8cniques de cultiu.\u00a0 Recorrerem el sec\u00e0 i acabarem la ruta als camps de l\u2019horta.\u00a0 La visita es complementar\u00e0 coneixent el cam\u00ed Natural de l\u2019Aiguabarreig Segre-Cinca i el seu bosc de ribera.<\/p>\n<p>&nbsp;<\/p>\n<p><strong>Elements singulars del nostre patrimoni<\/strong><\/p>\n<p>Espai PEIN Aiguabarreig Segre-Cinca<\/p>\n<p>Passera de fusta del bosc de Sant Jaume<\/p>\n<p>Esgl\u00e9sia de Sant Jaume Ap\u00f2stol<\/p>\n<p>Cam\u00ed, ermita i cova de Sant Jaume<\/p>\n<p>Reial Monestir de Santa Maria d\u2019Escarp<\/p>\n<p>&nbsp;<\/p>\n<p><strong>Parades imprescindibles<\/strong><\/p>\n<p>Visites panor\u00e0miques des del Balc\u00f3 del Segre<\/p>\n<p>T\u00e8cniques de cultiu \u2013 Ametllers en espatllera<\/p>\n<p>Tast de productes de proximitat en format pic-nic entre arbres florits<\/p>\n<p>T\u00e8cniques de cultiu \u2013 Mas de Pedra &#8211; empelts<\/p>\n<p>Panor\u00e0mica presseguers Vall de Caveros<\/p>\n<p>Camps florits meandre del Segre<\/p>\n<p>Espai PEIN Aiguabarreig Segre-Cinca<\/p>\n<p>&nbsp;<\/p>\n<p><strong>Dist\u00e0ncia:<\/strong> 16Km<\/p>\n<p><strong>Durada de la ruta:<\/strong>\u00a02h<\/p>\n<p><strong>Tamany del grup per ruta:<\/strong> m\u00e0xim 40 persones.<\/p>\n<p><strong>D\u00edes disponibles: <\/strong>Diumenge 6 de mar\u00e7.<\/p>\n<p><strong>Horaris:<\/strong> 11:30h &#8211; 13:30h<\/p>\n<p><strong>Preus<\/strong><\/p>\n<p>12,00\u20ac per persona <em>(Inlcou tast de productes i obsequi)<\/em>[\/vc_column_text][vc_empty_space height=&#8221;23px&#8221;][vc_separator type=&#8221;normal&#8221; color=&#8221;#000000&#8243;][\/vc_column][vc_column width=&#8221;1\/6&#8243;][vc_empty_space height=&#8221;120px&#8221;][vc_column_text]<\/p>\n<h6 style=\"text-align: right;\">AJUNTAMENT<\/h6>\n<h6 style=\"text-align: right;\">DE LA GRANJA D\u2019ESCARP<\/h6>\n<p style=\"text-align: right;\">Pla\u00e7a Major, 3<\/p>\n<p style=\"text-align: right;\">25185 La Granja d\u2019Escarp<\/p>\n<p style=\"text-align: right;\">Lleida<\/p>\n<p>[\/vc_column_text][vc_separator type=&#8221;normal&#8221; color=&#8221;#000000&#8243;][vc_column_text]<\/p>\n<h5 style=\"text-align: right;\">Tel. 973 782 198<\/h5>\n<p>[\/vc_column_text][vc_empty_space height=&#8221;100px&#8221;][\/vc_column][\/vc_row][vc_row css_animation=&#8221;&#8221; row_type=&#8221;row&#8221; use_row_as_full_screen_section=&#8221;no&#8221; type=&#8221;full_width&#8221; angled_section=&#8221;no&#8221; text_align=&#8221;center&#8221; background_image_as_pattern=&#8221;without_pattern&#8221; z_index=&#8221;&#8221;][vc_column width=&#8221;1\/6&#8243;][\/vc_column][vc_column width=&#8221;2\/3&#8243;][vc_empty_space height=&#8221;46px&#8221;][vc_column_text]<\/p>\n<h3 style=\"text-align: center;\">Fes la teva reserva<\/h3>\n<p>[\/vc_column_text][vc_empty_space height=&#8221;46px&#8221;]<a  itemprop=\"url\" href=\"https:\/\/lafloracio.cat\/contacta-la-granja-escarp\/\" target=\"_self\"  class=\"qbutton  center enlarge\" style=\"color: #000000; \">RESERVA<\/a>[vc_empty_space height=&#8221;46px&#8221;][vc_separator type=&#8221;normal&#8221; color=&#8221;#000000&#8243;][vc_empty_space height=&#8221;46px&#8221;][vc_column_text]<\/p>\n<h3 style=\"text-align: center;\">Si tens qualsevol consulta contacta amb nosaltres.<\/h3>\n<p>[\/vc_column_text][vc_empty_space height=&#8221;46px&#8221;]<a  itemprop=\"url\" href=\"https:\/\/lafloracio.cat\/contacta-la-granja-escarp\/\" target=\"_self\"  class=\"qbutton  center enlarge\" style=\"color: #000000; \">CONTACTA<\/a>[vc_empty_space height=&#8221;60px&#8221;][vc_separator type=&#8221;normal&#8221; color=&#8221;#000000&#8243;][vc_empty_space height=&#8221;46px&#8221;][vc_gallery type=&#8221;image_grid&#8221; images=&#8221;553,557,303,551,301,299,296,298,295&#8243; img_size=&#8221;200&#215;200&#8243; css_animation=&#8221;fadeIn&#8221; column_number=&#8221;3&#8243; grayscale=&#8221;no&#8221; images_space=&#8221;gallery_without_space&#8221;][vc_empty_space height=&#8221;60px&#8221;][\/vc_column][vc_column width=&#8221;1\/6&#8243;][\/vc_column][vc_column][\/vc_column][\/vc_row]<\/p>\n<\/section>","protected":false},"excerpt":{"rendered":"<p>[vc_row css_animation=&#8221;&#8221; row_type=&#8221;row&#8221; use_row_as_full_screen_section=&#8221;no&#8221; type=&#8221;full_width&#8221; angled_section=&#8221;no&#8221; text_align=&#8221;left&#8221; background_image_as_pattern=&#8221;without_pattern&#8221;][vc_column width=&#8221;1\/6&#8243;][\/vc_column][vc_column width=&#8221;2\/3&#8243;][vc_column_text] Ruta de la floraci\u00f3 a l&#8217;Aiguabarreig. La Floraci\u00f3 a Escarp! [\/vc_column_text][vc_empty_space height=&#8221;46px&#8221;][vc_column_text]On som? El municipi, de 977 habitants, es troba al sud-oest del Segri\u00e0 i limita amb la comarca aragonesa del Baix Cinca. Des del&#8230;<\/p>\n","protected":false},"author":1,"featured_media":0,"parent":0,"menu_order":0,"comment_status":"closed","ping_status":"closed","template":"","meta":{"_monsterinsights_skip_tracking":false,"_monsterinsights_sitenote_active":false,"_monsterinsights_sitenote_note":"","_monsterinsights_sitenote_category":0,"footnotes":""},"class_list":["post-2826","page","type-page","status-publish","hentry"],"_links":{"self":[{"href":"https:\/\/lafloracio.cat\/en\/wp-json\/wp\/v2\/pages\/2826","targetHints":{"allow":["GET"]}}],"collection":[{"href":"https:\/\/lafloracio.cat\/en\/wp-json\/wp\/v2\/pages"}],"about":[{"href":"https:\/\/lafloracio.cat\/en\/wp-json\/wp\/v2\/types\/page"}],"author":[{"embeddable":true,"href":"https:\/\/lafloracio.cat\/en\/wp-json\/wp\/v2\/users\/1"}],"replies":[{"embeddable":true,"href":"https:\/\/lafloracio.cat\/en\/wp-json\/wp\/v2\/comments?post=2826"}],"version-history":[{"count":1,"href":"https:\/\/lafloracio.cat\/en\/wp-json\/wp\/v2\/pages\/2826\/revisions"}],"predecessor-version":[{"id":2848,"href":"https:\/\/lafloracio.cat\/en\/wp-json\/wp\/v2\/pages\/2826\/revisions\/2848"}],"wp:attachment":[{"href":"https:\/\/lafloracio.cat\/en\/wp-json\/wp\/v2\/media?parent=2826"}],"curies":[{"name":"wp","href":"https:\/\/api.w.org\/{rel}","templated":true}]}}

<section class="wpb-content-wrapper"><p>[vc_row css_animation=&#8221;&#8221; row_type=&#8221;row&#8221; use_row_as_full_screen_section=&#8221;no&#8221; type=&#8221;full_width&#8221; angled_section=&#8221;no&#8221; text_align=&#8221;left&#8221; background_image_as_pattern=&#8221;without_pattern&#8221;][vc_column width=&#8221;1/6&#8243;][/vc_column][vc_column width=&#8221;2/3&#8243;][vc_column_text]</p>
<h1 style="text-align: center;">Ruta de la floració a l&#8217;Aiguabarreig.</h1>
<h3 style="text-align: center;">La Floració a Escarp!</h3>
<p>[/vc_column_text][vc_empty_space height=&#8221;46px&#8221;][vc_column_text]<strong>On som?</strong></p>
<p>El municipi, de 977 habitants, es troba al sud-oest del Segrià i limita amb la comarca aragonesa del Baix Cinca. Des del punt de vista geogràfic, el terme municipal s’encaixa a l’epicentre de l’aiguabarreig que formen els rius Segre i Cinca, just abans de trobar-se també amb el riu Ebre, ja al terme veí de Mequinensa. La Granja d’Escarp és el municipi amb més superfície dins l’Espai Natural Protegit de l’Aiguabarreig Segre-Cinca, inclòs dins la proposta catalana de Xarxa Natura 2000 i al Pla d’Espais d’Interès Natural.</p>
<p>&nbsp;</p>
<p><strong>Què es pot veure?</strong></p>
<p>Realitzarem una ruta circular en autobús per conèixer els camps florits tan de l’horta com del secà de La Granja d’Escarp. Ruta guiada per la biòloga local on descobrirem diferents varietats i tècniques de plantació. Acabarem la ruta amb el tast de productes de proximitat. Possibilitat de fer el tast de productes en format pic-nic i fer-se fotografies entre els arbres florits.</p>
<p>&nbsp;</p>
<p>&nbsp;</p>
<p><strong>Què es pot  aprendre?</strong></p>
<p>Des del punt panoràmic que ens brinden els tossals que rodegen la població descobrirem el patchwork de colors que es forma al meandre de l’Aiguabarreig. Veurem diferents plantacions, varietats i tècniques de cultiu.  Recorrerem el secà i acabarem la ruta als camps de l’horta.  La visita es complementarà coneixent el camí Natural de l’Aiguabarreig Segre-Cinca i el seu bosc de ribera.</p>
<p>&nbsp;</p>
<p><strong>Elements singulars del nostre patrimoni</strong></p>
<p>Espai PEIN Aiguabarreig Segre-Cinca</p>
<p>Passera de fusta del bosc de Sant Jaume</p>
<p>Església de Sant Jaume Apòstol</p>
<p>Camí, ermita i cova de Sant Jaume</p>
<p>Reial Monestir de Santa Maria d’Escarp</p>
<p>&nbsp;</p>
<p><strong>Parades imprescindibles</strong></p>
<p>Visites panoràmiques des del Balcó del Segre</p>
<p>Tècniques de cultiu – Ametllers en espatllera</p>
<p>Tast de productes de proximitat en format pic-nic entre arbres florits</p>
<p>Tècniques de cultiu – Mas de Pedra &#8211; empelts</p>
<p>Panoràmica presseguers Vall de Caveros</p>
<p>Camps florits meandre del Segre</p>
<p>Espai PEIN Aiguabarreig Segre-Cinca</p>
<p>&nbsp;</p>
<p><strong>Distància:</strong> 16Km</p>
<p><strong>Durada de la ruta:</strong> 2h</p>
<p><strong>Tamany del grup per ruta:</strong> màxim 40 persones.</p>
<p><strong>Díes disponibles: </strong>Diumenge 6 de març.</p>
<p><strong>Horaris:</strong> 11:30h &#8211; 13:30h</p>
<p><strong>Preus</strong></p>
<p>12,00€ per persona <em>(Inlcou tast de productes i obsequi)</em>[/vc_column_text][vc_empty_space height=&#8221;23px&#8221;][vc_separator type=&#8221;normal&#8221; color=&#8221;#000000&#8243;][/vc_column][vc_column width=&#8221;1/6&#8243;][vc_empty_space height=&#8221;120px&#8221;][vc_column_text]</p>
<h6 style="text-align: right;">AJUNTAMENT</h6>
<h6 style="text-align: right;">DE LA GRANJA D’ESCARP</h6>
<p style="text-align: right;">Plaça Major, 3</p>
<p style="text-align: right;">25185 La Granja d’Escarp</p>
<p style="text-align: right;">Lleida</p>
<p>[/vc_column_text][vc_separator type=&#8221;normal&#8221; color=&#8221;#000000&#8243;][vc_column_text]</p>
<h5 style="text-align: right;">Tel. 973 782 198</h5>
<p>[/vc_column_text][vc_empty_space height=&#8221;100px&#8221;][/vc_column][/vc_row][vc_row css_animation=&#8221;&#8221; row_type=&#8221;row&#8221; use_row_as_full_screen_section=&#8221;no&#8221; type=&#8221;full_width&#8221; angled_section=&#8221;no&#8221; text_align=&#8221;center&#8221; background_image_as_pattern=&#8221;without_pattern&#8221; z_index=&#8221;&#8221;][vc_column width=&#8221;1/6&#8243;][/vc_column][vc_column width=&#8221;2/3&#8243;][vc_empty_space height=&#8221;46px&#8221;][vc_column_text]</p>
<h3 style="text-align: center;">Fes la teva reserva</h3>
<p>[/vc_column_text][vc_empty_space height=&#8221;46px&#8221;]<a  itemprop="url" href="https://lafloracio.cat/contacta-la-granja-escarp/" target="_self"  class="qbutton  center enlarge" style="color: #000000; ">RESERVA</a>[vc_empty_space height=&#8221;46px&#8221;][vc_separator type=&#8221;normal&#8221; color=&#8221;#000000&#8243;][vc_empty_space height=&#8221;46px&#8221;][vc_column_text]</p>
<h3 style="text-align: center;">Si tens qualsevol consulta contacta amb nosaltres.</h3>
<p>[/vc_column_text][vc_empty_space height=&#8221;46px&#8221;]<a  itemprop="url" href="https://lafloracio.cat/contacta-la-granja-escarp/" target="_self"  class="qbutton  center enlarge" style="color: #000000; ">CONTACTA</a>[vc_empty_space height=&#8221;60px&#8221;][vc_separator type=&#8221;normal&#8221; color=&#8221;#000000&#8243;][vc_empty_space height=&#8221;46px&#8221;][vc_gallery type=&#8221;image_grid&#8221; images=&#8221;553,557,303,551,301,299,296,298,295&#8243; img_size=&#8221;200&#215;200&#8243; css_animation=&#8221;fadeIn&#8221; column_number=&#8221;3&#8243; grayscale=&#8221;no&#8221; images_space=&#8221;gallery_without_space&#8221;][vc_empty_space height=&#8221;60px&#8221;][/vc_column][vc_column width=&#8221;1/6&#8243;][/vc_column][vc_column][/vc_column][/vc_row]</p>
</section>

<p>[vc_row css_animation=&#8221;&#8221; row_type=&#8221;row&#8221; use_row_as_full_screen_section=&#8221;no&#8221; type=&#8221;full_width&#8221; angled_section=&#8221;no&#8221; text_align=&#8221;left&#8221; background_image_as_pattern=&#8221;without_pattern&#8221;][vc_column width=&#8221;1/6&#8243;][/vc_column][vc_column width=&#8221;2/3&#8243;][vc_column_text] Ruta de la floració a l&#8217;Aiguabarreig. La Floració a Escarp! [/vc_column_text][vc_empty_space height=&#8221;46px&#8221;][vc_column_text]On som? El municipi, de 977 habitants, es troba al sud-oest del Segrià i limita amb la comarca aragonesa del Baix Cinca. Des del&#8230;</p>
