{"id":2656,"date":"2023-02-24T17:31:06","date_gmt":"2023-02-24T16:31:06","guid":{"rendered":"https:\/\/lafloracio.cat\/puigverd-de-lleida\/"},"modified":"2026-02-17T10:22:15","modified_gmt":"2026-02-17T09:22:15","slug":"puigverd-de-lleida","status":"publish","type":"page","link":"https:\/\/lafloracio.cat\/en\/puigverd-de-lleida\/","title":{"rendered":"Puigverd de Lleida"},"content":{"rendered":"<section class=\"wpb-content-wrapper\"><p>[vc_row css_animation=&#8221;&#8221; row_type=&#8221;row&#8221; use_row_as_full_screen_section=&#8221;no&#8221; type=&#8221;full_width&#8221; angled_section=&#8221;no&#8221; text_align=&#8221;left&#8221; background_image_as_pattern=&#8221;without_pattern&#8221;][vc_column width=&#8221;1\/6&#8243;][\/vc_column][vc_column width=&#8221;2\/3&#8243;][vc_column_text]<\/p>\n<h1 style=\"text-align: center;\"><strong>Floraci\u00f3 de la nostra Banqueta.<\/strong><\/h1>\n<p>[\/vc_column_text][vc_empty_space height=&#8221;46px&#8221;][vc_column_text]<strong>1er dia mat\u00ed: <\/strong><\/p>\n<p>Sortida de Puigverd de Lleida i recorregut per la banqueta del Canal d\u2019Urgell en direcci\u00f3 a Artesa de Lleida. La visita contempla con\u00e8ixer el territori i els valors que s\u2019hi relacionen, aix\u00ed com difondre la cura i cust\u00f2dia del territori, la vida de pag\u00e8s i els elements hist\u00f2rics m\u00e9s rellevants. Parades amb guia tur\u00edstic i explicaci\u00f3 dels principals elements patrimonials de la ruta (ponts de pedra, caselles, hist\u00f2ria del Canal d\u2019Urgell, salts d\u2019aigua i flora i fauna de la zona). Parada per esmorzar-punt d\u2019avituallament amb productes locals (a mig circu\u00eft). Parada final a un camp florit. Les explicacions es duran a terme a c\u00e0rrec de guies locals (Felip Niub\u00f3), regidor de Cultura i membre de l\u2019associaci\u00f3 L\u2019afany, entitat cultural Puigverd de Lleida i un pag\u00e8s del municipi. Parada final amb vermut i tast de can\u00e7ons, a c\u00e0rrec de Maria Altadill i David Prades.<\/p>\n<p>&nbsp;<\/p>\n<p><strong>On som?<\/strong><\/p>\n<p><strong>1r dia<\/strong> (diumenge mat\u00ed): De Puigverd de Lleida a Artesa de Lleida..<\/p>\n<p>&nbsp;<\/p>\n<p><strong>Qu\u00e8 hi veurem?<\/strong><\/p>\n<p><strong>1r dia mat\u00ed: <\/strong>El Canal d\u2019Urgell, la seva Banqueta arbrada i la floraci\u00f3 del terme.<\/p>\n<p>Ruta en BTT per la Serra de Puigverd de Lleida i Artesa de Lleida amb vistes panor\u00e0miques.<\/p>\n<p>&nbsp;<\/p>\n<p><strong>Qu\u00e8 es pot aprendre?<\/strong><\/p>\n<ul>\n<li>Cura i cust\u00f2dia pel territorio (Recollir la brossa del trajecte, etc.)<\/li>\n<li>Sensibilitzar sobre el canvi clim\u00e0tic i el m\u00f3n de la pagesia<\/li>\n<li>Fomentar el patrimonio cultural i natural<\/li>\n<li>Potenciar les relacions intergeneracionals, activitat familiar<\/li>\n<li>Dinamitzar i crear sinergias entre municipis<\/li>\n<li>Dinamitzar i ajudar als establiments i comer local (promoci\u00f3 econ\u00f2mia i tur\u00edstica)<\/li>\n<li>Fomentar l\u2019esport i h\u00e0bits saludables<\/li>\n<\/ul>\n<p>&nbsp;<\/p>\n<p><strong>Elements singulars del nostre patrimoni<\/strong><\/p>\n<p><strong>1r dia: <\/strong><\/p>\n<ul>\n<li>Canal d\u2019Urgell i Banqueta:<\/li>\n<li>M\u00f2duls<\/li>\n<li>Salts d\u2019aigua<\/li>\n<li>Ponts<\/li>\n<li>Ind\u00fastria entorn al canal<\/li>\n<li>Flora i fauna<\/li>\n<\/ul>\n<p>&nbsp;<\/p>\n<p><strong>Parades imprescindibles<\/strong><\/p>\n<p><strong>1r dia: <\/strong><\/p>\n<ul>\n<li>Canal d\u2019Urgell i Banqueta:<\/li>\n<li>M\u00f2duls<\/li>\n<li>Salts d\u2019aigua<\/li>\n<li>Ponts<\/li>\n<li>Ind\u00fastria entorn al canal<\/li>\n<li>Flora i fauna<\/li>\n<\/ul>\n<p>&nbsp;<\/p>\n<p><strong>Durada de la ruta:<\/strong> 3h<\/p>\n<p><strong>Tamany del grup per ruta:<\/strong> 100 persones per ruta.<\/p>\n<p><strong>Dies disponibles: <\/strong>Diumenge 12 de mar\u00e7.<\/p>\n<p><strong>Horaris:<\/strong><\/p>\n<p><strong>1r dia mat\u00ed:<\/strong> de 10.00h. a 13.00h.<\/p>\n<p><strong>Preus<\/strong><\/p>\n<p><strong>5\u20ac<\/strong> per persona.<\/p>\n<p>Nens fins a 10 anys gratu\u00eft.[\/vc_column_text][vc_empty_space height=&#8221;23px&#8221;]<a  itemprop=\"url\" href=\"https:\/\/ca.wikiloc.com\/rutes-senderisme\/ruta-de-la-floracio-diumenge-124028488\" target=\"_blank\"  class=\"qbutton  center enlarge\" style=\"\">RUTA DIUMENGE MAT\u00cd WIKILOC<\/a>[vc_empty_space height=&#8221;46px&#8221;][\/vc_column][vc_column width=&#8221;1\/6&#8243;][vc_empty_space height=&#8221;120px&#8221;][vc_column_text]<\/p>\n<h6 style=\"text-align: right;\">AJUNTAMENT<\/h6>\n<h6 style=\"text-align: right;\">PUIGVERD DE LLEIDA<\/h6>\n<p style=\"text-align: right;\">Pla\u00e7a Major, 7<\/p>\n<p style=\"text-align: right;\">25153 Puigverd de Lleida<\/p>\n<p style=\"text-align: right;\">Lleida<\/p>\n<p>[\/vc_column_text][vc_empty_space height=&#8221;46px&#8221;]<a  itemprop=\"url\" href=\"https:\/\/www.puigverdlleida.cat\/\" target=\"_blank\"  class=\"qbutton  center enlarge\" style=\"\">WEB MUNICIPAL<\/a>[vc_empty_space height=&#8221;46px&#8221;][vc_separator type=&#8221;normal&#8221; color=&#8221;#000000&#8243;][vc_column_text]<\/p>\n<h5 style=\"text-align: right;\">Tel. 973 167 011<\/h5>\n<p>[\/vc_column_text][vc_empty_space height=&#8221;46px&#8221;][\/vc_column][\/vc_row][vc_row css_animation=&#8221;&#8221; row_type=&#8221;row&#8221; use_row_as_full_screen_section=&#8221;no&#8221; type=&#8221;full_width&#8221; angled_section=&#8221;no&#8221; text_align=&#8221;center&#8221; background_image_as_pattern=&#8221;without_pattern&#8221; z_index=&#8221;&#8221;][vc_column width=&#8221;1\/6&#8243;][\/vc_column][vc_column width=&#8221;2\/3&#8243;][vc_separator type=&#8221;normal&#8221; color=&#8221;#000000&#8243;][vc_empty_space height=&#8221;46px&#8221;][vc_column_text]<\/p>\n<h3 style=\"text-align: center;\">Fes la teva reserva al tel\u00e8fon<\/h3>\n<p>&nbsp;<\/p>\n<h2 style=\"text-align: center;\">973 16 7 344<\/h2>\n<p>[\/vc_column_text][vc_empty_space height=&#8221;23px&#8221;][vc_column_text]<\/p>\n<h3 style=\"text-align: center;\">Tamb\u00e9\u00a0pots fer la reserva presencialment a la<\/h3>\n<p>&nbsp;<\/p>\n<h2 style=\"text-align: center;\">Biblioteca Renaixen\u00e7a<\/h2>\n<h4 style=\"text-align: center;\">Pla\u00e7a Major, 7<\/h4>\n<h4 style=\"text-align: center;\">25153 Puigverd de Lleida<\/h4>\n<h4 style=\"text-align: center;\">Horari: de dilluns a divendres de 16.30h. &#8211; 20.00h.<\/h4>\n<p>[\/vc_column_text][vc_empty_space height=&#8221;46px&#8221;][vc_separator type=&#8221;normal&#8221; color=&#8221;#000000&#8243;][vc_empty_space height=&#8221;46px&#8221;][vc_column_text]<\/p>\n<h3 style=\"text-align: center;\">Si tens qualsevol consulta contacta amb nosaltres.<\/h3>\n<p>[\/vc_column_text][vc_empty_space height=&#8221;46px&#8221;]<a  itemprop=\"url\" href=\"https:\/\/lafloracio.cat\/contacta-puigverd-de-lleida\/\" target=\"_self\"  class=\"qbutton  center enlarge\" style=\"\">CONTACTA<\/a>[vc_empty_space height=&#8221;46px&#8221;][vc_separator type=&#8221;normal&#8221; color=&#8221;#000000&#8243;][vc_empty_space height=&#8221;46px&#8221;][vc_gallery type=&#8221;image_grid&#8221; images=&#8221;1986,1984,2659&#8243; img_size=&#8221;200&#215;200&#8243; css_animation=&#8221;fadeIn&#8221; column_number=&#8221;3&#8243; grayscale=&#8221;no&#8221; images_space=&#8221;gallery_without_space&#8221;][vc_empty_space height=&#8221;60px&#8221;][\/vc_column][vc_column width=&#8221;1\/6&#8243;][\/vc_column][\/vc_row]<\/p>\n<\/section>","protected":false},"excerpt":{"rendered":"<p>[vc_row css_animation=&#8221;&#8221; row_type=&#8221;row&#8221; use_row_as_full_screen_section=&#8221;no&#8221; type=&#8221;full_width&#8221; angled_section=&#8221;no&#8221; text_align=&#8221;left&#8221; background_image_as_pattern=&#8221;without_pattern&#8221;][vc_column width=&#8221;1\/6&#8243;][\/vc_column][vc_column width=&#8221;2\/3&#8243;][vc_column_text] Floraci\u00f3 de la nostra Banqueta. [\/vc_column_text][vc_empty_space height=&#8221;46px&#8221;][vc_column_text]1er dia mat\u00ed: Sortida de Puigverd de Lleida i recorregut per la banqueta del Canal d\u2019Urgell en direcci\u00f3 a Artesa de Lleida. La visita contempla con\u00e8ixer el territori i&#8230;<\/p>\n","protected":false},"author":3,"featured_media":0,"parent":0,"menu_order":0,"comment_status":"closed","ping_status":"closed","template":"","meta":{"_monsterinsights_skip_tracking":false,"_monsterinsights_sitenote_active":false,"_monsterinsights_sitenote_note":"","_monsterinsights_sitenote_category":0,"footnotes":""},"class_list":["post-2656","page","type-page","status-publish","hentry"],"_links":{"self":[{"href":"https:\/\/lafloracio.cat\/en\/wp-json\/wp\/v2\/pages\/2656","targetHints":{"allow":["GET"]}}],"collection":[{"href":"https:\/\/lafloracio.cat\/en\/wp-json\/wp\/v2\/pages"}],"about":[{"href":"https:\/\/lafloracio.cat\/en\/wp-json\/wp\/v2\/types\/page"}],"author":[{"embeddable":true,"href":"https:\/\/lafloracio.cat\/en\/wp-json\/wp\/v2\/users\/3"}],"replies":[{"embeddable":true,"href":"https:\/\/lafloracio.cat\/en\/wp-json\/wp\/v2\/comments?post=2656"}],"version-history":[{"count":1,"href":"https:\/\/lafloracio.cat\/en\/wp-json\/wp\/v2\/pages\/2656\/revisions"}],"predecessor-version":[{"id":2668,"href":"https:\/\/lafloracio.cat\/en\/wp-json\/wp\/v2\/pages\/2656\/revisions\/2668"}],"wp:attachment":[{"href":"https:\/\/lafloracio.cat\/en\/wp-json\/wp\/v2\/media?parent=2656"}],"curies":[{"name":"wp","href":"https:\/\/api.w.org\/{rel}","templated":true}]}}

<section class="wpb-content-wrapper"><p>[vc_row css_animation=&#8221;&#8221; row_type=&#8221;row&#8221; use_row_as_full_screen_section=&#8221;no&#8221; type=&#8221;full_width&#8221; angled_section=&#8221;no&#8221; text_align=&#8221;left&#8221; background_image_as_pattern=&#8221;without_pattern&#8221;][vc_column width=&#8221;1/6&#8243;][/vc_column][vc_column width=&#8221;2/3&#8243;][vc_column_text]</p>
<h1 style="text-align: center;"><strong>Floració de la nostra Banqueta.</strong></h1>
<p>[/vc_column_text][vc_empty_space height=&#8221;46px&#8221;][vc_column_text]<strong>1er dia matí: </strong></p>
<p>Sortida de Puigverd de Lleida i recorregut per la banqueta del Canal d’Urgell en direcció a Artesa de Lleida. La visita contempla conèixer el territori i els valors que s’hi relacionen, així com difondre la cura i custòdia del territori, la vida de pagès i els elements històrics més rellevants. Parades amb guia turístic i explicació dels principals elements patrimonials de la ruta (ponts de pedra, caselles, història del Canal d’Urgell, salts d’aigua i flora i fauna de la zona). Parada per esmorzar-punt d’avituallament amb productes locals (a mig circuït). Parada final a un camp florit. Les explicacions es duran a terme a càrrec de guies locals (Felip Niubó), regidor de Cultura i membre de l’associació L’afany, entitat cultural Puigverd de Lleida i un pagès del municipi. Parada final amb vermut i tast de cançons, a càrrec de Maria Altadill i David Prades.</p>
<p>&nbsp;</p>
<p><strong>On som?</strong></p>
<p><strong>1r dia</strong> (diumenge matí): De Puigverd de Lleida a Artesa de Lleida..</p>
<p>&nbsp;</p>
<p><strong>Què hi veurem?</strong></p>
<p><strong>1r dia matí: </strong>El Canal d’Urgell, la seva Banqueta arbrada i la floració del terme.</p>
<p>Ruta en BTT per la Serra de Puigverd de Lleida i Artesa de Lleida amb vistes panoràmiques.</p>
<p>&nbsp;</p>
<p><strong>Què es pot aprendre?</strong></p>
<ul>
<li>Cura i custòdia pel territorio (Recollir la brossa del trajecte, etc.)</li>
<li>Sensibilitzar sobre el canvi climàtic i el món de la pagesia</li>
<li>Fomentar el patrimonio cultural i natural</li>
<li>Potenciar les relacions intergeneracionals, activitat familiar</li>
<li>Dinamitzar i crear sinergias entre municipis</li>
<li>Dinamitzar i ajudar als establiments i comer local (promoció econòmia i turística)</li>
<li>Fomentar l’esport i hàbits saludables</li>
</ul>
<p>&nbsp;</p>
<p><strong>Elements singulars del nostre patrimoni</strong></p>
<p><strong>1r dia: </strong></p>
<ul>
<li>Canal d’Urgell i Banqueta:</li>
<li>Mòduls</li>
<li>Salts d’aigua</li>
<li>Ponts</li>
<li>Indústria entorn al canal</li>
<li>Flora i fauna</li>
</ul>
<p>&nbsp;</p>
<p><strong>Parades imprescindibles</strong></p>
<p><strong>1r dia: </strong></p>
<ul>
<li>Canal d’Urgell i Banqueta:</li>
<li>Mòduls</li>
<li>Salts d’aigua</li>
<li>Ponts</li>
<li>Indústria entorn al canal</li>
<li>Flora i fauna</li>
</ul>
<p>&nbsp;</p>
<p><strong>Durada de la ruta:</strong> 3h</p>
<p><strong>Tamany del grup per ruta:</strong> 100 persones per ruta.</p>
<p><strong>Dies disponibles: </strong>Diumenge 12 de març.</p>
<p><strong>Horaris:</strong></p>
<p><strong>1r dia matí:</strong> de 10.00h. a 13.00h.</p>
<p><strong>Preus</strong></p>
<p><strong>5€</strong> per persona.</p>
<p>Nens fins a 10 anys gratuït.[/vc_column_text][vc_empty_space height=&#8221;23px&#8221;]<a  itemprop="url" href="https://ca.wikiloc.com/rutes-senderisme/ruta-de-la-floracio-diumenge-124028488" target="_blank"  class="qbutton  center enlarge" style="">RUTA DIUMENGE MATÍ WIKILOC</a>[vc_empty_space height=&#8221;46px&#8221;][/vc_column][vc_column width=&#8221;1/6&#8243;][vc_empty_space height=&#8221;120px&#8221;][vc_column_text]</p>
<h6 style="text-align: right;">AJUNTAMENT</h6>
<h6 style="text-align: right;">PUIGVERD DE LLEIDA</h6>
<p style="text-align: right;">Plaça Major, 7</p>
<p style="text-align: right;">25153 Puigverd de Lleida</p>
<p style="text-align: right;">Lleida</p>
<p>[/vc_column_text][vc_empty_space height=&#8221;46px&#8221;]<a  itemprop="url" href="https://www.puigverdlleida.cat/" target="_blank"  class="qbutton  center enlarge" style="">WEB MUNICIPAL</a>[vc_empty_space height=&#8221;46px&#8221;][vc_separator type=&#8221;normal&#8221; color=&#8221;#000000&#8243;][vc_column_text]</p>
<h5 style="text-align: right;">Tel. 973 167 011</h5>
<p>[/vc_column_text][vc_empty_space height=&#8221;46px&#8221;][/vc_column][/vc_row][vc_row css_animation=&#8221;&#8221; row_type=&#8221;row&#8221; use_row_as_full_screen_section=&#8221;no&#8221; type=&#8221;full_width&#8221; angled_section=&#8221;no&#8221; text_align=&#8221;center&#8221; background_image_as_pattern=&#8221;without_pattern&#8221; z_index=&#8221;&#8221;][vc_column width=&#8221;1/6&#8243;][/vc_column][vc_column width=&#8221;2/3&#8243;][vc_separator type=&#8221;normal&#8221; color=&#8221;#000000&#8243;][vc_empty_space height=&#8221;46px&#8221;][vc_column_text]</p>
<h3 style="text-align: center;">Fes la teva reserva al telèfon</h3>
<p>&nbsp;</p>
<h2 style="text-align: center;">973 16 7 344</h2>
<p>[/vc_column_text][vc_empty_space height=&#8221;23px&#8221;][vc_column_text]</p>
<h3 style="text-align: center;">També pots fer la reserva presencialment a la</h3>
<p>&nbsp;</p>
<h2 style="text-align: center;">Biblioteca Renaixença</h2>
<h4 style="text-align: center;">Plaça Major, 7</h4>
<h4 style="text-align: center;">25153 Puigverd de Lleida</h4>
<h4 style="text-align: center;">Horari: de dilluns a divendres de 16.30h. &#8211; 20.00h.</h4>
<p>[/vc_column_text][vc_empty_space height=&#8221;46px&#8221;][vc_separator type=&#8221;normal&#8221; color=&#8221;#000000&#8243;][vc_empty_space height=&#8221;46px&#8221;][vc_column_text]</p>
<h3 style="text-align: center;">Si tens qualsevol consulta contacta amb nosaltres.</h3>
<p>[/vc_column_text][vc_empty_space height=&#8221;46px&#8221;]<a  itemprop="url" href="https://lafloracio.cat/contacta-puigverd-de-lleida/" target="_self"  class="qbutton  center enlarge" style="">CONTACTA</a>[vc_empty_space height=&#8221;46px&#8221;][vc_separator type=&#8221;normal&#8221; color=&#8221;#000000&#8243;][vc_empty_space height=&#8221;46px&#8221;][vc_gallery type=&#8221;image_grid&#8221; images=&#8221;1986,1984,2659&#8243; img_size=&#8221;200&#215;200&#8243; css_animation=&#8221;fadeIn&#8221; column_number=&#8221;3&#8243; grayscale=&#8221;no&#8221; images_space=&#8221;gallery_without_space&#8221;][vc_empty_space height=&#8221;60px&#8221;][/vc_column][vc_column width=&#8221;1/6&#8243;][/vc_column][/vc_row]</p>
</section>

<p>[vc_row css_animation=&#8221;&#8221; row_type=&#8221;row&#8221; use_row_as_full_screen_section=&#8221;no&#8221; type=&#8221;full_width&#8221; angled_section=&#8221;no&#8221; text_align=&#8221;left&#8221; background_image_as_pattern=&#8221;without_pattern&#8221;][vc_column width=&#8221;1/6&#8243;][/vc_column][vc_column width=&#8221;2/3&#8243;][vc_column_text] Floració de la nostra Banqueta. [/vc_column_text][vc_empty_space height=&#8221;46px&#8221;][vc_column_text]1er dia matí: Sortida de Puigverd de Lleida i recorregut per la banqueta del Canal d’Urgell en direcció a Artesa de Lleida. La visita contempla conèixer el territori i&#8230;</p>
